{"id":724,"date":"2026-02-17T19:44:57","date_gmt":"2026-02-17T19:44:57","guid":{"rendered":"https:\/\/marcialiluminacion.es\/?post_type=product&#038;p=724"},"modified":"2026-02-21T10:31:36","modified_gmt":"2026-02-21T10:31:36","slug":"lampara-146","status":"publish","type":"product","link":"https:\/\/marcialiluminacion.es\/index.php\/producto\/lampara-146\/","title":{"rendered":"lampara 146"},"content":{"rendered":"","protected":false},"excerpt":{"rendered":"<p data-start=\"15\" data-end=\"271\">Es una <strong data-start=\"22\" data-end=\"74\">l\u00e1mpara colgante de estilo moderno y muy vistoso<\/strong>, con una presencia fuerte gracias al color. La <strong data-start=\"122\" data-end=\"183\">pantalla es de vidrio transl\u00facido en tono naranja intenso<\/strong>, con forma acampanada y l\u00edneas suaves, lo que le da un aire actual y elegante a la vez.<\/p>\n<p data-start=\"273\" data-end=\"514\">El vidrio brillante <strong data-start=\"293\" data-end=\"354\">filtra la luz creando una iluminaci\u00f3n c\u00e1lida y envolvente<\/strong>, ideal para generar ambiente sin deslumbrar. En la parte superior se aprecia el portal\u00e1mparas integrado dentro del propio vidrio, manteniendo un dise\u00f1o limpio.<\/p>\n<p data-start=\"516\" data-end=\"671\">El sistema de suspensi\u00f3n combina un <strong data-start=\"552\" data-end=\"585\">cable fino con forma ondulada<\/strong> y un <strong data-start=\"591\" data-end=\"618\">flor\u00f3n met\u00e1lico cromado<\/strong>, aportando ligereza visual y un toque contempor\u00e1neo.<\/p>\n<p data-start=\"673\" data-end=\"898\" data-is-last-node=\"\" data-is-only-node=\"\">Es perfecta para <strong data-start=\"690\" data-end=\"740\">cocinas, comedores, barras o espacios modernos<\/strong>, tanto como punto focal individual como en composici\u00f3n con varias l\u00e1mparas a distintas alturas. Aporta <strong data-start=\"844\" data-end=\"893\">color, personalidad y un punto muy decorativo<\/strong><\/p>\n","protected":false},"featured_media":253,"comment_status":"open","ping_status":"closed","template":"","meta":[],"product_brand":[],"product_cat":[15],"product_tag":[],"class_list":["post-724","product","type-product","status-publish","has-post-thumbnail","product_cat-sin-categorizar","first","instock","sale","shipping-taxable","purchasable","product-type-simple"],"yoast_head":"<!-- This site is optimized with the Yoast SEO plugin v27.2 - https:\/\/yoast.com\/product\/yoast-seo-wordpress\/ -->\n<title>lampara 146 -<\/title>\n<meta name=\"robots\" content=\"index, follow, max-snippet:-1, max-image-preview:large, max-video-preview:-1\" \/>\n<link rel=\"canonical\" href=\"https:\/\/marcialiluminacion.es\/index.php\/producto\/lampara-146\/\" \/>\n<meta property=\"og:locale\" content=\"es_ES\" \/>\n<meta property=\"og:type\" content=\"article\" \/>\n<meta property=\"og:title\" content=\"lampara 146 -\" \/>\n<meta property=\"og:description\" content=\"Es una l\u00e1mpara colgante de estilo moderno y muy vistoso, con una presencia fuerte gracias al color. La pantalla es de vidrio transl\u00facido en tono naranja intenso, con forma acampanada y l\u00edneas suaves, lo que le da un aire actual y elegante a la vez.  El vidrio brillante filtra la luz creando una iluminaci\u00f3n c\u00e1lida y envolvente, ideal para generar ambiente sin deslumbrar. En la parte superior se aprecia el portal\u00e1mparas integrado dentro del propio vidrio, manteniendo un dise\u00f1o limpio.  El sistema de suspensi\u00f3n combina un cable fino con forma ondulada y un flor\u00f3n met\u00e1lico cromado, aportando ligereza visual y un toque contempor\u00e1neo.  Es perfecta para cocinas, comedores, barras o espacios modernos, tanto como punto focal individual como en composici\u00f3n con varias l\u00e1mparas a distintas alturas. Aporta color, personalidad y un punto muy decorativo\" \/>\n<meta property=\"og:url\" content=\"https:\/\/marcialiluminacion.es\/index.php\/producto\/lampara-146\/\" \/>\n<meta property=\"article:modified_time\" content=\"2026-02-21T10:31:36+00:00\" \/>\n<meta name=\"twitter:card\" content=\"summary_large_image\" \/>\n<script type=\"application\/ld+json\" class=\"yoast-schema-graph\">{\"@context\":\"https:\/\/schema.org\",\"@graph\":[{\"@type\":\"WebPage\",\"@id\":\"https:\/\/marcialiluminacion.es\/index.php\/producto\/lampara-146\/\",\"url\":\"https:\/\/marcialiluminacion.es\/index.php\/producto\/lampara-146\/\",\"name\":\"lampara 146 -\",\"isPartOf\":{\"@id\":\"https:\/\/marcialiluminacion.es\/#website\"},\"primaryImageOfPage\":{\"@id\":\"https:\/\/marcialiluminacion.es\/index.php\/producto\/lampara-146\/#primaryimage\"},\"image\":{\"@id\":\"https:\/\/marcialiluminacion.es\/index.php\/producto\/lampara-146\/#primaryimage\"},\"thumbnailUrl\":\"https:\/\/marcialiluminacion.es\/wp-content\/uploads\/2026\/01\/20-61.jpg\",\"datePublished\":\"2026-02-17T19:44:57+00:00\",\"dateModified\":\"2026-02-21T10:31:36+00:00\",\"breadcrumb\":{\"@id\":\"https:\/\/marcialiluminacion.es\/index.php\/producto\/lampara-146\/#breadcrumb\"},\"inLanguage\":\"es\",\"potentialAction\":[{\"@type\":\"ReadAction\",\"target\":[\"https:\/\/marcialiluminacion.es\/index.php\/producto\/lampara-146\/\"]}]},{\"@type\":\"ImageObject\",\"inLanguage\":\"es\",\"@id\":\"https:\/\/marcialiluminacion.es\/index.php\/producto\/lampara-146\/#primaryimage\",\"url\":\"https:\/\/marcialiluminacion.es\/wp-content\/uploads\/2026\/01\/20-61.jpg\",\"contentUrl\":\"https:\/\/marcialiluminacion.es\/wp-content\/uploads\/2026\/01\/20-61.jpg\",\"width\":750,\"height\":1000},{\"@type\":\"BreadcrumbList\",\"@id\":\"https:\/\/marcialiluminacion.es\/index.php\/producto\/lampara-146\/#breadcrumb\",\"itemListElement\":[{\"@type\":\"ListItem\",\"position\":1,\"name\":\"Portada\",\"item\":\"https:\/\/marcialiluminacion.es\/\"},{\"@type\":\"ListItem\",\"position\":2,\"name\":\"Tienda\",\"item\":\"https:\/\/marcialiluminacion.es\/index.php\/tienda\/\"},{\"@type\":\"ListItem\",\"position\":3,\"name\":\"lampara 146\"}]},{\"@type\":\"WebSite\",\"@id\":\"https:\/\/marcialiluminacion.es\/#website\",\"url\":\"https:\/\/marcialiluminacion.es\/\",\"name\":\"\",\"description\":\"\",\"potentialAction\":[{\"@type\":\"SearchAction\",\"target\":{\"@type\":\"EntryPoint\",\"urlTemplate\":\"https:\/\/marcialiluminacion.es\/?s={search_term_string}\"},\"query-input\":{\"@type\":\"PropertyValueSpecification\",\"valueRequired\":true,\"valueName\":\"search_term_string\"}}],\"inLanguage\":\"es\"}]}<\/script>\n<!-- \/ Yoast SEO plugin. -->","yoast_head_json":{"title":"lampara 146 -","robots":{"index":"index","follow":"follow","max-snippet":"max-snippet:-1","max-image-preview":"max-image-preview:large","max-video-preview":"max-video-preview:-1"},"canonical":"https:\/\/marcialiluminacion.es\/index.php\/producto\/lampara-146\/","og_locale":"es_ES","og_type":"article","og_title":"lampara 146 -","og_description":"Es una l\u00e1mpara colgante de estilo moderno y muy vistoso, con una presencia fuerte gracias al color. La pantalla es de vidrio transl\u00facido en tono naranja intenso, con forma acampanada y l\u00edneas suaves, lo que le da un aire actual y elegante a la vez.  El vidrio brillante filtra la luz creando una iluminaci\u00f3n c\u00e1lida y envolvente, ideal para generar ambiente sin deslumbrar. En la parte superior se aprecia el portal\u00e1mparas integrado dentro del propio vidrio, manteniendo un dise\u00f1o limpio.  El sistema de suspensi\u00f3n combina un cable fino con forma ondulada y un flor\u00f3n met\u00e1lico cromado, aportando ligereza visual y un toque contempor\u00e1neo.  Es perfecta para cocinas, comedores, barras o espacios modernos, tanto como punto focal individual como en composici\u00f3n con varias l\u00e1mparas a distintas alturas. Aporta color, personalidad y un punto muy decorativo","og_url":"https:\/\/marcialiluminacion.es\/index.php\/producto\/lampara-146\/","article_modified_time":"2026-02-21T10:31:36+00:00","twitter_card":"summary_large_image","schema":{"@context":"https:\/\/schema.org","@graph":[{"@type":"WebPage","@id":"https:\/\/marcialiluminacion.es\/index.php\/producto\/lampara-146\/","url":"https:\/\/marcialiluminacion.es\/index.php\/producto\/lampara-146\/","name":"lampara 146 -","isPartOf":{"@id":"https:\/\/marcialiluminacion.es\/#website"},"primaryImageOfPage":{"@id":"https:\/\/marcialiluminacion.es\/index.php\/producto\/lampara-146\/#primaryimage"},"image":{"@id":"https:\/\/marcialiluminacion.es\/index.php\/producto\/lampara-146\/#primaryimage"},"thumbnailUrl":"https:\/\/marcialiluminacion.es\/wp-content\/uploads\/2026\/01\/20-61.jpg","datePublished":"2026-02-17T19:44:57+00:00","dateModified":"2026-02-21T10:31:36+00:00","breadcrumb":{"@id":"https:\/\/marcialiluminacion.es\/index.php\/producto\/lampara-146\/#breadcrumb"},"inLanguage":"es","potentialAction":[{"@type":"ReadAction","target":["https:\/\/marcialiluminacion.es\/index.php\/producto\/lampara-146\/"]}]},{"@type":"ImageObject","inLanguage":"es","@id":"https:\/\/marcialiluminacion.es\/index.php\/producto\/lampara-146\/#primaryimage","url":"https:\/\/marcialiluminacion.es\/wp-content\/uploads\/2026\/01\/20-61.jpg","contentUrl":"https:\/\/marcialiluminacion.es\/wp-content\/uploads\/2026\/01\/20-61.jpg","width":750,"height":1000},{"@type":"BreadcrumbList","@id":"https:\/\/marcialiluminacion.es\/index.php\/producto\/lampara-146\/#breadcrumb","itemListElement":[{"@type":"ListItem","position":1,"name":"Portada","item":"https:\/\/marcialiluminacion.es\/"},{"@type":"ListItem","position":2,"name":"Tienda","item":"https:\/\/marcialiluminacion.es\/index.php\/tienda\/"},{"@type":"ListItem","position":3,"name":"lampara 146"}]},{"@type":"WebSite","@id":"https:\/\/marcialiluminacion.es\/#website","url":"https:\/\/marcialiluminacion.es\/","name":"","description":"","potentialAction":[{"@type":"SearchAction","target":{"@type":"EntryPoint","urlTemplate":"https:\/\/marcialiluminacion.es\/?s={search_term_string}"},"query-input":{"@type":"PropertyValueSpecification","valueRequired":true,"valueName":"search_term_string"}}],"inLanguage":"es"}]}},"_links":{"self":[{"href":"https:\/\/marcialiluminacion.es\/index.php\/wp-json\/wp\/v2\/product\/724","targetHints":{"allow":["GET"]}}],"collection":[{"href":"https:\/\/marcialiluminacion.es\/index.php\/wp-json\/wp\/v2\/product"}],"about":[{"href":"https:\/\/marcialiluminacion.es\/index.php\/wp-json\/wp\/v2\/types\/product"}],"replies":[{"embeddable":true,"href":"https:\/\/marcialiluminacion.es\/index.php\/wp-json\/wp\/v2\/comments?post=724"}],"wp:featuredmedia":[{"embeddable":true,"href":"https:\/\/marcialiluminacion.es\/index.php\/wp-json\/wp\/v2\/media\/253"}],"wp:attachment":[{"href":"https:\/\/marcialiluminacion.es\/index.php\/wp-json\/wp\/v2\/media?parent=724"}],"wp:term":[{"taxonomy":"product_brand","embeddable":true,"href":"https:\/\/marcialiluminacion.es\/index.php\/wp-json\/wp\/v2\/product_brand?post=724"},{"taxonomy":"product_cat","embeddable":true,"href":"https:\/\/marcialiluminacion.es\/index.php\/wp-json\/wp\/v2\/product_cat?post=724"},{"taxonomy":"product_tag","embeddable":true,"href":"https:\/\/marcialiluminacion.es\/index.php\/wp-json\/wp\/v2\/product_tag?post=724"}],"curies":[{"name":"wp","href":"https:\/\/api.w.org\/{rel}","templated":true}]}}

<p data-start="15" data-end="271">Es una <strong data-start="22" data-end="74">lámpara colgante de estilo moderno y muy vistoso</strong>, con una presencia fuerte gracias al color. La <strong data-start="122" data-end="183">pantalla es de vidrio translúcido en tono naranja intenso</strong>, con forma acampanada y líneas suaves, lo que le da un aire actual y elegante a la vez.</p>
<p data-start="273" data-end="514">El vidrio brillante <strong data-start="293" data-end="354">filtra la luz creando una iluminación cálida y envolvente</strong>, ideal para generar ambiente sin deslumbrar. En la parte superior se aprecia el portalámparas integrado dentro del propio vidrio, manteniendo un diseño limpio.</p>
<p data-start="516" data-end="671">El sistema de suspensión combina un <strong data-start="552" data-end="585">cable fino con forma ondulada</strong> y un <strong data-start="591" data-end="618">florón metálico cromado</strong>, aportando ligereza visual y un toque contemporáneo.</p>
<p data-start="673" data-end="898" data-is-last-node="" data-is-only-node="">Es perfecta para <strong data-start="690" data-end="740">cocinas, comedores, barras o espacios modernos</strong>, tanto como punto focal individual como en composición con varias lámparas a distintas alturas. Aporta <strong data-start="844" data-end="893">color, personalidad y un punto muy decorativo</strong></p>

<!-- This site is optimized with the Yoast SEO plugin v27.2 - https://yoast.com/product/yoast-seo-wordpress/ -->
<title>lampara 146 -</title>
<meta name="robots" content="index, follow, max-snippet:-1, max-image-preview:large, max-video-preview:-1" />
<link rel="canonical" href="https://marcialiluminacion.es/index.php/producto/lampara-146/" />
<meta property="og:locale" content="es_ES" />
<meta property="og:type" content="article" />
<meta property="og:title" content="lampara 146 -" />
<meta property="og:description" content="Es una lámpara colgante de estilo moderno y muy vistoso, con una presencia fuerte gracias al color. La pantalla es de vidrio translúcido en tono naranja intenso, con forma acampanada y líneas suaves, lo que le da un aire actual y elegante a la vez.  El vidrio brillante filtra la luz creando una iluminación cálida y envolvente, ideal para generar ambiente sin deslumbrar. En la parte superior se aprecia el portalámparas integrado dentro del propio vidrio, manteniendo un diseño limpio.  El sistema de suspensión combina un cable fino con forma ondulada y un florón metálico cromado, aportando ligereza visual y un toque contemporáneo.  Es perfecta para cocinas, comedores, barras o espacios modernos, tanto como punto focal individual como en composición con varias lámparas a distintas alturas. Aporta color, personalidad y un punto muy decorativo" />
<meta property="og:url" content="https://marcialiluminacion.es/index.php/producto/lampara-146/" />
<meta property="article:modified_time" content="2026-02-21T10:31:36+00:00" />
<meta name="twitter:card" content="summary_large_image" />
<script type="application/ld+json" class="yoast-schema-graph">{"@context":"https://schema.org","@graph":[{"@type":"WebPage","@id":"https://marcialiluminacion.es/index.php/producto/lampara-146/","url":"https://marcialiluminacion.es/index.php/producto/lampara-146/","name":"lampara 146 -","isPartOf":{"@id":"https://marcialiluminacion.es/#website"},"primaryImageOfPage":{"@id":"https://marcialiluminacion.es/index.php/producto/lampara-146/#primaryimage"},"image":{"@id":"https://marcialiluminacion.es/index.php/producto/lampara-146/#primaryimage"},"thumbnailUrl":"https://marcialiluminacion.es/wp-content/uploads/2026/01/20-61.jpg","datePublished":"2026-02-17T19:44:57+00:00","dateModified":"2026-02-21T10:31:36+00:00","breadcrumb":{"@id":"https://marcialiluminacion.es/index.php/producto/lampara-146/#breadcrumb"},"inLanguage":"es","potentialAction":[{"@type":"ReadAction","target":["https://marcialiluminacion.es/index.php/producto/lampara-146/"]}]},{"@type":"ImageObject","inLanguage":"es","@id":"https://marcialiluminacion.es/index.php/producto/lampara-146/#primaryimage","url":"https://marcialiluminacion.es/wp-content/uploads/2026/01/20-61.jpg","contentUrl":"https://marcialiluminacion.es/wp-content/uploads/2026/01/20-61.jpg","width":750,"height":1000},{"@type":"BreadcrumbList","@id":"https://marcialiluminacion.es/index.php/producto/lampara-146/#breadcrumb","itemListElement":[{"@type":"ListItem","position":1,"name":"Portada","item":"https://marcialiluminacion.es/"},{"@type":"ListItem","position":2,"name":"Tienda","item":"https://marcialiluminacion.es/index.php/tienda/"},{"@type":"ListItem","position":3,"name":"lampara 146"}]},{"@type":"WebSite","@id":"https://marcialiluminacion.es/#website","url":"https://marcialiluminacion.es/","name":"","description":"","potentialAction":[{"@type":"SearchAction","target":{"@type":"EntryPoint","urlTemplate":"https://marcialiluminacion.es/?s={search_term_string}"},"query-input":{"@type":"PropertyValueSpecification","valueRequired":true,"valueName":"search_term_string"}}],"inLanguage":"es"}]}</script>
<!-- / Yoast SEO plugin. -->

Es una lámpara colgante de estilo moderno y muy vistoso, con una presencia fuerte gracias al color. La pantalla es de vidrio translúcido en tono naranja intenso, con forma acampanada y líneas suaves, lo que le da un aire actual y elegante a la vez.  El vidrio brillante filtra la luz creando una iluminación cálida y envolvente, ideal para generar ambiente sin deslumbrar. En la parte superior se aprecia el portalámparas integrado dentro del propio vidrio, manteniendo un diseño limpio.  El sistema de suspensión combina un cable fino con forma ondulada y un florón metálico cromado, aportando ligereza visual y un toque contemporáneo.  Es perfecta para cocinas, comedores, barras o espacios modernos, tanto como punto focal individual como en composición con varias lámparas a distintas alturas. Aporta color, personalidad y un punto muy decorativo
