{"id":720,"date":"2026-02-17T19:44:56","date_gmt":"2026-02-17T19:44:56","guid":{"rendered":"https:\/\/marcialiluminacion.es\/?post_type=product&#038;p=720"},"modified":"2026-02-21T10:31:36","modified_gmt":"2026-02-21T10:31:36","slug":"lampara-142","status":"publish","type":"product","link":"https:\/\/marcialiluminacion.es\/index.php\/producto\/lampara-142\/","title":{"rendered":"lampara 142"},"content":{"rendered":"","protected":false},"excerpt":{"rendered":"<p data-start=\"0\" data-end=\"95\">Es una <strong data-start=\"7\" data-end=\"57\">l\u00e1mpara colgante de dise\u00f1o moderno y llamativo<\/strong>, con un claro protagonismo del color.<\/p>\n<p data-start=\"97\" data-end=\"389\">Presenta una <strong data-start=\"110\" data-end=\"165\">pantalla esf\u00e9rica de vidrio en color rojo brillante<\/strong>, decorada con <strong data-start=\"180\" data-end=\"217\">finas l\u00edneas curvas en tono claro<\/strong> que recorren la superficie y aportan dinamismo y un efecto visual elegante. El acabado es <strong data-start=\"308\" data-end=\"328\">liso y brillante<\/strong>, lo que realza el color y refleja la luz de forma atractiva.<\/p>\n<p data-start=\"391\" data-end=\"538\">El conjunto se completa con un <strong data-start=\"422\" data-end=\"484\">flor\u00f3n met\u00e1lico y cable curvado en acabado n\u00edquel satinado<\/strong>, que a\u00f1ade un toque contempor\u00e1neo y ligero al dise\u00f1o.<\/p>\n<p data-start=\"540\" data-end=\"775\" data-is-last-node=\"\" data-is-only-node=\"\">Esta l\u00e1mpara es ideal para <strong data-start=\"567\" data-end=\"615\">salones, comedores, cocinas o zonas de barra<\/strong>, especialmente en espacios modernos o de estilo actual, donde se busque una <strong data-start=\"692\" data-end=\"725\">pieza decorativa con car\u00e1cter<\/strong> que aporte color y personalidad al ambiente.<\/p>\n","protected":false},"featured_media":250,"comment_status":"open","ping_status":"closed","template":"","meta":[],"product_brand":[],"product_cat":[15],"product_tag":[],"class_list":["post-720","product","type-product","status-publish","has-post-thumbnail","product_cat-sin-categorizar","first","instock","sale","shipping-taxable","purchasable","product-type-simple"],"yoast_head":"<!-- This site is optimized with the Yoast SEO plugin v27.2 - https:\/\/yoast.com\/product\/yoast-seo-wordpress\/ -->\n<title>lampara 142 -<\/title>\n<meta name=\"robots\" content=\"index, follow, max-snippet:-1, max-image-preview:large, max-video-preview:-1\" \/>\n<link rel=\"canonical\" href=\"https:\/\/marcialiluminacion.es\/index.php\/producto\/lampara-142\/\" \/>\n<meta property=\"og:locale\" content=\"es_ES\" \/>\n<meta property=\"og:type\" content=\"article\" \/>\n<meta property=\"og:title\" content=\"lampara 142 -\" \/>\n<meta property=\"og:description\" content=\"Es una l\u00e1mpara colgante de dise\u00f1o moderno y llamativo, con un claro protagonismo del color.  Presenta una pantalla esf\u00e9rica de vidrio en color rojo brillante, decorada con finas l\u00edneas curvas en tono claro que recorren la superficie y aportan dinamismo y un efecto visual elegante. El acabado es liso y brillante, lo que realza el color y refleja la luz de forma atractiva.  El conjunto se completa con un flor\u00f3n met\u00e1lico y cable curvado en acabado n\u00edquel satinado, que a\u00f1ade un toque contempor\u00e1neo y ligero al dise\u00f1o.  Esta l\u00e1mpara es ideal para salones, comedores, cocinas o zonas de barra, especialmente en espacios modernos o de estilo actual, donde se busque una pieza decorativa con car\u00e1cter que aporte color y personalidad al ambiente.\" \/>\n<meta property=\"og:url\" content=\"https:\/\/marcialiluminacion.es\/index.php\/producto\/lampara-142\/\" \/>\n<meta property=\"article:modified_time\" content=\"2026-02-21T10:31:36+00:00\" \/>\n<meta name=\"twitter:card\" content=\"summary_large_image\" \/>\n<script type=\"application\/ld+json\" class=\"yoast-schema-graph\">{\"@context\":\"https:\/\/schema.org\",\"@graph\":[{\"@type\":\"WebPage\",\"@id\":\"https:\/\/marcialiluminacion.es\/index.php\/producto\/lampara-142\/\",\"url\":\"https:\/\/marcialiluminacion.es\/index.php\/producto\/lampara-142\/\",\"name\":\"lampara 142 -\",\"isPartOf\":{\"@id\":\"https:\/\/marcialiluminacion.es\/#website\"},\"primaryImageOfPage\":{\"@id\":\"https:\/\/marcialiluminacion.es\/index.php\/producto\/lampara-142\/#primaryimage\"},\"image\":{\"@id\":\"https:\/\/marcialiluminacion.es\/index.php\/producto\/lampara-142\/#primaryimage\"},\"thumbnailUrl\":\"https:\/\/marcialiluminacion.es\/wp-content\/uploads\/2026\/01\/20-58.jpg\",\"datePublished\":\"2026-02-17T19:44:56+00:00\",\"dateModified\":\"2026-02-21T10:31:36+00:00\",\"breadcrumb\":{\"@id\":\"https:\/\/marcialiluminacion.es\/index.php\/producto\/lampara-142\/#breadcrumb\"},\"inLanguage\":\"es\",\"potentialAction\":[{\"@type\":\"ReadAction\",\"target\":[\"https:\/\/marcialiluminacion.es\/index.php\/producto\/lampara-142\/\"]}]},{\"@type\":\"ImageObject\",\"inLanguage\":\"es\",\"@id\":\"https:\/\/marcialiluminacion.es\/index.php\/producto\/lampara-142\/#primaryimage\",\"url\":\"https:\/\/marcialiluminacion.es\/wp-content\/uploads\/2026\/01\/20-58.jpg\",\"contentUrl\":\"https:\/\/marcialiluminacion.es\/wp-content\/uploads\/2026\/01\/20-58.jpg\",\"width\":750,\"height\":1000},{\"@type\":\"BreadcrumbList\",\"@id\":\"https:\/\/marcialiluminacion.es\/index.php\/producto\/lampara-142\/#breadcrumb\",\"itemListElement\":[{\"@type\":\"ListItem\",\"position\":1,\"name\":\"Portada\",\"item\":\"https:\/\/marcialiluminacion.es\/\"},{\"@type\":\"ListItem\",\"position\":2,\"name\":\"Tienda\",\"item\":\"https:\/\/marcialiluminacion.es\/index.php\/tienda\/\"},{\"@type\":\"ListItem\",\"position\":3,\"name\":\"lampara 142\"}]},{\"@type\":\"WebSite\",\"@id\":\"https:\/\/marcialiluminacion.es\/#website\",\"url\":\"https:\/\/marcialiluminacion.es\/\",\"name\":\"\",\"description\":\"\",\"potentialAction\":[{\"@type\":\"SearchAction\",\"target\":{\"@type\":\"EntryPoint\",\"urlTemplate\":\"https:\/\/marcialiluminacion.es\/?s={search_term_string}\"},\"query-input\":{\"@type\":\"PropertyValueSpecification\",\"valueRequired\":true,\"valueName\":\"search_term_string\"}}],\"inLanguage\":\"es\"}]}<\/script>\n<!-- \/ Yoast SEO plugin. -->","yoast_head_json":{"title":"lampara 142 -","robots":{"index":"index","follow":"follow","max-snippet":"max-snippet:-1","max-image-preview":"max-image-preview:large","max-video-preview":"max-video-preview:-1"},"canonical":"https:\/\/marcialiluminacion.es\/index.php\/producto\/lampara-142\/","og_locale":"es_ES","og_type":"article","og_title":"lampara 142 -","og_description":"Es una l\u00e1mpara colgante de dise\u00f1o moderno y llamativo, con un claro protagonismo del color.  Presenta una pantalla esf\u00e9rica de vidrio en color rojo brillante, decorada con finas l\u00edneas curvas en tono claro que recorren la superficie y aportan dinamismo y un efecto visual elegante. El acabado es liso y brillante, lo que realza el color y refleja la luz de forma atractiva.  El conjunto se completa con un flor\u00f3n met\u00e1lico y cable curvado en acabado n\u00edquel satinado, que a\u00f1ade un toque contempor\u00e1neo y ligero al dise\u00f1o.  Esta l\u00e1mpara es ideal para salones, comedores, cocinas o zonas de barra, especialmente en espacios modernos o de estilo actual, donde se busque una pieza decorativa con car\u00e1cter que aporte color y personalidad al ambiente.","og_url":"https:\/\/marcialiluminacion.es\/index.php\/producto\/lampara-142\/","article_modified_time":"2026-02-21T10:31:36+00:00","twitter_card":"summary_large_image","schema":{"@context":"https:\/\/schema.org","@graph":[{"@type":"WebPage","@id":"https:\/\/marcialiluminacion.es\/index.php\/producto\/lampara-142\/","url":"https:\/\/marcialiluminacion.es\/index.php\/producto\/lampara-142\/","name":"lampara 142 -","isPartOf":{"@id":"https:\/\/marcialiluminacion.es\/#website"},"primaryImageOfPage":{"@id":"https:\/\/marcialiluminacion.es\/index.php\/producto\/lampara-142\/#primaryimage"},"image":{"@id":"https:\/\/marcialiluminacion.es\/index.php\/producto\/lampara-142\/#primaryimage"},"thumbnailUrl":"https:\/\/marcialiluminacion.es\/wp-content\/uploads\/2026\/01\/20-58.jpg","datePublished":"2026-02-17T19:44:56+00:00","dateModified":"2026-02-21T10:31:36+00:00","breadcrumb":{"@id":"https:\/\/marcialiluminacion.es\/index.php\/producto\/lampara-142\/#breadcrumb"},"inLanguage":"es","potentialAction":[{"@type":"ReadAction","target":["https:\/\/marcialiluminacion.es\/index.php\/producto\/lampara-142\/"]}]},{"@type":"ImageObject","inLanguage":"es","@id":"https:\/\/marcialiluminacion.es\/index.php\/producto\/lampara-142\/#primaryimage","url":"https:\/\/marcialiluminacion.es\/wp-content\/uploads\/2026\/01\/20-58.jpg","contentUrl":"https:\/\/marcialiluminacion.es\/wp-content\/uploads\/2026\/01\/20-58.jpg","width":750,"height":1000},{"@type":"BreadcrumbList","@id":"https:\/\/marcialiluminacion.es\/index.php\/producto\/lampara-142\/#breadcrumb","itemListElement":[{"@type":"ListItem","position":1,"name":"Portada","item":"https:\/\/marcialiluminacion.es\/"},{"@type":"ListItem","position":2,"name":"Tienda","item":"https:\/\/marcialiluminacion.es\/index.php\/tienda\/"},{"@type":"ListItem","position":3,"name":"lampara 142"}]},{"@type":"WebSite","@id":"https:\/\/marcialiluminacion.es\/#website","url":"https:\/\/marcialiluminacion.es\/","name":"","description":"","potentialAction":[{"@type":"SearchAction","target":{"@type":"EntryPoint","urlTemplate":"https:\/\/marcialiluminacion.es\/?s={search_term_string}"},"query-input":{"@type":"PropertyValueSpecification","valueRequired":true,"valueName":"search_term_string"}}],"inLanguage":"es"}]}},"_links":{"self":[{"href":"https:\/\/marcialiluminacion.es\/index.php\/wp-json\/wp\/v2\/product\/720","targetHints":{"allow":["GET"]}}],"collection":[{"href":"https:\/\/marcialiluminacion.es\/index.php\/wp-json\/wp\/v2\/product"}],"about":[{"href":"https:\/\/marcialiluminacion.es\/index.php\/wp-json\/wp\/v2\/types\/product"}],"replies":[{"embeddable":true,"href":"https:\/\/marcialiluminacion.es\/index.php\/wp-json\/wp\/v2\/comments?post=720"}],"wp:featuredmedia":[{"embeddable":true,"href":"https:\/\/marcialiluminacion.es\/index.php\/wp-json\/wp\/v2\/media\/250"}],"wp:attachment":[{"href":"https:\/\/marcialiluminacion.es\/index.php\/wp-json\/wp\/v2\/media?parent=720"}],"wp:term":[{"taxonomy":"product_brand","embeddable":true,"href":"https:\/\/marcialiluminacion.es\/index.php\/wp-json\/wp\/v2\/product_brand?post=720"},{"taxonomy":"product_cat","embeddable":true,"href":"https:\/\/marcialiluminacion.es\/index.php\/wp-json\/wp\/v2\/product_cat?post=720"},{"taxonomy":"product_tag","embeddable":true,"href":"https:\/\/marcialiluminacion.es\/index.php\/wp-json\/wp\/v2\/product_tag?post=720"}],"curies":[{"name":"wp","href":"https:\/\/api.w.org\/{rel}","templated":true}]}}

<p data-start="0" data-end="95">Es una <strong data-start="7" data-end="57">lámpara colgante de diseño moderno y llamativo</strong>, con un claro protagonismo del color.</p>
<p data-start="97" data-end="389">Presenta una <strong data-start="110" data-end="165">pantalla esférica de vidrio en color rojo brillante</strong>, decorada con <strong data-start="180" data-end="217">finas líneas curvas en tono claro</strong> que recorren la superficie y aportan dinamismo y un efecto visual elegante. El acabado es <strong data-start="308" data-end="328">liso y brillante</strong>, lo que realza el color y refleja la luz de forma atractiva.</p>
<p data-start="391" data-end="538">El conjunto se completa con un <strong data-start="422" data-end="484">florón metálico y cable curvado en acabado níquel satinado</strong>, que añade un toque contemporáneo y ligero al diseño.</p>
<p data-start="540" data-end="775" data-is-last-node="" data-is-only-node="">Esta lámpara es ideal para <strong data-start="567" data-end="615">salones, comedores, cocinas o zonas de barra</strong>, especialmente en espacios modernos o de estilo actual, donde se busque una <strong data-start="692" data-end="725">pieza decorativa con carácter</strong> que aporte color y personalidad al ambiente.</p>

<!-- This site is optimized with the Yoast SEO plugin v27.2 - https://yoast.com/product/yoast-seo-wordpress/ -->
<title>lampara 142 -</title>
<meta name="robots" content="index, follow, max-snippet:-1, max-image-preview:large, max-video-preview:-1" />
<link rel="canonical" href="https://marcialiluminacion.es/index.php/producto/lampara-142/" />
<meta property="og:locale" content="es_ES" />
<meta property="og:type" content="article" />
<meta property="og:title" content="lampara 142 -" />
<meta property="og:description" content="Es una lámpara colgante de diseño moderno y llamativo, con un claro protagonismo del color.  Presenta una pantalla esférica de vidrio en color rojo brillante, decorada con finas líneas curvas en tono claro que recorren la superficie y aportan dinamismo y un efecto visual elegante. El acabado es liso y brillante, lo que realza el color y refleja la luz de forma atractiva.  El conjunto se completa con un florón metálico y cable curvado en acabado níquel satinado, que añade un toque contemporáneo y ligero al diseño.  Esta lámpara es ideal para salones, comedores, cocinas o zonas de barra, especialmente en espacios modernos o de estilo actual, donde se busque una pieza decorativa con carácter que aporte color y personalidad al ambiente." />
<meta property="og:url" content="https://marcialiluminacion.es/index.php/producto/lampara-142/" />
<meta property="article:modified_time" content="2026-02-21T10:31:36+00:00" />
<meta name="twitter:card" content="summary_large_image" />
<script type="application/ld+json" class="yoast-schema-graph">{"@context":"https://schema.org","@graph":[{"@type":"WebPage","@id":"https://marcialiluminacion.es/index.php/producto/lampara-142/","url":"https://marcialiluminacion.es/index.php/producto/lampara-142/","name":"lampara 142 -","isPartOf":{"@id":"https://marcialiluminacion.es/#website"},"primaryImageOfPage":{"@id":"https://marcialiluminacion.es/index.php/producto/lampara-142/#primaryimage"},"image":{"@id":"https://marcialiluminacion.es/index.php/producto/lampara-142/#primaryimage"},"thumbnailUrl":"https://marcialiluminacion.es/wp-content/uploads/2026/01/20-58.jpg","datePublished":"2026-02-17T19:44:56+00:00","dateModified":"2026-02-21T10:31:36+00:00","breadcrumb":{"@id":"https://marcialiluminacion.es/index.php/producto/lampara-142/#breadcrumb"},"inLanguage":"es","potentialAction":[{"@type":"ReadAction","target":["https://marcialiluminacion.es/index.php/producto/lampara-142/"]}]},{"@type":"ImageObject","inLanguage":"es","@id":"https://marcialiluminacion.es/index.php/producto/lampara-142/#primaryimage","url":"https://marcialiluminacion.es/wp-content/uploads/2026/01/20-58.jpg","contentUrl":"https://marcialiluminacion.es/wp-content/uploads/2026/01/20-58.jpg","width":750,"height":1000},{"@type":"BreadcrumbList","@id":"https://marcialiluminacion.es/index.php/producto/lampara-142/#breadcrumb","itemListElement":[{"@type":"ListItem","position":1,"name":"Portada","item":"https://marcialiluminacion.es/"},{"@type":"ListItem","position":2,"name":"Tienda","item":"https://marcialiluminacion.es/index.php/tienda/"},{"@type":"ListItem","position":3,"name":"lampara 142"}]},{"@type":"WebSite","@id":"https://marcialiluminacion.es/#website","url":"https://marcialiluminacion.es/","name":"","description":"","potentialAction":[{"@type":"SearchAction","target":{"@type":"EntryPoint","urlTemplate":"https://marcialiluminacion.es/?s={search_term_string}"},"query-input":{"@type":"PropertyValueSpecification","valueRequired":true,"valueName":"search_term_string"}}],"inLanguage":"es"}]}</script>
<!-- / Yoast SEO plugin. -->

Es una lámpara colgante de diseño moderno y llamativo, con un claro protagonismo del color.  Presenta una pantalla esférica de vidrio en color rojo brillante, decorada con finas líneas curvas en tono claro que recorren la superficie y aportan dinamismo y un efecto visual elegante. El acabado es liso y brillante, lo que realza el color y refleja la luz de forma atractiva.  El conjunto se completa con un florón metálico y cable curvado en acabado níquel satinado, que añade un toque contemporáneo y ligero al diseño.  Esta lámpara es ideal para salones, comedores, cocinas o zonas de barra, especialmente en espacios modernos o de estilo actual, donde se busque una pieza decorativa con carácter que aporte color y personalidad al ambiente.
