{"id":718,"date":"2026-02-17T19:44:56","date_gmt":"2026-02-17T19:44:56","guid":{"rendered":"https:\/\/marcialiluminacion.es\/?post_type=product&#038;p=718"},"modified":"2026-02-21T10:31:36","modified_gmt":"2026-02-21T10:31:36","slug":"lampara-140","status":"publish","type":"product","link":"https:\/\/marcialiluminacion.es\/index.php\/producto\/lampara-140\/","title":{"rendered":"lampara 140"},"content":{"rendered":"","protected":false},"excerpt":{"rendered":"<p data-start=\"0\" data-end=\"97\">Es una <strong data-start=\"7\" data-end=\"59\">l\u00e1mpara colgante de estilo moderno y minimalista<\/strong>, con un dise\u00f1o limpio y muy elegante.<\/p>\n<p data-start=\"99\" data-end=\"352\">Presenta un <strong data-start=\"111\" data-end=\"130\">flor\u00f3n met\u00e1lico<\/strong> y una <strong data-start=\"137\" data-end=\"171\">varilla recta en acabado acero<\/strong>, que sostiene una <strong data-start=\"190\" data-end=\"224\">pantalla alargada y estilizada<\/strong> de <strong data-start=\"228\" data-end=\"254\">vidrio blanco satinado<\/strong>. La forma ovalada y vertical de la pantalla aporta una sensaci\u00f3n de ligereza y equilibrio visual.<\/p>\n<p data-start=\"354\" data-end=\"493\">El vidrio opal difumina la luz de manera <strong data-start=\"395\" data-end=\"416\">suave y homog\u00e9nea<\/strong>, evitando deslumbramientos y creando una <strong data-start=\"458\" data-end=\"492\">iluminaci\u00f3n agradable y c\u00e1lida<\/strong>.<\/p>\n<p data-start=\"495\" data-end=\"712\" data-is-last-node=\"\" data-is-only-node=\"\">Es una l\u00e1mpara ideal para <strong data-start=\"521\" data-end=\"569\">comedores, pasillos, cocinas o zonas de paso<\/strong>, especialmente en ambientes <strong data-start=\"598\" data-end=\"641\">contempor\u00e1neos, modernos o minimalistas<\/strong>, donde se busca un punto de luz discreto pero con dise\u00f1o refinado.<\/p>\n","protected":false},"featured_media":248,"comment_status":"open","ping_status":"closed","template":"","meta":[],"product_brand":[],"product_cat":[15],"product_tag":[],"class_list":["post-718","product","type-product","status-publish","has-post-thumbnail","product_cat-sin-categorizar","first","instock","sale","shipping-taxable","purchasable","product-type-simple"],"yoast_head":"<!-- This site is optimized with the Yoast SEO plugin v27.2 - https:\/\/yoast.com\/product\/yoast-seo-wordpress\/ -->\n<title>lampara 140 -<\/title>\n<meta name=\"robots\" content=\"index, follow, max-snippet:-1, max-image-preview:large, max-video-preview:-1\" \/>\n<link rel=\"canonical\" href=\"https:\/\/marcialiluminacion.es\/index.php\/producto\/lampara-140\/\" \/>\n<meta property=\"og:locale\" content=\"es_ES\" \/>\n<meta property=\"og:type\" content=\"article\" \/>\n<meta property=\"og:title\" content=\"lampara 140 -\" \/>\n<meta property=\"og:description\" content=\"Es una l\u00e1mpara colgante de estilo moderno y minimalista, con un dise\u00f1o limpio y muy elegante.  Presenta un flor\u00f3n met\u00e1lico y una varilla recta en acabado acero, que sostiene una pantalla alargada y estilizada de vidrio blanco satinado. La forma ovalada y vertical de la pantalla aporta una sensaci\u00f3n de ligereza y equilibrio visual.  El vidrio opal difumina la luz de manera suave y homog\u00e9nea, evitando deslumbramientos y creando una iluminaci\u00f3n agradable y c\u00e1lida.  Es una l\u00e1mpara ideal para comedores, pasillos, cocinas o zonas de paso, especialmente en ambientes contempor\u00e1neos, modernos o minimalistas, donde se busca un punto de luz discreto pero con dise\u00f1o refinado.\" \/>\n<meta property=\"og:url\" content=\"https:\/\/marcialiluminacion.es\/index.php\/producto\/lampara-140\/\" \/>\n<meta property=\"article:modified_time\" content=\"2026-02-21T10:31:36+00:00\" \/>\n<meta name=\"twitter:card\" content=\"summary_large_image\" \/>\n<script type=\"application\/ld+json\" class=\"yoast-schema-graph\">{\"@context\":\"https:\/\/schema.org\",\"@graph\":[{\"@type\":\"WebPage\",\"@id\":\"https:\/\/marcialiluminacion.es\/index.php\/producto\/lampara-140\/\",\"url\":\"https:\/\/marcialiluminacion.es\/index.php\/producto\/lampara-140\/\",\"name\":\"lampara 140 -\",\"isPartOf\":{\"@id\":\"https:\/\/marcialiluminacion.es\/#website\"},\"primaryImageOfPage\":{\"@id\":\"https:\/\/marcialiluminacion.es\/index.php\/producto\/lampara-140\/#primaryimage\"},\"image\":{\"@id\":\"https:\/\/marcialiluminacion.es\/index.php\/producto\/lampara-140\/#primaryimage\"},\"thumbnailUrl\":\"https:\/\/marcialiluminacion.es\/wp-content\/uploads\/2026\/01\/20-62.jpg\",\"datePublished\":\"2026-02-17T19:44:56+00:00\",\"dateModified\":\"2026-02-21T10:31:36+00:00\",\"breadcrumb\":{\"@id\":\"https:\/\/marcialiluminacion.es\/index.php\/producto\/lampara-140\/#breadcrumb\"},\"inLanguage\":\"es\",\"potentialAction\":[{\"@type\":\"ReadAction\",\"target\":[\"https:\/\/marcialiluminacion.es\/index.php\/producto\/lampara-140\/\"]}]},{\"@type\":\"ImageObject\",\"inLanguage\":\"es\",\"@id\":\"https:\/\/marcialiluminacion.es\/index.php\/producto\/lampara-140\/#primaryimage\",\"url\":\"https:\/\/marcialiluminacion.es\/wp-content\/uploads\/2026\/01\/20-62.jpg\",\"contentUrl\":\"https:\/\/marcialiluminacion.es\/wp-content\/uploads\/2026\/01\/20-62.jpg\",\"width\":750,\"height\":1000},{\"@type\":\"BreadcrumbList\",\"@id\":\"https:\/\/marcialiluminacion.es\/index.php\/producto\/lampara-140\/#breadcrumb\",\"itemListElement\":[{\"@type\":\"ListItem\",\"position\":1,\"name\":\"Portada\",\"item\":\"https:\/\/marcialiluminacion.es\/\"},{\"@type\":\"ListItem\",\"position\":2,\"name\":\"Tienda\",\"item\":\"https:\/\/marcialiluminacion.es\/index.php\/tienda\/\"},{\"@type\":\"ListItem\",\"position\":3,\"name\":\"lampara 140\"}]},{\"@type\":\"WebSite\",\"@id\":\"https:\/\/marcialiluminacion.es\/#website\",\"url\":\"https:\/\/marcialiluminacion.es\/\",\"name\":\"\",\"description\":\"\",\"potentialAction\":[{\"@type\":\"SearchAction\",\"target\":{\"@type\":\"EntryPoint\",\"urlTemplate\":\"https:\/\/marcialiluminacion.es\/?s={search_term_string}\"},\"query-input\":{\"@type\":\"PropertyValueSpecification\",\"valueRequired\":true,\"valueName\":\"search_term_string\"}}],\"inLanguage\":\"es\"}]}<\/script>\n<!-- \/ Yoast SEO plugin. -->","yoast_head_json":{"title":"lampara 140 -","robots":{"index":"index","follow":"follow","max-snippet":"max-snippet:-1","max-image-preview":"max-image-preview:large","max-video-preview":"max-video-preview:-1"},"canonical":"https:\/\/marcialiluminacion.es\/index.php\/producto\/lampara-140\/","og_locale":"es_ES","og_type":"article","og_title":"lampara 140 -","og_description":"Es una l\u00e1mpara colgante de estilo moderno y minimalista, con un dise\u00f1o limpio y muy elegante.  Presenta un flor\u00f3n met\u00e1lico y una varilla recta en acabado acero, que sostiene una pantalla alargada y estilizada de vidrio blanco satinado. La forma ovalada y vertical de la pantalla aporta una sensaci\u00f3n de ligereza y equilibrio visual.  El vidrio opal difumina la luz de manera suave y homog\u00e9nea, evitando deslumbramientos y creando una iluminaci\u00f3n agradable y c\u00e1lida.  Es una l\u00e1mpara ideal para comedores, pasillos, cocinas o zonas de paso, especialmente en ambientes contempor\u00e1neos, modernos o minimalistas, donde se busca un punto de luz discreto pero con dise\u00f1o refinado.","og_url":"https:\/\/marcialiluminacion.es\/index.php\/producto\/lampara-140\/","article_modified_time":"2026-02-21T10:31:36+00:00","twitter_card":"summary_large_image","schema":{"@context":"https:\/\/schema.org","@graph":[{"@type":"WebPage","@id":"https:\/\/marcialiluminacion.es\/index.php\/producto\/lampara-140\/","url":"https:\/\/marcialiluminacion.es\/index.php\/producto\/lampara-140\/","name":"lampara 140 -","isPartOf":{"@id":"https:\/\/marcialiluminacion.es\/#website"},"primaryImageOfPage":{"@id":"https:\/\/marcialiluminacion.es\/index.php\/producto\/lampara-140\/#primaryimage"},"image":{"@id":"https:\/\/marcialiluminacion.es\/index.php\/producto\/lampara-140\/#primaryimage"},"thumbnailUrl":"https:\/\/marcialiluminacion.es\/wp-content\/uploads\/2026\/01\/20-62.jpg","datePublished":"2026-02-17T19:44:56+00:00","dateModified":"2026-02-21T10:31:36+00:00","breadcrumb":{"@id":"https:\/\/marcialiluminacion.es\/index.php\/producto\/lampara-140\/#breadcrumb"},"inLanguage":"es","potentialAction":[{"@type":"ReadAction","target":["https:\/\/marcialiluminacion.es\/index.php\/producto\/lampara-140\/"]}]},{"@type":"ImageObject","inLanguage":"es","@id":"https:\/\/marcialiluminacion.es\/index.php\/producto\/lampara-140\/#primaryimage","url":"https:\/\/marcialiluminacion.es\/wp-content\/uploads\/2026\/01\/20-62.jpg","contentUrl":"https:\/\/marcialiluminacion.es\/wp-content\/uploads\/2026\/01\/20-62.jpg","width":750,"height":1000},{"@type":"BreadcrumbList","@id":"https:\/\/marcialiluminacion.es\/index.php\/producto\/lampara-140\/#breadcrumb","itemListElement":[{"@type":"ListItem","position":1,"name":"Portada","item":"https:\/\/marcialiluminacion.es\/"},{"@type":"ListItem","position":2,"name":"Tienda","item":"https:\/\/marcialiluminacion.es\/index.php\/tienda\/"},{"@type":"ListItem","position":3,"name":"lampara 140"}]},{"@type":"WebSite","@id":"https:\/\/marcialiluminacion.es\/#website","url":"https:\/\/marcialiluminacion.es\/","name":"","description":"","potentialAction":[{"@type":"SearchAction","target":{"@type":"EntryPoint","urlTemplate":"https:\/\/marcialiluminacion.es\/?s={search_term_string}"},"query-input":{"@type":"PropertyValueSpecification","valueRequired":true,"valueName":"search_term_string"}}],"inLanguage":"es"}]}},"_links":{"self":[{"href":"https:\/\/marcialiluminacion.es\/index.php\/wp-json\/wp\/v2\/product\/718","targetHints":{"allow":["GET"]}}],"collection":[{"href":"https:\/\/marcialiluminacion.es\/index.php\/wp-json\/wp\/v2\/product"}],"about":[{"href":"https:\/\/marcialiluminacion.es\/index.php\/wp-json\/wp\/v2\/types\/product"}],"replies":[{"embeddable":true,"href":"https:\/\/marcialiluminacion.es\/index.php\/wp-json\/wp\/v2\/comments?post=718"}],"wp:featuredmedia":[{"embeddable":true,"href":"https:\/\/marcialiluminacion.es\/index.php\/wp-json\/wp\/v2\/media\/248"}],"wp:attachment":[{"href":"https:\/\/marcialiluminacion.es\/index.php\/wp-json\/wp\/v2\/media?parent=718"}],"wp:term":[{"taxonomy":"product_brand","embeddable":true,"href":"https:\/\/marcialiluminacion.es\/index.php\/wp-json\/wp\/v2\/product_brand?post=718"},{"taxonomy":"product_cat","embeddable":true,"href":"https:\/\/marcialiluminacion.es\/index.php\/wp-json\/wp\/v2\/product_cat?post=718"},{"taxonomy":"product_tag","embeddable":true,"href":"https:\/\/marcialiluminacion.es\/index.php\/wp-json\/wp\/v2\/product_tag?post=718"}],"curies":[{"name":"wp","href":"https:\/\/api.w.org\/{rel}","templated":true}]}}

<p data-start="0" data-end="97">Es una <strong data-start="7" data-end="59">lámpara colgante de estilo moderno y minimalista</strong>, con un diseño limpio y muy elegante.</p>
<p data-start="99" data-end="352">Presenta un <strong data-start="111" data-end="130">florón metálico</strong> y una <strong data-start="137" data-end="171">varilla recta en acabado acero</strong>, que sostiene una <strong data-start="190" data-end="224">pantalla alargada y estilizada</strong> de <strong data-start="228" data-end="254">vidrio blanco satinado</strong>. La forma ovalada y vertical de la pantalla aporta una sensación de ligereza y equilibrio visual.</p>
<p data-start="354" data-end="493">El vidrio opal difumina la luz de manera <strong data-start="395" data-end="416">suave y homogénea</strong>, evitando deslumbramientos y creando una <strong data-start="458" data-end="492">iluminación agradable y cálida</strong>.</p>
<p data-start="495" data-end="712" data-is-last-node="" data-is-only-node="">Es una lámpara ideal para <strong data-start="521" data-end="569">comedores, pasillos, cocinas o zonas de paso</strong>, especialmente en ambientes <strong data-start="598" data-end="641">contemporáneos, modernos o minimalistas</strong>, donde se busca un punto de luz discreto pero con diseño refinado.</p>

<!-- This site is optimized with the Yoast SEO plugin v27.2 - https://yoast.com/product/yoast-seo-wordpress/ -->
<title>lampara 140 -</title>
<meta name="robots" content="index, follow, max-snippet:-1, max-image-preview:large, max-video-preview:-1" />
<link rel="canonical" href="https://marcialiluminacion.es/index.php/producto/lampara-140/" />
<meta property="og:locale" content="es_ES" />
<meta property="og:type" content="article" />
<meta property="og:title" content="lampara 140 -" />
<meta property="og:description" content="Es una lámpara colgante de estilo moderno y minimalista, con un diseño limpio y muy elegante.  Presenta un florón metálico y una varilla recta en acabado acero, que sostiene una pantalla alargada y estilizada de vidrio blanco satinado. La forma ovalada y vertical de la pantalla aporta una sensación de ligereza y equilibrio visual.  El vidrio opal difumina la luz de manera suave y homogénea, evitando deslumbramientos y creando una iluminación agradable y cálida.  Es una lámpara ideal para comedores, pasillos, cocinas o zonas de paso, especialmente en ambientes contemporáneos, modernos o minimalistas, donde se busca un punto de luz discreto pero con diseño refinado." />
<meta property="og:url" content="https://marcialiluminacion.es/index.php/producto/lampara-140/" />
<meta property="article:modified_time" content="2026-02-21T10:31:36+00:00" />
<meta name="twitter:card" content="summary_large_image" />
<script type="application/ld+json" class="yoast-schema-graph">{"@context":"https://schema.org","@graph":[{"@type":"WebPage","@id":"https://marcialiluminacion.es/index.php/producto/lampara-140/","url":"https://marcialiluminacion.es/index.php/producto/lampara-140/","name":"lampara 140 -","isPartOf":{"@id":"https://marcialiluminacion.es/#website"},"primaryImageOfPage":{"@id":"https://marcialiluminacion.es/index.php/producto/lampara-140/#primaryimage"},"image":{"@id":"https://marcialiluminacion.es/index.php/producto/lampara-140/#primaryimage"},"thumbnailUrl":"https://marcialiluminacion.es/wp-content/uploads/2026/01/20-62.jpg","datePublished":"2026-02-17T19:44:56+00:00","dateModified":"2026-02-21T10:31:36+00:00","breadcrumb":{"@id":"https://marcialiluminacion.es/index.php/producto/lampara-140/#breadcrumb"},"inLanguage":"es","potentialAction":[{"@type":"ReadAction","target":["https://marcialiluminacion.es/index.php/producto/lampara-140/"]}]},{"@type":"ImageObject","inLanguage":"es","@id":"https://marcialiluminacion.es/index.php/producto/lampara-140/#primaryimage","url":"https://marcialiluminacion.es/wp-content/uploads/2026/01/20-62.jpg","contentUrl":"https://marcialiluminacion.es/wp-content/uploads/2026/01/20-62.jpg","width":750,"height":1000},{"@type":"BreadcrumbList","@id":"https://marcialiluminacion.es/index.php/producto/lampara-140/#breadcrumb","itemListElement":[{"@type":"ListItem","position":1,"name":"Portada","item":"https://marcialiluminacion.es/"},{"@type":"ListItem","position":2,"name":"Tienda","item":"https://marcialiluminacion.es/index.php/tienda/"},{"@type":"ListItem","position":3,"name":"lampara 140"}]},{"@type":"WebSite","@id":"https://marcialiluminacion.es/#website","url":"https://marcialiluminacion.es/","name":"","description":"","potentialAction":[{"@type":"SearchAction","target":{"@type":"EntryPoint","urlTemplate":"https://marcialiluminacion.es/?s={search_term_string}"},"query-input":{"@type":"PropertyValueSpecification","valueRequired":true,"valueName":"search_term_string"}}],"inLanguage":"es"}]}</script>
<!-- / Yoast SEO plugin. -->

Es una lámpara colgante de estilo moderno y minimalista, con un diseño limpio y muy elegante.  Presenta un florón metálico y una varilla recta en acabado acero, que sostiene una pantalla alargada y estilizada de vidrio blanco satinado. La forma ovalada y vertical de la pantalla aporta una sensación de ligereza y equilibrio visual.  El vidrio opal difumina la luz de manera suave y homogénea, evitando deslumbramientos y creando una iluminación agradable y cálida.  Es una lámpara ideal para comedores, pasillos, cocinas o zonas de paso, especialmente en ambientes contemporáneos, modernos o minimalistas, donde se busca un punto de luz discreto pero con diseño refinado.
