{"id":715,"date":"2026-02-17T19:44:56","date_gmt":"2026-02-17T19:44:56","guid":{"rendered":"https:\/\/marcialiluminacion.es\/?post_type=product&#038;p=715"},"modified":"2026-02-21T10:31:36","modified_gmt":"2026-02-21T10:31:36","slug":"lampara-137","status":"publish","type":"product","link":"https:\/\/marcialiluminacion.es\/index.php\/producto\/lampara-137\/","title":{"rendered":"lampara 137"},"content":{"rendered":"","protected":false},"excerpt":{"rendered":"<p data-start=\"0\" data-end=\"104\">Es una <strong data-start=\"7\" data-end=\"69\">l\u00e1mpara colgante de techo de estilo artesanal y decorativo<\/strong>, con un dise\u00f1o muy caracter\u00edstico.<\/p>\n<p data-start=\"106\" data-end=\"429\">Dispone de un <strong data-start=\"120\" data-end=\"139\">flor\u00f3n cuadrado<\/strong> en acabado <strong data-start=\"151\" data-end=\"161\">oscuro<\/strong>, del que desciende un <strong data-start=\"184\" data-end=\"199\">cable negro<\/strong>. En la parte inferior cuelga una <strong data-start=\"233\" data-end=\"274\">pantalla c\u00fabica de vidrio tipo vitral<\/strong>, formada por <strong data-start=\"288\" data-end=\"328\">paneles transl\u00facidos en tonos claros<\/strong> y <strong data-start=\"331\" data-end=\"355\">detalles geom\u00e9tricos<\/strong> con peque\u00f1os <strong data-start=\"369\" data-end=\"394\">acentos en color rojo<\/strong>, unidos mediante perfiles oscuros.<\/p>\n<p data-start=\"431\" data-end=\"644\">El vidrio difumina la luz suavemente, creando una <strong data-start=\"481\" data-end=\"515\">iluminaci\u00f3n c\u00e1lida y acogedora<\/strong>, con un efecto decorativo muy atractivo. Su dise\u00f1o recuerda al <strong data-start=\"579\" data-end=\"608\">estilo Tiffany o artesano<\/strong>, aportando personalidad al espacio.<\/p>\n<p data-start=\"646\" data-end=\"833\" data-is-last-node=\"\" data-is-only-node=\"\">Es ideal para <strong data-start=\"660\" data-end=\"717\">salones, comedores, recibidores o rincones especiales<\/strong>, especialmente en ambientes <strong data-start=\"746\" data-end=\"781\">cl\u00e1sicos, r\u00fasticos o ecl\u00e9cticos<\/strong> donde se quiera destacar una pieza con car\u00e1cter.<\/p>\n","protected":false},"featured_media":240,"comment_status":"open","ping_status":"closed","template":"","meta":[],"product_brand":[],"product_cat":[15],"product_tag":[],"class_list":["post-715","product","type-product","status-publish","has-post-thumbnail","product_cat-sin-categorizar","first","instock","sale","shipping-taxable","purchasable","product-type-simple"],"yoast_head":"<!-- This site is optimized with the Yoast SEO plugin v27.2 - https:\/\/yoast.com\/product\/yoast-seo-wordpress\/ -->\n<title>lampara 137 -<\/title>\n<meta name=\"robots\" content=\"index, follow, max-snippet:-1, max-image-preview:large, max-video-preview:-1\" \/>\n<link rel=\"canonical\" href=\"https:\/\/marcialiluminacion.es\/index.php\/producto\/lampara-137\/\" \/>\n<meta property=\"og:locale\" content=\"es_ES\" \/>\n<meta property=\"og:type\" content=\"article\" \/>\n<meta property=\"og:title\" content=\"lampara 137 -\" \/>\n<meta property=\"og:description\" content=\"Es una l\u00e1mpara colgante de techo de estilo artesanal y decorativo, con un dise\u00f1o muy caracter\u00edstico.  Dispone de un flor\u00f3n cuadrado en acabado oscuro, del que desciende un cable negro. En la parte inferior cuelga una pantalla c\u00fabica de vidrio tipo vitral, formada por paneles transl\u00facidos en tonos claros y detalles geom\u00e9tricos con peque\u00f1os acentos en color rojo, unidos mediante perfiles oscuros.  El vidrio difumina la luz suavemente, creando una iluminaci\u00f3n c\u00e1lida y acogedora, con un efecto decorativo muy atractivo. Su dise\u00f1o recuerda al estilo Tiffany o artesano, aportando personalidad al espacio.  Es ideal para salones, comedores, recibidores o rincones especiales, especialmente en ambientes cl\u00e1sicos, r\u00fasticos o ecl\u00e9cticos donde se quiera destacar una pieza con car\u00e1cter.\" \/>\n<meta property=\"og:url\" content=\"https:\/\/marcialiluminacion.es\/index.php\/producto\/lampara-137\/\" \/>\n<meta property=\"article:modified_time\" content=\"2026-02-21T10:31:36+00:00\" \/>\n<meta name=\"twitter:card\" content=\"summary_large_image\" \/>\n<script type=\"application\/ld+json\" class=\"yoast-schema-graph\">{\"@context\":\"https:\/\/schema.org\",\"@graph\":[{\"@type\":\"WebPage\",\"@id\":\"https:\/\/marcialiluminacion.es\/index.php\/producto\/lampara-137\/\",\"url\":\"https:\/\/marcialiluminacion.es\/index.php\/producto\/lampara-137\/\",\"name\":\"lampara 137 -\",\"isPartOf\":{\"@id\":\"https:\/\/marcialiluminacion.es\/#website\"},\"primaryImageOfPage\":{\"@id\":\"https:\/\/marcialiluminacion.es\/index.php\/producto\/lampara-137\/#primaryimage\"},\"image\":{\"@id\":\"https:\/\/marcialiluminacion.es\/index.php\/producto\/lampara-137\/#primaryimage\"},\"thumbnailUrl\":\"https:\/\/marcialiluminacion.es\/wp-content\/uploads\/2026\/01\/25-5.jpg\",\"datePublished\":\"2026-02-17T19:44:56+00:00\",\"dateModified\":\"2026-02-21T10:31:36+00:00\",\"breadcrumb\":{\"@id\":\"https:\/\/marcialiluminacion.es\/index.php\/producto\/lampara-137\/#breadcrumb\"},\"inLanguage\":\"es\",\"potentialAction\":[{\"@type\":\"ReadAction\",\"target\":[\"https:\/\/marcialiluminacion.es\/index.php\/producto\/lampara-137\/\"]}]},{\"@type\":\"ImageObject\",\"inLanguage\":\"es\",\"@id\":\"https:\/\/marcialiluminacion.es\/index.php\/producto\/lampara-137\/#primaryimage\",\"url\":\"https:\/\/marcialiluminacion.es\/wp-content\/uploads\/2026\/01\/25-5.jpg\",\"contentUrl\":\"https:\/\/marcialiluminacion.es\/wp-content\/uploads\/2026\/01\/25-5.jpg\",\"width\":750,\"height\":1000},{\"@type\":\"BreadcrumbList\",\"@id\":\"https:\/\/marcialiluminacion.es\/index.php\/producto\/lampara-137\/#breadcrumb\",\"itemListElement\":[{\"@type\":\"ListItem\",\"position\":1,\"name\":\"Portada\",\"item\":\"https:\/\/marcialiluminacion.es\/\"},{\"@type\":\"ListItem\",\"position\":2,\"name\":\"Tienda\",\"item\":\"https:\/\/marcialiluminacion.es\/index.php\/tienda\/\"},{\"@type\":\"ListItem\",\"position\":3,\"name\":\"lampara 137\"}]},{\"@type\":\"WebSite\",\"@id\":\"https:\/\/marcialiluminacion.es\/#website\",\"url\":\"https:\/\/marcialiluminacion.es\/\",\"name\":\"\",\"description\":\"\",\"potentialAction\":[{\"@type\":\"SearchAction\",\"target\":{\"@type\":\"EntryPoint\",\"urlTemplate\":\"https:\/\/marcialiluminacion.es\/?s={search_term_string}\"},\"query-input\":{\"@type\":\"PropertyValueSpecification\",\"valueRequired\":true,\"valueName\":\"search_term_string\"}}],\"inLanguage\":\"es\"}]}<\/script>\n<!-- \/ Yoast SEO plugin. -->","yoast_head_json":{"title":"lampara 137 -","robots":{"index":"index","follow":"follow","max-snippet":"max-snippet:-1","max-image-preview":"max-image-preview:large","max-video-preview":"max-video-preview:-1"},"canonical":"https:\/\/marcialiluminacion.es\/index.php\/producto\/lampara-137\/","og_locale":"es_ES","og_type":"article","og_title":"lampara 137 -","og_description":"Es una l\u00e1mpara colgante de techo de estilo artesanal y decorativo, con un dise\u00f1o muy caracter\u00edstico.  Dispone de un flor\u00f3n cuadrado en acabado oscuro, del que desciende un cable negro. En la parte inferior cuelga una pantalla c\u00fabica de vidrio tipo vitral, formada por paneles transl\u00facidos en tonos claros y detalles geom\u00e9tricos con peque\u00f1os acentos en color rojo, unidos mediante perfiles oscuros.  El vidrio difumina la luz suavemente, creando una iluminaci\u00f3n c\u00e1lida y acogedora, con un efecto decorativo muy atractivo. Su dise\u00f1o recuerda al estilo Tiffany o artesano, aportando personalidad al espacio.  Es ideal para salones, comedores, recibidores o rincones especiales, especialmente en ambientes cl\u00e1sicos, r\u00fasticos o ecl\u00e9cticos donde se quiera destacar una pieza con car\u00e1cter.","og_url":"https:\/\/marcialiluminacion.es\/index.php\/producto\/lampara-137\/","article_modified_time":"2026-02-21T10:31:36+00:00","twitter_card":"summary_large_image","schema":{"@context":"https:\/\/schema.org","@graph":[{"@type":"WebPage","@id":"https:\/\/marcialiluminacion.es\/index.php\/producto\/lampara-137\/","url":"https:\/\/marcialiluminacion.es\/index.php\/producto\/lampara-137\/","name":"lampara 137 -","isPartOf":{"@id":"https:\/\/marcialiluminacion.es\/#website"},"primaryImageOfPage":{"@id":"https:\/\/marcialiluminacion.es\/index.php\/producto\/lampara-137\/#primaryimage"},"image":{"@id":"https:\/\/marcialiluminacion.es\/index.php\/producto\/lampara-137\/#primaryimage"},"thumbnailUrl":"https:\/\/marcialiluminacion.es\/wp-content\/uploads\/2026\/01\/25-5.jpg","datePublished":"2026-02-17T19:44:56+00:00","dateModified":"2026-02-21T10:31:36+00:00","breadcrumb":{"@id":"https:\/\/marcialiluminacion.es\/index.php\/producto\/lampara-137\/#breadcrumb"},"inLanguage":"es","potentialAction":[{"@type":"ReadAction","target":["https:\/\/marcialiluminacion.es\/index.php\/producto\/lampara-137\/"]}]},{"@type":"ImageObject","inLanguage":"es","@id":"https:\/\/marcialiluminacion.es\/index.php\/producto\/lampara-137\/#primaryimage","url":"https:\/\/marcialiluminacion.es\/wp-content\/uploads\/2026\/01\/25-5.jpg","contentUrl":"https:\/\/marcialiluminacion.es\/wp-content\/uploads\/2026\/01\/25-5.jpg","width":750,"height":1000},{"@type":"BreadcrumbList","@id":"https:\/\/marcialiluminacion.es\/index.php\/producto\/lampara-137\/#breadcrumb","itemListElement":[{"@type":"ListItem","position":1,"name":"Portada","item":"https:\/\/marcialiluminacion.es\/"},{"@type":"ListItem","position":2,"name":"Tienda","item":"https:\/\/marcialiluminacion.es\/index.php\/tienda\/"},{"@type":"ListItem","position":3,"name":"lampara 137"}]},{"@type":"WebSite","@id":"https:\/\/marcialiluminacion.es\/#website","url":"https:\/\/marcialiluminacion.es\/","name":"","description":"","potentialAction":[{"@type":"SearchAction","target":{"@type":"EntryPoint","urlTemplate":"https:\/\/marcialiluminacion.es\/?s={search_term_string}"},"query-input":{"@type":"PropertyValueSpecification","valueRequired":true,"valueName":"search_term_string"}}],"inLanguage":"es"}]}},"_links":{"self":[{"href":"https:\/\/marcialiluminacion.es\/index.php\/wp-json\/wp\/v2\/product\/715","targetHints":{"allow":["GET"]}}],"collection":[{"href":"https:\/\/marcialiluminacion.es\/index.php\/wp-json\/wp\/v2\/product"}],"about":[{"href":"https:\/\/marcialiluminacion.es\/index.php\/wp-json\/wp\/v2\/types\/product"}],"replies":[{"embeddable":true,"href":"https:\/\/marcialiluminacion.es\/index.php\/wp-json\/wp\/v2\/comments?post=715"}],"wp:featuredmedia":[{"embeddable":true,"href":"https:\/\/marcialiluminacion.es\/index.php\/wp-json\/wp\/v2\/media\/240"}],"wp:attachment":[{"href":"https:\/\/marcialiluminacion.es\/index.php\/wp-json\/wp\/v2\/media?parent=715"}],"wp:term":[{"taxonomy":"product_brand","embeddable":true,"href":"https:\/\/marcialiluminacion.es\/index.php\/wp-json\/wp\/v2\/product_brand?post=715"},{"taxonomy":"product_cat","embeddable":true,"href":"https:\/\/marcialiluminacion.es\/index.php\/wp-json\/wp\/v2\/product_cat?post=715"},{"taxonomy":"product_tag","embeddable":true,"href":"https:\/\/marcialiluminacion.es\/index.php\/wp-json\/wp\/v2\/product_tag?post=715"}],"curies":[{"name":"wp","href":"https:\/\/api.w.org\/{rel}","templated":true}]}}

<p data-start="0" data-end="104">Es una <strong data-start="7" data-end="69">lámpara colgante de techo de estilo artesanal y decorativo</strong>, con un diseño muy característico.</p>
<p data-start="106" data-end="429">Dispone de un <strong data-start="120" data-end="139">florón cuadrado</strong> en acabado <strong data-start="151" data-end="161">oscuro</strong>, del que desciende un <strong data-start="184" data-end="199">cable negro</strong>. En la parte inferior cuelga una <strong data-start="233" data-end="274">pantalla cúbica de vidrio tipo vitral</strong>, formada por <strong data-start="288" data-end="328">paneles translúcidos en tonos claros</strong> y <strong data-start="331" data-end="355">detalles geométricos</strong> con pequeños <strong data-start="369" data-end="394">acentos en color rojo</strong>, unidos mediante perfiles oscuros.</p>
<p data-start="431" data-end="644">El vidrio difumina la luz suavemente, creando una <strong data-start="481" data-end="515">iluminación cálida y acogedora</strong>, con un efecto decorativo muy atractivo. Su diseño recuerda al <strong data-start="579" data-end="608">estilo Tiffany o artesano</strong>, aportando personalidad al espacio.</p>
<p data-start="646" data-end="833" data-is-last-node="" data-is-only-node="">Es ideal para <strong data-start="660" data-end="717">salones, comedores, recibidores o rincones especiales</strong>, especialmente en ambientes <strong data-start="746" data-end="781">clásicos, rústicos o eclécticos</strong> donde se quiera destacar una pieza con carácter.</p>

<!-- This site is optimized with the Yoast SEO plugin v27.2 - https://yoast.com/product/yoast-seo-wordpress/ -->
<title>lampara 137 -</title>
<meta name="robots" content="index, follow, max-snippet:-1, max-image-preview:large, max-video-preview:-1" />
<link rel="canonical" href="https://marcialiluminacion.es/index.php/producto/lampara-137/" />
<meta property="og:locale" content="es_ES" />
<meta property="og:type" content="article" />
<meta property="og:title" content="lampara 137 -" />
<meta property="og:description" content="Es una lámpara colgante de techo de estilo artesanal y decorativo, con un diseño muy característico.  Dispone de un florón cuadrado en acabado oscuro, del que desciende un cable negro. En la parte inferior cuelga una pantalla cúbica de vidrio tipo vitral, formada por paneles translúcidos en tonos claros y detalles geométricos con pequeños acentos en color rojo, unidos mediante perfiles oscuros.  El vidrio difumina la luz suavemente, creando una iluminación cálida y acogedora, con un efecto decorativo muy atractivo. Su diseño recuerda al estilo Tiffany o artesano, aportando personalidad al espacio.  Es ideal para salones, comedores, recibidores o rincones especiales, especialmente en ambientes clásicos, rústicos o eclécticos donde se quiera destacar una pieza con carácter." />
<meta property="og:url" content="https://marcialiluminacion.es/index.php/producto/lampara-137/" />
<meta property="article:modified_time" content="2026-02-21T10:31:36+00:00" />
<meta name="twitter:card" content="summary_large_image" />
<script type="application/ld+json" class="yoast-schema-graph">{"@context":"https://schema.org","@graph":[{"@type":"WebPage","@id":"https://marcialiluminacion.es/index.php/producto/lampara-137/","url":"https://marcialiluminacion.es/index.php/producto/lampara-137/","name":"lampara 137 -","isPartOf":{"@id":"https://marcialiluminacion.es/#website"},"primaryImageOfPage":{"@id":"https://marcialiluminacion.es/index.php/producto/lampara-137/#primaryimage"},"image":{"@id":"https://marcialiluminacion.es/index.php/producto/lampara-137/#primaryimage"},"thumbnailUrl":"https://marcialiluminacion.es/wp-content/uploads/2026/01/25-5.jpg","datePublished":"2026-02-17T19:44:56+00:00","dateModified":"2026-02-21T10:31:36+00:00","breadcrumb":{"@id":"https://marcialiluminacion.es/index.php/producto/lampara-137/#breadcrumb"},"inLanguage":"es","potentialAction":[{"@type":"ReadAction","target":["https://marcialiluminacion.es/index.php/producto/lampara-137/"]}]},{"@type":"ImageObject","inLanguage":"es","@id":"https://marcialiluminacion.es/index.php/producto/lampara-137/#primaryimage","url":"https://marcialiluminacion.es/wp-content/uploads/2026/01/25-5.jpg","contentUrl":"https://marcialiluminacion.es/wp-content/uploads/2026/01/25-5.jpg","width":750,"height":1000},{"@type":"BreadcrumbList","@id":"https://marcialiluminacion.es/index.php/producto/lampara-137/#breadcrumb","itemListElement":[{"@type":"ListItem","position":1,"name":"Portada","item":"https://marcialiluminacion.es/"},{"@type":"ListItem","position":2,"name":"Tienda","item":"https://marcialiluminacion.es/index.php/tienda/"},{"@type":"ListItem","position":3,"name":"lampara 137"}]},{"@type":"WebSite","@id":"https://marcialiluminacion.es/#website","url":"https://marcialiluminacion.es/","name":"","description":"","potentialAction":[{"@type":"SearchAction","target":{"@type":"EntryPoint","urlTemplate":"https://marcialiluminacion.es/?s={search_term_string}"},"query-input":{"@type":"PropertyValueSpecification","valueRequired":true,"valueName":"search_term_string"}}],"inLanguage":"es"}]}</script>
<!-- / Yoast SEO plugin. -->

Es una lámpara colgante de techo de estilo artesanal y decorativo, con un diseño muy característico.  Dispone de un florón cuadrado en acabado oscuro, del que desciende un cable negro. En la parte inferior cuelga una pantalla cúbica de vidrio tipo vitral, formada por paneles translúcidos en tonos claros y detalles geométricos con pequeños acentos en color rojo, unidos mediante perfiles oscuros.  El vidrio difumina la luz suavemente, creando una iluminación cálida y acogedora, con un efecto decorativo muy atractivo. Su diseño recuerda al estilo Tiffany o artesano, aportando personalidad al espacio.  Es ideal para salones, comedores, recibidores o rincones especiales, especialmente en ambientes clásicos, rústicos o eclécticos donde se quiera destacar una pieza con carácter.
