{"id":714,"date":"2026-02-17T19:44:56","date_gmt":"2026-02-17T19:44:56","guid":{"rendered":"https:\/\/marcialiluminacion.es\/?post_type=product&#038;p=714"},"modified":"2026-02-21T10:31:36","modified_gmt":"2026-02-21T10:31:36","slug":"lampara-136","status":"publish","type":"product","link":"https:\/\/marcialiluminacion.es\/index.php\/producto\/lampara-136\/","title":{"rendered":"lampara 136"},"content":{"rendered":"","protected":false},"excerpt":{"rendered":"<p data-start=\"0\" data-end=\"91\">Es una <strong data-start=\"7\" data-end=\"54\">l\u00e1mpara colgante de techo de estilo moderno<\/strong>, con un dise\u00f1o <strong data-start=\"70\" data-end=\"90\">suave y elegante<\/strong>.<\/p>\n<p data-start=\"93\" data-end=\"408\">Cuenta con un <strong data-start=\"107\" data-end=\"135\">flor\u00f3n circular met\u00e1lico<\/strong> en acabado <strong data-start=\"147\" data-end=\"158\">cromado<\/strong>, del que desciende un <strong data-start=\"181\" data-end=\"195\">cable fino<\/strong> ligeramente ondulado. En la parte inferior incorpora una <strong data-start=\"253\" data-end=\"287\">pantalla de vidrio opal blanco<\/strong>, de forma <strong data-start=\"298\" data-end=\"310\">alargada<\/strong>, con una <strong data-start=\"320\" data-end=\"349\">l\u00ednea ondulada decorativa<\/strong> en la zona central que aporta un detalle sutil y original.<\/p>\n<p data-start=\"410\" data-end=\"545\">El vidrio opal <strong data-start=\"425\" data-end=\"463\">difumina la luz de manera uniforme<\/strong>, creando una <strong data-start=\"477\" data-end=\"511\">iluminaci\u00f3n c\u00e1lida y agradable<\/strong>, ideal para ambientes acogedores.<\/p>\n<p data-start=\"547\" data-end=\"734\" data-is-last-node=\"\" data-is-only-node=\"\">Es perfecta para <strong data-start=\"564\" data-end=\"610\">salones, comedores, dormitorios o pasillos<\/strong>, encajando muy bien en espacios <strong data-start=\"643\" data-end=\"672\">modernos o contempor\u00e1neos<\/strong> donde se busca una l\u00e1mpara discreta pero con personalidad.<\/p>\n","protected":false},"featured_media":241,"comment_status":"open","ping_status":"closed","template":"","meta":[],"product_brand":[],"product_cat":[15],"product_tag":[],"class_list":["post-714","product","type-product","status-publish","has-post-thumbnail","product_cat-sin-categorizar","first","instock","sale","shipping-taxable","purchasable","product-type-simple"],"yoast_head":"<!-- This site is optimized with the Yoast SEO plugin v27.2 - https:\/\/yoast.com\/product\/yoast-seo-wordpress\/ -->\n<title>lampara 136 -<\/title>\n<meta name=\"robots\" content=\"index, follow, max-snippet:-1, max-image-preview:large, max-video-preview:-1\" \/>\n<link rel=\"canonical\" href=\"https:\/\/marcialiluminacion.es\/index.php\/producto\/lampara-136\/\" \/>\n<meta property=\"og:locale\" content=\"es_ES\" \/>\n<meta property=\"og:type\" content=\"article\" \/>\n<meta property=\"og:title\" content=\"lampara 136 -\" \/>\n<meta property=\"og:description\" content=\"Es una l\u00e1mpara colgante de techo de estilo moderno, con un dise\u00f1o suave y elegante.  Cuenta con un flor\u00f3n circular met\u00e1lico en acabado cromado, del que desciende un cable fino ligeramente ondulado. En la parte inferior incorpora una pantalla de vidrio opal blanco, de forma alargada, con una l\u00ednea ondulada decorativa en la zona central que aporta un detalle sutil y original.  El vidrio opal difumina la luz de manera uniforme, creando una iluminaci\u00f3n c\u00e1lida y agradable, ideal para ambientes acogedores.  Es perfecta para salones, comedores, dormitorios o pasillos, encajando muy bien en espacios modernos o contempor\u00e1neos donde se busca una l\u00e1mpara discreta pero con personalidad.\" \/>\n<meta property=\"og:url\" content=\"https:\/\/marcialiluminacion.es\/index.php\/producto\/lampara-136\/\" \/>\n<meta property=\"article:modified_time\" content=\"2026-02-21T10:31:36+00:00\" \/>\n<meta name=\"twitter:card\" content=\"summary_large_image\" \/>\n<script type=\"application\/ld+json\" class=\"yoast-schema-graph\">{\"@context\":\"https:\/\/schema.org\",\"@graph\":[{\"@type\":\"WebPage\",\"@id\":\"https:\/\/marcialiluminacion.es\/index.php\/producto\/lampara-136\/\",\"url\":\"https:\/\/marcialiluminacion.es\/index.php\/producto\/lampara-136\/\",\"name\":\"lampara 136 -\",\"isPartOf\":{\"@id\":\"https:\/\/marcialiluminacion.es\/#website\"},\"primaryImageOfPage\":{\"@id\":\"https:\/\/marcialiluminacion.es\/index.php\/producto\/lampara-136\/#primaryimage\"},\"image\":{\"@id\":\"https:\/\/marcialiluminacion.es\/index.php\/producto\/lampara-136\/#primaryimage\"},\"thumbnailUrl\":\"https:\/\/marcialiluminacion.es\/wp-content\/uploads\/2026\/01\/25-19.jpg\",\"datePublished\":\"2026-02-17T19:44:56+00:00\",\"dateModified\":\"2026-02-21T10:31:36+00:00\",\"breadcrumb\":{\"@id\":\"https:\/\/marcialiluminacion.es\/index.php\/producto\/lampara-136\/#breadcrumb\"},\"inLanguage\":\"es\",\"potentialAction\":[{\"@type\":\"ReadAction\",\"target\":[\"https:\/\/marcialiluminacion.es\/index.php\/producto\/lampara-136\/\"]}]},{\"@type\":\"ImageObject\",\"inLanguage\":\"es\",\"@id\":\"https:\/\/marcialiluminacion.es\/index.php\/producto\/lampara-136\/#primaryimage\",\"url\":\"https:\/\/marcialiluminacion.es\/wp-content\/uploads\/2026\/01\/25-19.jpg\",\"contentUrl\":\"https:\/\/marcialiluminacion.es\/wp-content\/uploads\/2026\/01\/25-19.jpg\",\"width\":750,\"height\":1000},{\"@type\":\"BreadcrumbList\",\"@id\":\"https:\/\/marcialiluminacion.es\/index.php\/producto\/lampara-136\/#breadcrumb\",\"itemListElement\":[{\"@type\":\"ListItem\",\"position\":1,\"name\":\"Portada\",\"item\":\"https:\/\/marcialiluminacion.es\/\"},{\"@type\":\"ListItem\",\"position\":2,\"name\":\"Tienda\",\"item\":\"https:\/\/marcialiluminacion.es\/index.php\/tienda\/\"},{\"@type\":\"ListItem\",\"position\":3,\"name\":\"lampara 136\"}]},{\"@type\":\"WebSite\",\"@id\":\"https:\/\/marcialiluminacion.es\/#website\",\"url\":\"https:\/\/marcialiluminacion.es\/\",\"name\":\"\",\"description\":\"\",\"potentialAction\":[{\"@type\":\"SearchAction\",\"target\":{\"@type\":\"EntryPoint\",\"urlTemplate\":\"https:\/\/marcialiluminacion.es\/?s={search_term_string}\"},\"query-input\":{\"@type\":\"PropertyValueSpecification\",\"valueRequired\":true,\"valueName\":\"search_term_string\"}}],\"inLanguage\":\"es\"}]}<\/script>\n<!-- \/ Yoast SEO plugin. -->","yoast_head_json":{"title":"lampara 136 -","robots":{"index":"index","follow":"follow","max-snippet":"max-snippet:-1","max-image-preview":"max-image-preview:large","max-video-preview":"max-video-preview:-1"},"canonical":"https:\/\/marcialiluminacion.es\/index.php\/producto\/lampara-136\/","og_locale":"es_ES","og_type":"article","og_title":"lampara 136 -","og_description":"Es una l\u00e1mpara colgante de techo de estilo moderno, con un dise\u00f1o suave y elegante.  Cuenta con un flor\u00f3n circular met\u00e1lico en acabado cromado, del que desciende un cable fino ligeramente ondulado. En la parte inferior incorpora una pantalla de vidrio opal blanco, de forma alargada, con una l\u00ednea ondulada decorativa en la zona central que aporta un detalle sutil y original.  El vidrio opal difumina la luz de manera uniforme, creando una iluminaci\u00f3n c\u00e1lida y agradable, ideal para ambientes acogedores.  Es perfecta para salones, comedores, dormitorios o pasillos, encajando muy bien en espacios modernos o contempor\u00e1neos donde se busca una l\u00e1mpara discreta pero con personalidad.","og_url":"https:\/\/marcialiluminacion.es\/index.php\/producto\/lampara-136\/","article_modified_time":"2026-02-21T10:31:36+00:00","twitter_card":"summary_large_image","schema":{"@context":"https:\/\/schema.org","@graph":[{"@type":"WebPage","@id":"https:\/\/marcialiluminacion.es\/index.php\/producto\/lampara-136\/","url":"https:\/\/marcialiluminacion.es\/index.php\/producto\/lampara-136\/","name":"lampara 136 -","isPartOf":{"@id":"https:\/\/marcialiluminacion.es\/#website"},"primaryImageOfPage":{"@id":"https:\/\/marcialiluminacion.es\/index.php\/producto\/lampara-136\/#primaryimage"},"image":{"@id":"https:\/\/marcialiluminacion.es\/index.php\/producto\/lampara-136\/#primaryimage"},"thumbnailUrl":"https:\/\/marcialiluminacion.es\/wp-content\/uploads\/2026\/01\/25-19.jpg","datePublished":"2026-02-17T19:44:56+00:00","dateModified":"2026-02-21T10:31:36+00:00","breadcrumb":{"@id":"https:\/\/marcialiluminacion.es\/index.php\/producto\/lampara-136\/#breadcrumb"},"inLanguage":"es","potentialAction":[{"@type":"ReadAction","target":["https:\/\/marcialiluminacion.es\/index.php\/producto\/lampara-136\/"]}]},{"@type":"ImageObject","inLanguage":"es","@id":"https:\/\/marcialiluminacion.es\/index.php\/producto\/lampara-136\/#primaryimage","url":"https:\/\/marcialiluminacion.es\/wp-content\/uploads\/2026\/01\/25-19.jpg","contentUrl":"https:\/\/marcialiluminacion.es\/wp-content\/uploads\/2026\/01\/25-19.jpg","width":750,"height":1000},{"@type":"BreadcrumbList","@id":"https:\/\/marcialiluminacion.es\/index.php\/producto\/lampara-136\/#breadcrumb","itemListElement":[{"@type":"ListItem","position":1,"name":"Portada","item":"https:\/\/marcialiluminacion.es\/"},{"@type":"ListItem","position":2,"name":"Tienda","item":"https:\/\/marcialiluminacion.es\/index.php\/tienda\/"},{"@type":"ListItem","position":3,"name":"lampara 136"}]},{"@type":"WebSite","@id":"https:\/\/marcialiluminacion.es\/#website","url":"https:\/\/marcialiluminacion.es\/","name":"","description":"","potentialAction":[{"@type":"SearchAction","target":{"@type":"EntryPoint","urlTemplate":"https:\/\/marcialiluminacion.es\/?s={search_term_string}"},"query-input":{"@type":"PropertyValueSpecification","valueRequired":true,"valueName":"search_term_string"}}],"inLanguage":"es"}]}},"_links":{"self":[{"href":"https:\/\/marcialiluminacion.es\/index.php\/wp-json\/wp\/v2\/product\/714","targetHints":{"allow":["GET"]}}],"collection":[{"href":"https:\/\/marcialiluminacion.es\/index.php\/wp-json\/wp\/v2\/product"}],"about":[{"href":"https:\/\/marcialiluminacion.es\/index.php\/wp-json\/wp\/v2\/types\/product"}],"replies":[{"embeddable":true,"href":"https:\/\/marcialiluminacion.es\/index.php\/wp-json\/wp\/v2\/comments?post=714"}],"wp:featuredmedia":[{"embeddable":true,"href":"https:\/\/marcialiluminacion.es\/index.php\/wp-json\/wp\/v2\/media\/241"}],"wp:attachment":[{"href":"https:\/\/marcialiluminacion.es\/index.php\/wp-json\/wp\/v2\/media?parent=714"}],"wp:term":[{"taxonomy":"product_brand","embeddable":true,"href":"https:\/\/marcialiluminacion.es\/index.php\/wp-json\/wp\/v2\/product_brand?post=714"},{"taxonomy":"product_cat","embeddable":true,"href":"https:\/\/marcialiluminacion.es\/index.php\/wp-json\/wp\/v2\/product_cat?post=714"},{"taxonomy":"product_tag","embeddable":true,"href":"https:\/\/marcialiluminacion.es\/index.php\/wp-json\/wp\/v2\/product_tag?post=714"}],"curies":[{"name":"wp","href":"https:\/\/api.w.org\/{rel}","templated":true}]}}

<p data-start="0" data-end="91">Es una <strong data-start="7" data-end="54">lámpara colgante de techo de estilo moderno</strong>, con un diseño <strong data-start="70" data-end="90">suave y elegante</strong>.</p>
<p data-start="93" data-end="408">Cuenta con un <strong data-start="107" data-end="135">florón circular metálico</strong> en acabado <strong data-start="147" data-end="158">cromado</strong>, del que desciende un <strong data-start="181" data-end="195">cable fino</strong> ligeramente ondulado. En la parte inferior incorpora una <strong data-start="253" data-end="287">pantalla de vidrio opal blanco</strong>, de forma <strong data-start="298" data-end="310">alargada</strong>, con una <strong data-start="320" data-end="349">línea ondulada decorativa</strong> en la zona central que aporta un detalle sutil y original.</p>
<p data-start="410" data-end="545">El vidrio opal <strong data-start="425" data-end="463">difumina la luz de manera uniforme</strong>, creando una <strong data-start="477" data-end="511">iluminación cálida y agradable</strong>, ideal para ambientes acogedores.</p>
<p data-start="547" data-end="734" data-is-last-node="" data-is-only-node="">Es perfecta para <strong data-start="564" data-end="610">salones, comedores, dormitorios o pasillos</strong>, encajando muy bien en espacios <strong data-start="643" data-end="672">modernos o contemporáneos</strong> donde se busca una lámpara discreta pero con personalidad.</p>

<!-- This site is optimized with the Yoast SEO plugin v27.2 - https://yoast.com/product/yoast-seo-wordpress/ -->
<title>lampara 136 -</title>
<meta name="robots" content="index, follow, max-snippet:-1, max-image-preview:large, max-video-preview:-1" />
<link rel="canonical" href="https://marcialiluminacion.es/index.php/producto/lampara-136/" />
<meta property="og:locale" content="es_ES" />
<meta property="og:type" content="article" />
<meta property="og:title" content="lampara 136 -" />
<meta property="og:description" content="Es una lámpara colgante de techo de estilo moderno, con un diseño suave y elegante.  Cuenta con un florón circular metálico en acabado cromado, del que desciende un cable fino ligeramente ondulado. En la parte inferior incorpora una pantalla de vidrio opal blanco, de forma alargada, con una línea ondulada decorativa en la zona central que aporta un detalle sutil y original.  El vidrio opal difumina la luz de manera uniforme, creando una iluminación cálida y agradable, ideal para ambientes acogedores.  Es perfecta para salones, comedores, dormitorios o pasillos, encajando muy bien en espacios modernos o contemporáneos donde se busca una lámpara discreta pero con personalidad." />
<meta property="og:url" content="https://marcialiluminacion.es/index.php/producto/lampara-136/" />
<meta property="article:modified_time" content="2026-02-21T10:31:36+00:00" />
<meta name="twitter:card" content="summary_large_image" />
<script type="application/ld+json" class="yoast-schema-graph">{"@context":"https://schema.org","@graph":[{"@type":"WebPage","@id":"https://marcialiluminacion.es/index.php/producto/lampara-136/","url":"https://marcialiluminacion.es/index.php/producto/lampara-136/","name":"lampara 136 -","isPartOf":{"@id":"https://marcialiluminacion.es/#website"},"primaryImageOfPage":{"@id":"https://marcialiluminacion.es/index.php/producto/lampara-136/#primaryimage"},"image":{"@id":"https://marcialiluminacion.es/index.php/producto/lampara-136/#primaryimage"},"thumbnailUrl":"https://marcialiluminacion.es/wp-content/uploads/2026/01/25-19.jpg","datePublished":"2026-02-17T19:44:56+00:00","dateModified":"2026-02-21T10:31:36+00:00","breadcrumb":{"@id":"https://marcialiluminacion.es/index.php/producto/lampara-136/#breadcrumb"},"inLanguage":"es","potentialAction":[{"@type":"ReadAction","target":["https://marcialiluminacion.es/index.php/producto/lampara-136/"]}]},{"@type":"ImageObject","inLanguage":"es","@id":"https://marcialiluminacion.es/index.php/producto/lampara-136/#primaryimage","url":"https://marcialiluminacion.es/wp-content/uploads/2026/01/25-19.jpg","contentUrl":"https://marcialiluminacion.es/wp-content/uploads/2026/01/25-19.jpg","width":750,"height":1000},{"@type":"BreadcrumbList","@id":"https://marcialiluminacion.es/index.php/producto/lampara-136/#breadcrumb","itemListElement":[{"@type":"ListItem","position":1,"name":"Portada","item":"https://marcialiluminacion.es/"},{"@type":"ListItem","position":2,"name":"Tienda","item":"https://marcialiluminacion.es/index.php/tienda/"},{"@type":"ListItem","position":3,"name":"lampara 136"}]},{"@type":"WebSite","@id":"https://marcialiluminacion.es/#website","url":"https://marcialiluminacion.es/","name":"","description":"","potentialAction":[{"@type":"SearchAction","target":{"@type":"EntryPoint","urlTemplate":"https://marcialiluminacion.es/?s={search_term_string}"},"query-input":{"@type":"PropertyValueSpecification","valueRequired":true,"valueName":"search_term_string"}}],"inLanguage":"es"}]}</script>
<!-- / Yoast SEO plugin. -->

Es una lámpara colgante de techo de estilo moderno, con un diseño suave y elegante.  Cuenta con un florón circular metálico en acabado cromado, del que desciende un cable fino ligeramente ondulado. En la parte inferior incorpora una pantalla de vidrio opal blanco, de forma alargada, con una línea ondulada decorativa en la zona central que aporta un detalle sutil y original.  El vidrio opal difumina la luz de manera uniforme, creando una iluminación cálida y agradable, ideal para ambientes acogedores.  Es perfecta para salones, comedores, dormitorios o pasillos, encajando muy bien en espacios modernos o contemporáneos donde se busca una lámpara discreta pero con personalidad.
