{"id":713,"date":"2026-02-17T19:44:56","date_gmt":"2026-02-17T19:44:56","guid":{"rendered":"https:\/\/marcialiluminacion.es\/?post_type=product&#038;p=713"},"modified":"2026-02-21T10:31:36","modified_gmt":"2026-02-21T10:31:36","slug":"lampara-135","status":"publish","type":"product","link":"https:\/\/marcialiluminacion.es\/index.php\/producto\/lampara-135\/","title":{"rendered":"lampara 135"},"content":{"rendered":"","protected":false},"excerpt":{"rendered":"<p data-start=\"0\" data-end=\"102\">Es una <strong data-start=\"7\" data-end=\"65\">l\u00e1mpara colgante de techo de estilo moderno y elegante<\/strong>, con un dise\u00f1o limpio y equilibrado.<\/p>\n<p data-start=\"104\" data-end=\"394\">Dispone de un <strong data-start=\"118\" data-end=\"146\">flor\u00f3n circular met\u00e1lico<\/strong> en acabado <strong data-start=\"158\" data-end=\"170\">satinado<\/strong>, del que desciende una <strong data-start=\"194\" data-end=\"210\">barra r\u00edgida<\/strong> del mismo material. En la parte inferior incorpora una <strong data-start=\"266\" data-end=\"300\">pantalla de vidrio opal blanco<\/strong>, con forma <strong data-start=\"312\" data-end=\"345\">alargada y ligeramente c\u00f3nica<\/strong>, que difumina la luz de manera suave y uniforme.<\/p>\n<p data-start=\"396\" data-end=\"551\">Incluye un <strong data-start=\"407\" data-end=\"434\">aro met\u00e1lico decorativo<\/strong> alrededor de la zona superior de la pantalla, que aporta un detalle distintivo y un toque contempor\u00e1neo al conjunto.<\/p>\n<p data-start=\"553\" data-end=\"734\" data-is-last-node=\"\" data-is-only-node=\"\">Es una l\u00e1mpara ideal para <strong data-start=\"579\" data-end=\"625\">salones, comedores, dormitorios o pasillos<\/strong>, perfecta para crear una <strong data-start=\"651\" data-end=\"686\">iluminaci\u00f3n ambiental agradable<\/strong> en espacios de estilo moderno o minimalista.<\/p>\n","protected":false},"featured_media":237,"comment_status":"open","ping_status":"closed","template":"","meta":[],"product_brand":[],"product_cat":[15],"product_tag":[],"class_list":["post-713","product","type-product","status-publish","has-post-thumbnail","product_cat-sin-categorizar","first","instock","sale","shipping-taxable","purchasable","product-type-simple"],"yoast_head":"<!-- This site is optimized with the Yoast SEO plugin v27.2 - https:\/\/yoast.com\/product\/yoast-seo-wordpress\/ -->\n<title>lampara 135 -<\/title>\n<meta name=\"robots\" content=\"index, follow, max-snippet:-1, max-image-preview:large, max-video-preview:-1\" \/>\n<link rel=\"canonical\" href=\"https:\/\/marcialiluminacion.es\/index.php\/producto\/lampara-135\/\" \/>\n<meta property=\"og:locale\" content=\"es_ES\" \/>\n<meta property=\"og:type\" content=\"article\" \/>\n<meta property=\"og:title\" content=\"lampara 135 -\" \/>\n<meta property=\"og:description\" content=\"Es una l\u00e1mpara colgante de techo de estilo moderno y elegante, con un dise\u00f1o limpio y equilibrado.  Dispone de un flor\u00f3n circular met\u00e1lico en acabado satinado, del que desciende una barra r\u00edgida del mismo material. En la parte inferior incorpora una pantalla de vidrio opal blanco, con forma alargada y ligeramente c\u00f3nica, que difumina la luz de manera suave y uniforme.  Incluye un aro met\u00e1lico decorativo alrededor de la zona superior de la pantalla, que aporta un detalle distintivo y un toque contempor\u00e1neo al conjunto.  Es una l\u00e1mpara ideal para salones, comedores, dormitorios o pasillos, perfecta para crear una iluminaci\u00f3n ambiental agradable en espacios de estilo moderno o minimalista.\" \/>\n<meta property=\"og:url\" content=\"https:\/\/marcialiluminacion.es\/index.php\/producto\/lampara-135\/\" \/>\n<meta property=\"article:modified_time\" content=\"2026-02-21T10:31:36+00:00\" \/>\n<meta name=\"twitter:card\" content=\"summary_large_image\" \/>\n<script type=\"application\/ld+json\" class=\"yoast-schema-graph\">{\"@context\":\"https:\/\/schema.org\",\"@graph\":[{\"@type\":\"WebPage\",\"@id\":\"https:\/\/marcialiluminacion.es\/index.php\/producto\/lampara-135\/\",\"url\":\"https:\/\/marcialiluminacion.es\/index.php\/producto\/lampara-135\/\",\"name\":\"lampara 135 -\",\"isPartOf\":{\"@id\":\"https:\/\/marcialiluminacion.es\/#website\"},\"primaryImageOfPage\":{\"@id\":\"https:\/\/marcialiluminacion.es\/index.php\/producto\/lampara-135\/#primaryimage\"},\"image\":{\"@id\":\"https:\/\/marcialiluminacion.es\/index.php\/producto\/lampara-135\/#primaryimage\"},\"thumbnailUrl\":\"https:\/\/marcialiluminacion.es\/wp-content\/uploads\/2026\/01\/30-2.jpg\",\"datePublished\":\"2026-02-17T19:44:56+00:00\",\"dateModified\":\"2026-02-21T10:31:36+00:00\",\"breadcrumb\":{\"@id\":\"https:\/\/marcialiluminacion.es\/index.php\/producto\/lampara-135\/#breadcrumb\"},\"inLanguage\":\"es\",\"potentialAction\":[{\"@type\":\"ReadAction\",\"target\":[\"https:\/\/marcialiluminacion.es\/index.php\/producto\/lampara-135\/\"]}]},{\"@type\":\"ImageObject\",\"inLanguage\":\"es\",\"@id\":\"https:\/\/marcialiluminacion.es\/index.php\/producto\/lampara-135\/#primaryimage\",\"url\":\"https:\/\/marcialiluminacion.es\/wp-content\/uploads\/2026\/01\/30-2.jpg\",\"contentUrl\":\"https:\/\/marcialiluminacion.es\/wp-content\/uploads\/2026\/01\/30-2.jpg\",\"width\":750,\"height\":1000},{\"@type\":\"BreadcrumbList\",\"@id\":\"https:\/\/marcialiluminacion.es\/index.php\/producto\/lampara-135\/#breadcrumb\",\"itemListElement\":[{\"@type\":\"ListItem\",\"position\":1,\"name\":\"Portada\",\"item\":\"https:\/\/marcialiluminacion.es\/\"},{\"@type\":\"ListItem\",\"position\":2,\"name\":\"Tienda\",\"item\":\"https:\/\/marcialiluminacion.es\/index.php\/tienda\/\"},{\"@type\":\"ListItem\",\"position\":3,\"name\":\"lampara 135\"}]},{\"@type\":\"WebSite\",\"@id\":\"https:\/\/marcialiluminacion.es\/#website\",\"url\":\"https:\/\/marcialiluminacion.es\/\",\"name\":\"\",\"description\":\"\",\"potentialAction\":[{\"@type\":\"SearchAction\",\"target\":{\"@type\":\"EntryPoint\",\"urlTemplate\":\"https:\/\/marcialiluminacion.es\/?s={search_term_string}\"},\"query-input\":{\"@type\":\"PropertyValueSpecification\",\"valueRequired\":true,\"valueName\":\"search_term_string\"}}],\"inLanguage\":\"es\"}]}<\/script>\n<!-- \/ Yoast SEO plugin. -->","yoast_head_json":{"title":"lampara 135 -","robots":{"index":"index","follow":"follow","max-snippet":"max-snippet:-1","max-image-preview":"max-image-preview:large","max-video-preview":"max-video-preview:-1"},"canonical":"https:\/\/marcialiluminacion.es\/index.php\/producto\/lampara-135\/","og_locale":"es_ES","og_type":"article","og_title":"lampara 135 -","og_description":"Es una l\u00e1mpara colgante de techo de estilo moderno y elegante, con un dise\u00f1o limpio y equilibrado.  Dispone de un flor\u00f3n circular met\u00e1lico en acabado satinado, del que desciende una barra r\u00edgida del mismo material. En la parte inferior incorpora una pantalla de vidrio opal blanco, con forma alargada y ligeramente c\u00f3nica, que difumina la luz de manera suave y uniforme.  Incluye un aro met\u00e1lico decorativo alrededor de la zona superior de la pantalla, que aporta un detalle distintivo y un toque contempor\u00e1neo al conjunto.  Es una l\u00e1mpara ideal para salones, comedores, dormitorios o pasillos, perfecta para crear una iluminaci\u00f3n ambiental agradable en espacios de estilo moderno o minimalista.","og_url":"https:\/\/marcialiluminacion.es\/index.php\/producto\/lampara-135\/","article_modified_time":"2026-02-21T10:31:36+00:00","twitter_card":"summary_large_image","schema":{"@context":"https:\/\/schema.org","@graph":[{"@type":"WebPage","@id":"https:\/\/marcialiluminacion.es\/index.php\/producto\/lampara-135\/","url":"https:\/\/marcialiluminacion.es\/index.php\/producto\/lampara-135\/","name":"lampara 135 -","isPartOf":{"@id":"https:\/\/marcialiluminacion.es\/#website"},"primaryImageOfPage":{"@id":"https:\/\/marcialiluminacion.es\/index.php\/producto\/lampara-135\/#primaryimage"},"image":{"@id":"https:\/\/marcialiluminacion.es\/index.php\/producto\/lampara-135\/#primaryimage"},"thumbnailUrl":"https:\/\/marcialiluminacion.es\/wp-content\/uploads\/2026\/01\/30-2.jpg","datePublished":"2026-02-17T19:44:56+00:00","dateModified":"2026-02-21T10:31:36+00:00","breadcrumb":{"@id":"https:\/\/marcialiluminacion.es\/index.php\/producto\/lampara-135\/#breadcrumb"},"inLanguage":"es","potentialAction":[{"@type":"ReadAction","target":["https:\/\/marcialiluminacion.es\/index.php\/producto\/lampara-135\/"]}]},{"@type":"ImageObject","inLanguage":"es","@id":"https:\/\/marcialiluminacion.es\/index.php\/producto\/lampara-135\/#primaryimage","url":"https:\/\/marcialiluminacion.es\/wp-content\/uploads\/2026\/01\/30-2.jpg","contentUrl":"https:\/\/marcialiluminacion.es\/wp-content\/uploads\/2026\/01\/30-2.jpg","width":750,"height":1000},{"@type":"BreadcrumbList","@id":"https:\/\/marcialiluminacion.es\/index.php\/producto\/lampara-135\/#breadcrumb","itemListElement":[{"@type":"ListItem","position":1,"name":"Portada","item":"https:\/\/marcialiluminacion.es\/"},{"@type":"ListItem","position":2,"name":"Tienda","item":"https:\/\/marcialiluminacion.es\/index.php\/tienda\/"},{"@type":"ListItem","position":3,"name":"lampara 135"}]},{"@type":"WebSite","@id":"https:\/\/marcialiluminacion.es\/#website","url":"https:\/\/marcialiluminacion.es\/","name":"","description":"","potentialAction":[{"@type":"SearchAction","target":{"@type":"EntryPoint","urlTemplate":"https:\/\/marcialiluminacion.es\/?s={search_term_string}"},"query-input":{"@type":"PropertyValueSpecification","valueRequired":true,"valueName":"search_term_string"}}],"inLanguage":"es"}]}},"_links":{"self":[{"href":"https:\/\/marcialiluminacion.es\/index.php\/wp-json\/wp\/v2\/product\/713","targetHints":{"allow":["GET"]}}],"collection":[{"href":"https:\/\/marcialiluminacion.es\/index.php\/wp-json\/wp\/v2\/product"}],"about":[{"href":"https:\/\/marcialiluminacion.es\/index.php\/wp-json\/wp\/v2\/types\/product"}],"replies":[{"embeddable":true,"href":"https:\/\/marcialiluminacion.es\/index.php\/wp-json\/wp\/v2\/comments?post=713"}],"wp:featuredmedia":[{"embeddable":true,"href":"https:\/\/marcialiluminacion.es\/index.php\/wp-json\/wp\/v2\/media\/237"}],"wp:attachment":[{"href":"https:\/\/marcialiluminacion.es\/index.php\/wp-json\/wp\/v2\/media?parent=713"}],"wp:term":[{"taxonomy":"product_brand","embeddable":true,"href":"https:\/\/marcialiluminacion.es\/index.php\/wp-json\/wp\/v2\/product_brand?post=713"},{"taxonomy":"product_cat","embeddable":true,"href":"https:\/\/marcialiluminacion.es\/index.php\/wp-json\/wp\/v2\/product_cat?post=713"},{"taxonomy":"product_tag","embeddable":true,"href":"https:\/\/marcialiluminacion.es\/index.php\/wp-json\/wp\/v2\/product_tag?post=713"}],"curies":[{"name":"wp","href":"https:\/\/api.w.org\/{rel}","templated":true}]}}

<p data-start="0" data-end="102">Es una <strong data-start="7" data-end="65">lámpara colgante de techo de estilo moderno y elegante</strong>, con un diseño limpio y equilibrado.</p>
<p data-start="104" data-end="394">Dispone de un <strong data-start="118" data-end="146">florón circular metálico</strong> en acabado <strong data-start="158" data-end="170">satinado</strong>, del que desciende una <strong data-start="194" data-end="210">barra rígida</strong> del mismo material. En la parte inferior incorpora una <strong data-start="266" data-end="300">pantalla de vidrio opal blanco</strong>, con forma <strong data-start="312" data-end="345">alargada y ligeramente cónica</strong>, que difumina la luz de manera suave y uniforme.</p>
<p data-start="396" data-end="551">Incluye un <strong data-start="407" data-end="434">aro metálico decorativo</strong> alrededor de la zona superior de la pantalla, que aporta un detalle distintivo y un toque contemporáneo al conjunto.</p>
<p data-start="553" data-end="734" data-is-last-node="" data-is-only-node="">Es una lámpara ideal para <strong data-start="579" data-end="625">salones, comedores, dormitorios o pasillos</strong>, perfecta para crear una <strong data-start="651" data-end="686">iluminación ambiental agradable</strong> en espacios de estilo moderno o minimalista.</p>

<!-- This site is optimized with the Yoast SEO plugin v27.2 - https://yoast.com/product/yoast-seo-wordpress/ -->
<title>lampara 135 -</title>
<meta name="robots" content="index, follow, max-snippet:-1, max-image-preview:large, max-video-preview:-1" />
<link rel="canonical" href="https://marcialiluminacion.es/index.php/producto/lampara-135/" />
<meta property="og:locale" content="es_ES" />
<meta property="og:type" content="article" />
<meta property="og:title" content="lampara 135 -" />
<meta property="og:description" content="Es una lámpara colgante de techo de estilo moderno y elegante, con un diseño limpio y equilibrado.  Dispone de un florón circular metálico en acabado satinado, del que desciende una barra rígida del mismo material. En la parte inferior incorpora una pantalla de vidrio opal blanco, con forma alargada y ligeramente cónica, que difumina la luz de manera suave y uniforme.  Incluye un aro metálico decorativo alrededor de la zona superior de la pantalla, que aporta un detalle distintivo y un toque contemporáneo al conjunto.  Es una lámpara ideal para salones, comedores, dormitorios o pasillos, perfecta para crear una iluminación ambiental agradable en espacios de estilo moderno o minimalista." />
<meta property="og:url" content="https://marcialiluminacion.es/index.php/producto/lampara-135/" />
<meta property="article:modified_time" content="2026-02-21T10:31:36+00:00" />
<meta name="twitter:card" content="summary_large_image" />
<script type="application/ld+json" class="yoast-schema-graph">{"@context":"https://schema.org","@graph":[{"@type":"WebPage","@id":"https://marcialiluminacion.es/index.php/producto/lampara-135/","url":"https://marcialiluminacion.es/index.php/producto/lampara-135/","name":"lampara 135 -","isPartOf":{"@id":"https://marcialiluminacion.es/#website"},"primaryImageOfPage":{"@id":"https://marcialiluminacion.es/index.php/producto/lampara-135/#primaryimage"},"image":{"@id":"https://marcialiluminacion.es/index.php/producto/lampara-135/#primaryimage"},"thumbnailUrl":"https://marcialiluminacion.es/wp-content/uploads/2026/01/30-2.jpg","datePublished":"2026-02-17T19:44:56+00:00","dateModified":"2026-02-21T10:31:36+00:00","breadcrumb":{"@id":"https://marcialiluminacion.es/index.php/producto/lampara-135/#breadcrumb"},"inLanguage":"es","potentialAction":[{"@type":"ReadAction","target":["https://marcialiluminacion.es/index.php/producto/lampara-135/"]}]},{"@type":"ImageObject","inLanguage":"es","@id":"https://marcialiluminacion.es/index.php/producto/lampara-135/#primaryimage","url":"https://marcialiluminacion.es/wp-content/uploads/2026/01/30-2.jpg","contentUrl":"https://marcialiluminacion.es/wp-content/uploads/2026/01/30-2.jpg","width":750,"height":1000},{"@type":"BreadcrumbList","@id":"https://marcialiluminacion.es/index.php/producto/lampara-135/#breadcrumb","itemListElement":[{"@type":"ListItem","position":1,"name":"Portada","item":"https://marcialiluminacion.es/"},{"@type":"ListItem","position":2,"name":"Tienda","item":"https://marcialiluminacion.es/index.php/tienda/"},{"@type":"ListItem","position":3,"name":"lampara 135"}]},{"@type":"WebSite","@id":"https://marcialiluminacion.es/#website","url":"https://marcialiluminacion.es/","name":"","description":"","potentialAction":[{"@type":"SearchAction","target":{"@type":"EntryPoint","urlTemplate":"https://marcialiluminacion.es/?s={search_term_string}"},"query-input":{"@type":"PropertyValueSpecification","valueRequired":true,"valueName":"search_term_string"}}],"inLanguage":"es"}]}</script>
<!-- / Yoast SEO plugin. -->

Es una lámpara colgante de techo de estilo moderno y elegante, con un diseño limpio y equilibrado.  Dispone de un florón circular metálico en acabado satinado, del que desciende una barra rígida del mismo material. En la parte inferior incorpora una pantalla de vidrio opal blanco, con forma alargada y ligeramente cónica, que difumina la luz de manera suave y uniforme.  Incluye un aro metálico decorativo alrededor de la zona superior de la pantalla, que aporta un detalle distintivo y un toque contemporáneo al conjunto.  Es una lámpara ideal para salones, comedores, dormitorios o pasillos, perfecta para crear una iluminación ambiental agradable en espacios de estilo moderno o minimalista.
