{"id":712,"date":"2026-02-17T19:44:56","date_gmt":"2026-02-17T19:44:56","guid":{"rendered":"https:\/\/marcialiluminacion.es\/?post_type=product&#038;p=712"},"modified":"2026-02-21T10:31:36","modified_gmt":"2026-02-21T10:31:36","slug":"lampara-134","status":"publish","type":"product","link":"https:\/\/marcialiluminacion.es\/index.php\/producto\/lampara-134\/","title":{"rendered":"lampara 134"},"content":{"rendered":"","protected":false},"excerpt":{"rendered":"<p data-start=\"0\" data-end=\"98\">Es una <strong data-start=\"7\" data-end=\"62\">l\u00e1mpara de techo colgante con dos focos orientables<\/strong>, de <strong data-start=\"67\" data-end=\"97\">estilo moderno y funcional<\/strong>.<\/p>\n<p data-start=\"100\" data-end=\"394\">Cuenta con un <strong data-start=\"114\" data-end=\"133\">flor\u00f3n circular<\/strong> en acabado <strong data-start=\"145\" data-end=\"155\">oscuro<\/strong>, del que descienden <strong data-start=\"176\" data-end=\"208\">dos barras r\u00edgidas met\u00e1licas<\/strong>. En el extremo de cada barra hay un <strong data-start=\"245\" data-end=\"281\">foco con pantalla de vidrio opal<\/strong>, que suaviza la luz y evita deslumbramientos, combinado con <strong data-start=\"342\" data-end=\"364\">detalles met\u00e1licos<\/strong> en tonos satinados y oscuros.<\/p>\n<p data-start=\"396\" data-end=\"572\">Los focos son <strong data-start=\"410\" data-end=\"425\">orientables<\/strong>, lo que permite dirigir la iluminaci\u00f3n de forma independiente hacia distintas zonas, aportando versatilidad tanto para luz ambiental como puntual.<\/p>\n<p data-start=\"574\" data-end=\"732\" data-is-last-node=\"\" data-is-only-node=\"\">Es ideal para <strong data-start=\"588\" data-end=\"644\">salones, cocinas, pasillos o espacios contempor\u00e1neos<\/strong>, ofreciendo una soluci\u00f3n de iluminaci\u00f3n pr\u00e1ctica con un dise\u00f1o equilibrado y actual.<\/p>\n","protected":false},"featured_media":236,"comment_status":"open","ping_status":"closed","template":"","meta":[],"product_brand":[],"product_cat":[15],"product_tag":[],"class_list":["post-712","product","type-product","status-publish","has-post-thumbnail","product_cat-sin-categorizar","first","instock","sale","shipping-taxable","purchasable","product-type-simple"],"yoast_head":"<!-- This site is optimized with the Yoast SEO plugin v27.2 - https:\/\/yoast.com\/product\/yoast-seo-wordpress\/ -->\n<title>lampara 134 -<\/title>\n<meta name=\"robots\" content=\"index, follow, max-snippet:-1, max-image-preview:large, max-video-preview:-1\" \/>\n<link rel=\"canonical\" href=\"https:\/\/marcialiluminacion.es\/index.php\/producto\/lampara-134\/\" \/>\n<meta property=\"og:locale\" content=\"es_ES\" \/>\n<meta property=\"og:type\" content=\"article\" \/>\n<meta property=\"og:title\" content=\"lampara 134 -\" \/>\n<meta property=\"og:description\" content=\"Es una l\u00e1mpara de techo colgante con dos focos orientables, de estilo moderno y funcional.  Cuenta con un flor\u00f3n circular en acabado oscuro, del que descienden dos barras r\u00edgidas met\u00e1licas. En el extremo de cada barra hay un foco con pantalla de vidrio opal, que suaviza la luz y evita deslumbramientos, combinado con detalles met\u00e1licos en tonos satinados y oscuros.  Los focos son orientables, lo que permite dirigir la iluminaci\u00f3n de forma independiente hacia distintas zonas, aportando versatilidad tanto para luz ambiental como puntual.  Es ideal para salones, cocinas, pasillos o espacios contempor\u00e1neos, ofreciendo una soluci\u00f3n de iluminaci\u00f3n pr\u00e1ctica con un dise\u00f1o equilibrado y actual.\" \/>\n<meta property=\"og:url\" content=\"https:\/\/marcialiluminacion.es\/index.php\/producto\/lampara-134\/\" \/>\n<meta property=\"article:modified_time\" content=\"2026-02-21T10:31:36+00:00\" \/>\n<meta name=\"twitter:card\" content=\"summary_large_image\" \/>\n<script type=\"application\/ld+json\" class=\"yoast-schema-graph\">{\"@context\":\"https:\/\/schema.org\",\"@graph\":[{\"@type\":\"WebPage\",\"@id\":\"https:\/\/marcialiluminacion.es\/index.php\/producto\/lampara-134\/\",\"url\":\"https:\/\/marcialiluminacion.es\/index.php\/producto\/lampara-134\/\",\"name\":\"lampara 134 -\",\"isPartOf\":{\"@id\":\"https:\/\/marcialiluminacion.es\/#website\"},\"primaryImageOfPage\":{\"@id\":\"https:\/\/marcialiluminacion.es\/index.php\/producto\/lampara-134\/#primaryimage\"},\"image\":{\"@id\":\"https:\/\/marcialiluminacion.es\/index.php\/producto\/lampara-134\/#primaryimage\"},\"thumbnailUrl\":\"https:\/\/marcialiluminacion.es\/wp-content\/uploads\/2026\/01\/30-3.jpg\",\"datePublished\":\"2026-02-17T19:44:56+00:00\",\"dateModified\":\"2026-02-21T10:31:36+00:00\",\"breadcrumb\":{\"@id\":\"https:\/\/marcialiluminacion.es\/index.php\/producto\/lampara-134\/#breadcrumb\"},\"inLanguage\":\"es\",\"potentialAction\":[{\"@type\":\"ReadAction\",\"target\":[\"https:\/\/marcialiluminacion.es\/index.php\/producto\/lampara-134\/\"]}]},{\"@type\":\"ImageObject\",\"inLanguage\":\"es\",\"@id\":\"https:\/\/marcialiluminacion.es\/index.php\/producto\/lampara-134\/#primaryimage\",\"url\":\"https:\/\/marcialiluminacion.es\/wp-content\/uploads\/2026\/01\/30-3.jpg\",\"contentUrl\":\"https:\/\/marcialiluminacion.es\/wp-content\/uploads\/2026\/01\/30-3.jpg\",\"width\":750,\"height\":1000},{\"@type\":\"BreadcrumbList\",\"@id\":\"https:\/\/marcialiluminacion.es\/index.php\/producto\/lampara-134\/#breadcrumb\",\"itemListElement\":[{\"@type\":\"ListItem\",\"position\":1,\"name\":\"Portada\",\"item\":\"https:\/\/marcialiluminacion.es\/\"},{\"@type\":\"ListItem\",\"position\":2,\"name\":\"Tienda\",\"item\":\"https:\/\/marcialiluminacion.es\/index.php\/tienda\/\"},{\"@type\":\"ListItem\",\"position\":3,\"name\":\"lampara 134\"}]},{\"@type\":\"WebSite\",\"@id\":\"https:\/\/marcialiluminacion.es\/#website\",\"url\":\"https:\/\/marcialiluminacion.es\/\",\"name\":\"\",\"description\":\"\",\"potentialAction\":[{\"@type\":\"SearchAction\",\"target\":{\"@type\":\"EntryPoint\",\"urlTemplate\":\"https:\/\/marcialiluminacion.es\/?s={search_term_string}\"},\"query-input\":{\"@type\":\"PropertyValueSpecification\",\"valueRequired\":true,\"valueName\":\"search_term_string\"}}],\"inLanguage\":\"es\"}]}<\/script>\n<!-- \/ Yoast SEO plugin. -->","yoast_head_json":{"title":"lampara 134 -","robots":{"index":"index","follow":"follow","max-snippet":"max-snippet:-1","max-image-preview":"max-image-preview:large","max-video-preview":"max-video-preview:-1"},"canonical":"https:\/\/marcialiluminacion.es\/index.php\/producto\/lampara-134\/","og_locale":"es_ES","og_type":"article","og_title":"lampara 134 -","og_description":"Es una l\u00e1mpara de techo colgante con dos focos orientables, de estilo moderno y funcional.  Cuenta con un flor\u00f3n circular en acabado oscuro, del que descienden dos barras r\u00edgidas met\u00e1licas. En el extremo de cada barra hay un foco con pantalla de vidrio opal, que suaviza la luz y evita deslumbramientos, combinado con detalles met\u00e1licos en tonos satinados y oscuros.  Los focos son orientables, lo que permite dirigir la iluminaci\u00f3n de forma independiente hacia distintas zonas, aportando versatilidad tanto para luz ambiental como puntual.  Es ideal para salones, cocinas, pasillos o espacios contempor\u00e1neos, ofreciendo una soluci\u00f3n de iluminaci\u00f3n pr\u00e1ctica con un dise\u00f1o equilibrado y actual.","og_url":"https:\/\/marcialiluminacion.es\/index.php\/producto\/lampara-134\/","article_modified_time":"2026-02-21T10:31:36+00:00","twitter_card":"summary_large_image","schema":{"@context":"https:\/\/schema.org","@graph":[{"@type":"WebPage","@id":"https:\/\/marcialiluminacion.es\/index.php\/producto\/lampara-134\/","url":"https:\/\/marcialiluminacion.es\/index.php\/producto\/lampara-134\/","name":"lampara 134 -","isPartOf":{"@id":"https:\/\/marcialiluminacion.es\/#website"},"primaryImageOfPage":{"@id":"https:\/\/marcialiluminacion.es\/index.php\/producto\/lampara-134\/#primaryimage"},"image":{"@id":"https:\/\/marcialiluminacion.es\/index.php\/producto\/lampara-134\/#primaryimage"},"thumbnailUrl":"https:\/\/marcialiluminacion.es\/wp-content\/uploads\/2026\/01\/30-3.jpg","datePublished":"2026-02-17T19:44:56+00:00","dateModified":"2026-02-21T10:31:36+00:00","breadcrumb":{"@id":"https:\/\/marcialiluminacion.es\/index.php\/producto\/lampara-134\/#breadcrumb"},"inLanguage":"es","potentialAction":[{"@type":"ReadAction","target":["https:\/\/marcialiluminacion.es\/index.php\/producto\/lampara-134\/"]}]},{"@type":"ImageObject","inLanguage":"es","@id":"https:\/\/marcialiluminacion.es\/index.php\/producto\/lampara-134\/#primaryimage","url":"https:\/\/marcialiluminacion.es\/wp-content\/uploads\/2026\/01\/30-3.jpg","contentUrl":"https:\/\/marcialiluminacion.es\/wp-content\/uploads\/2026\/01\/30-3.jpg","width":750,"height":1000},{"@type":"BreadcrumbList","@id":"https:\/\/marcialiluminacion.es\/index.php\/producto\/lampara-134\/#breadcrumb","itemListElement":[{"@type":"ListItem","position":1,"name":"Portada","item":"https:\/\/marcialiluminacion.es\/"},{"@type":"ListItem","position":2,"name":"Tienda","item":"https:\/\/marcialiluminacion.es\/index.php\/tienda\/"},{"@type":"ListItem","position":3,"name":"lampara 134"}]},{"@type":"WebSite","@id":"https:\/\/marcialiluminacion.es\/#website","url":"https:\/\/marcialiluminacion.es\/","name":"","description":"","potentialAction":[{"@type":"SearchAction","target":{"@type":"EntryPoint","urlTemplate":"https:\/\/marcialiluminacion.es\/?s={search_term_string}"},"query-input":{"@type":"PropertyValueSpecification","valueRequired":true,"valueName":"search_term_string"}}],"inLanguage":"es"}]}},"_links":{"self":[{"href":"https:\/\/marcialiluminacion.es\/index.php\/wp-json\/wp\/v2\/product\/712","targetHints":{"allow":["GET"]}}],"collection":[{"href":"https:\/\/marcialiluminacion.es\/index.php\/wp-json\/wp\/v2\/product"}],"about":[{"href":"https:\/\/marcialiluminacion.es\/index.php\/wp-json\/wp\/v2\/types\/product"}],"replies":[{"embeddable":true,"href":"https:\/\/marcialiluminacion.es\/index.php\/wp-json\/wp\/v2\/comments?post=712"}],"wp:featuredmedia":[{"embeddable":true,"href":"https:\/\/marcialiluminacion.es\/index.php\/wp-json\/wp\/v2\/media\/236"}],"wp:attachment":[{"href":"https:\/\/marcialiluminacion.es\/index.php\/wp-json\/wp\/v2\/media?parent=712"}],"wp:term":[{"taxonomy":"product_brand","embeddable":true,"href":"https:\/\/marcialiluminacion.es\/index.php\/wp-json\/wp\/v2\/product_brand?post=712"},{"taxonomy":"product_cat","embeddable":true,"href":"https:\/\/marcialiluminacion.es\/index.php\/wp-json\/wp\/v2\/product_cat?post=712"},{"taxonomy":"product_tag","embeddable":true,"href":"https:\/\/marcialiluminacion.es\/index.php\/wp-json\/wp\/v2\/product_tag?post=712"}],"curies":[{"name":"wp","href":"https:\/\/api.w.org\/{rel}","templated":true}]}}

<p data-start="0" data-end="98">Es una <strong data-start="7" data-end="62">lámpara de techo colgante con dos focos orientables</strong>, de <strong data-start="67" data-end="97">estilo moderno y funcional</strong>.</p>
<p data-start="100" data-end="394">Cuenta con un <strong data-start="114" data-end="133">florón circular</strong> en acabado <strong data-start="145" data-end="155">oscuro</strong>, del que descienden <strong data-start="176" data-end="208">dos barras rígidas metálicas</strong>. En el extremo de cada barra hay un <strong data-start="245" data-end="281">foco con pantalla de vidrio opal</strong>, que suaviza la luz y evita deslumbramientos, combinado con <strong data-start="342" data-end="364">detalles metálicos</strong> en tonos satinados y oscuros.</p>
<p data-start="396" data-end="572">Los focos son <strong data-start="410" data-end="425">orientables</strong>, lo que permite dirigir la iluminación de forma independiente hacia distintas zonas, aportando versatilidad tanto para luz ambiental como puntual.</p>
<p data-start="574" data-end="732" data-is-last-node="" data-is-only-node="">Es ideal para <strong data-start="588" data-end="644">salones, cocinas, pasillos o espacios contemporáneos</strong>, ofreciendo una solución de iluminación práctica con un diseño equilibrado y actual.</p>

<!-- This site is optimized with the Yoast SEO plugin v27.2 - https://yoast.com/product/yoast-seo-wordpress/ -->
<title>lampara 134 -</title>
<meta name="robots" content="index, follow, max-snippet:-1, max-image-preview:large, max-video-preview:-1" />
<link rel="canonical" href="https://marcialiluminacion.es/index.php/producto/lampara-134/" />
<meta property="og:locale" content="es_ES" />
<meta property="og:type" content="article" />
<meta property="og:title" content="lampara 134 -" />
<meta property="og:description" content="Es una lámpara de techo colgante con dos focos orientables, de estilo moderno y funcional.  Cuenta con un florón circular en acabado oscuro, del que descienden dos barras rígidas metálicas. En el extremo de cada barra hay un foco con pantalla de vidrio opal, que suaviza la luz y evita deslumbramientos, combinado con detalles metálicos en tonos satinados y oscuros.  Los focos son orientables, lo que permite dirigir la iluminación de forma independiente hacia distintas zonas, aportando versatilidad tanto para luz ambiental como puntual.  Es ideal para salones, cocinas, pasillos o espacios contemporáneos, ofreciendo una solución de iluminación práctica con un diseño equilibrado y actual." />
<meta property="og:url" content="https://marcialiluminacion.es/index.php/producto/lampara-134/" />
<meta property="article:modified_time" content="2026-02-21T10:31:36+00:00" />
<meta name="twitter:card" content="summary_large_image" />
<script type="application/ld+json" class="yoast-schema-graph">{"@context":"https://schema.org","@graph":[{"@type":"WebPage","@id":"https://marcialiluminacion.es/index.php/producto/lampara-134/","url":"https://marcialiluminacion.es/index.php/producto/lampara-134/","name":"lampara 134 -","isPartOf":{"@id":"https://marcialiluminacion.es/#website"},"primaryImageOfPage":{"@id":"https://marcialiluminacion.es/index.php/producto/lampara-134/#primaryimage"},"image":{"@id":"https://marcialiluminacion.es/index.php/producto/lampara-134/#primaryimage"},"thumbnailUrl":"https://marcialiluminacion.es/wp-content/uploads/2026/01/30-3.jpg","datePublished":"2026-02-17T19:44:56+00:00","dateModified":"2026-02-21T10:31:36+00:00","breadcrumb":{"@id":"https://marcialiluminacion.es/index.php/producto/lampara-134/#breadcrumb"},"inLanguage":"es","potentialAction":[{"@type":"ReadAction","target":["https://marcialiluminacion.es/index.php/producto/lampara-134/"]}]},{"@type":"ImageObject","inLanguage":"es","@id":"https://marcialiluminacion.es/index.php/producto/lampara-134/#primaryimage","url":"https://marcialiluminacion.es/wp-content/uploads/2026/01/30-3.jpg","contentUrl":"https://marcialiluminacion.es/wp-content/uploads/2026/01/30-3.jpg","width":750,"height":1000},{"@type":"BreadcrumbList","@id":"https://marcialiluminacion.es/index.php/producto/lampara-134/#breadcrumb","itemListElement":[{"@type":"ListItem","position":1,"name":"Portada","item":"https://marcialiluminacion.es/"},{"@type":"ListItem","position":2,"name":"Tienda","item":"https://marcialiluminacion.es/index.php/tienda/"},{"@type":"ListItem","position":3,"name":"lampara 134"}]},{"@type":"WebSite","@id":"https://marcialiluminacion.es/#website","url":"https://marcialiluminacion.es/","name":"","description":"","potentialAction":[{"@type":"SearchAction","target":{"@type":"EntryPoint","urlTemplate":"https://marcialiluminacion.es/?s={search_term_string}"},"query-input":{"@type":"PropertyValueSpecification","valueRequired":true,"valueName":"search_term_string"}}],"inLanguage":"es"}]}</script>
<!-- / Yoast SEO plugin. -->

Es una lámpara de techo colgante con dos focos orientables, de estilo moderno y funcional.  Cuenta con un florón circular en acabado oscuro, del que descienden dos barras rígidas metálicas. En el extremo de cada barra hay un foco con pantalla de vidrio opal, que suaviza la luz y evita deslumbramientos, combinado con detalles metálicos en tonos satinados y oscuros.  Los focos son orientables, lo que permite dirigir la iluminación de forma independiente hacia distintas zonas, aportando versatilidad tanto para luz ambiental como puntual.  Es ideal para salones, cocinas, pasillos o espacios contemporáneos, ofreciendo una solución de iluminación práctica con un diseño equilibrado y actual.
