{"id":710,"date":"2026-02-17T19:44:56","date_gmt":"2026-02-17T19:44:56","guid":{"rendered":"https:\/\/marcialiluminacion.es\/?post_type=product&#038;p=710"},"modified":"2026-02-21T10:31:36","modified_gmt":"2026-02-21T10:31:36","slug":"lampara-132","status":"publish","type":"product","link":"https:\/\/marcialiluminacion.es\/index.php\/producto\/lampara-132\/","title":{"rendered":"lampara 132"},"content":{"rendered":"","protected":false},"excerpt":{"rendered":"<p data-start=\"0\" data-end=\"102\">Es una <strong data-start=\"7\" data-end=\"51\">l\u00e1mpara colgante de dise\u00f1o contempor\u00e1neo<\/strong>, con una est\u00e9tica <strong data-start=\"70\" data-end=\"101\">geom\u00e9trica y muy decorativa<\/strong>.<\/p>\n<p data-start=\"104\" data-end=\"377\">Presenta un <strong data-start=\"116\" data-end=\"144\">flor\u00f3n circular met\u00e1lico<\/strong> en acabado <strong data-start=\"156\" data-end=\"168\">satinado<\/strong>, del que desciende un <strong data-start=\"191\" data-end=\"206\">cable negro<\/strong>. La pantalla est\u00e1 formada por <strong data-start=\"237\" data-end=\"265\">l\u00e1minas met\u00e1licas negras<\/strong> dispuestas en forma <strong data-start=\"286\" data-end=\"299\">poligonal<\/strong>, creando un volumen facetado que deja pasar la luz a trav\u00e9s de sus aberturas.<\/p>\n<p data-start=\"379\" data-end=\"593\">El dise\u00f1o genera <strong data-start=\"396\" data-end=\"425\">juegos de luces y sombras<\/strong> muy atractivos cuando est\u00e1 encendida, convirti\u00e9ndola en un aut\u00e9ntico elemento protagonista del espacio. Su estilo encaja entre lo <strong data-start=\"556\" data-end=\"592\">moderno, industrial y decorativo<\/strong>.<\/p>\n<p data-start=\"595\" data-end=\"766\" data-is-last-node=\"\" data-is-only-node=\"\">Es ideal para <strong data-start=\"609\" data-end=\"665\">salones, comedores, dormitorios o espacios de dise\u00f1o<\/strong>, especialmente en ambientes modernos donde se busca una <strong data-start=\"722\" data-end=\"760\">pieza llamativa y con personalidad<\/strong>.<\/p>\n","protected":false},"featured_media":230,"comment_status":"open","ping_status":"closed","template":"","meta":[],"product_brand":[],"product_cat":[15],"product_tag":[],"class_list":["post-710","product","type-product","status-publish","has-post-thumbnail","product_cat-sin-categorizar","first","instock","sale","shipping-taxable","purchasable","product-type-simple"],"yoast_head":"<!-- This site is optimized with the Yoast SEO plugin v27.2 - https:\/\/yoast.com\/product\/yoast-seo-wordpress\/ -->\n<title>lampara 132 -<\/title>\n<meta name=\"robots\" content=\"index, follow, max-snippet:-1, max-image-preview:large, max-video-preview:-1\" \/>\n<link rel=\"canonical\" href=\"https:\/\/marcialiluminacion.es\/index.php\/producto\/lampara-132\/\" \/>\n<meta property=\"og:locale\" content=\"es_ES\" \/>\n<meta property=\"og:type\" content=\"article\" \/>\n<meta property=\"og:title\" content=\"lampara 132 -\" \/>\n<meta property=\"og:description\" content=\"Es una l\u00e1mpara colgante de dise\u00f1o contempor\u00e1neo, con una est\u00e9tica geom\u00e9trica y muy decorativa.  Presenta un flor\u00f3n circular met\u00e1lico en acabado satinado, del que desciende un cable negro. La pantalla est\u00e1 formada por l\u00e1minas met\u00e1licas negras dispuestas en forma poligonal, creando un volumen facetado que deja pasar la luz a trav\u00e9s de sus aberturas.  El dise\u00f1o genera juegos de luces y sombras muy atractivos cuando est\u00e1 encendida, convirti\u00e9ndola en un aut\u00e9ntico elemento protagonista del espacio. Su estilo encaja entre lo moderno, industrial y decorativo.  Es ideal para salones, comedores, dormitorios o espacios de dise\u00f1o, especialmente en ambientes modernos donde se busca una pieza llamativa y con personalidad.\" \/>\n<meta property=\"og:url\" content=\"https:\/\/marcialiluminacion.es\/index.php\/producto\/lampara-132\/\" \/>\n<meta property=\"article:modified_time\" content=\"2026-02-21T10:31:36+00:00\" \/>\n<meta name=\"twitter:card\" content=\"summary_large_image\" \/>\n<script type=\"application\/ld+json\" class=\"yoast-schema-graph\">{\"@context\":\"https:\/\/schema.org\",\"@graph\":[{\"@type\":\"WebPage\",\"@id\":\"https:\/\/marcialiluminacion.es\/index.php\/producto\/lampara-132\/\",\"url\":\"https:\/\/marcialiluminacion.es\/index.php\/producto\/lampara-132\/\",\"name\":\"lampara 132 -\",\"isPartOf\":{\"@id\":\"https:\/\/marcialiluminacion.es\/#website\"},\"primaryImageOfPage\":{\"@id\":\"https:\/\/marcialiluminacion.es\/index.php\/producto\/lampara-132\/#primaryimage\"},\"image\":{\"@id\":\"https:\/\/marcialiluminacion.es\/index.php\/producto\/lampara-132\/#primaryimage\"},\"thumbnailUrl\":\"https:\/\/marcialiluminacion.es\/wp-content\/uploads\/2026\/01\/25-14.jpg\",\"datePublished\":\"2026-02-17T19:44:56+00:00\",\"dateModified\":\"2026-02-21T10:31:36+00:00\",\"breadcrumb\":{\"@id\":\"https:\/\/marcialiluminacion.es\/index.php\/producto\/lampara-132\/#breadcrumb\"},\"inLanguage\":\"es\",\"potentialAction\":[{\"@type\":\"ReadAction\",\"target\":[\"https:\/\/marcialiluminacion.es\/index.php\/producto\/lampara-132\/\"]}]},{\"@type\":\"ImageObject\",\"inLanguage\":\"es\",\"@id\":\"https:\/\/marcialiluminacion.es\/index.php\/producto\/lampara-132\/#primaryimage\",\"url\":\"https:\/\/marcialiluminacion.es\/wp-content\/uploads\/2026\/01\/25-14.jpg\",\"contentUrl\":\"https:\/\/marcialiluminacion.es\/wp-content\/uploads\/2026\/01\/25-14.jpg\",\"width\":750,\"height\":1000},{\"@type\":\"BreadcrumbList\",\"@id\":\"https:\/\/marcialiluminacion.es\/index.php\/producto\/lampara-132\/#breadcrumb\",\"itemListElement\":[{\"@type\":\"ListItem\",\"position\":1,\"name\":\"Portada\",\"item\":\"https:\/\/marcialiluminacion.es\/\"},{\"@type\":\"ListItem\",\"position\":2,\"name\":\"Tienda\",\"item\":\"https:\/\/marcialiluminacion.es\/index.php\/tienda\/\"},{\"@type\":\"ListItem\",\"position\":3,\"name\":\"lampara 132\"}]},{\"@type\":\"WebSite\",\"@id\":\"https:\/\/marcialiluminacion.es\/#website\",\"url\":\"https:\/\/marcialiluminacion.es\/\",\"name\":\"\",\"description\":\"\",\"potentialAction\":[{\"@type\":\"SearchAction\",\"target\":{\"@type\":\"EntryPoint\",\"urlTemplate\":\"https:\/\/marcialiluminacion.es\/?s={search_term_string}\"},\"query-input\":{\"@type\":\"PropertyValueSpecification\",\"valueRequired\":true,\"valueName\":\"search_term_string\"}}],\"inLanguage\":\"es\"}]}<\/script>\n<!-- \/ Yoast SEO plugin. -->","yoast_head_json":{"title":"lampara 132 -","robots":{"index":"index","follow":"follow","max-snippet":"max-snippet:-1","max-image-preview":"max-image-preview:large","max-video-preview":"max-video-preview:-1"},"canonical":"https:\/\/marcialiluminacion.es\/index.php\/producto\/lampara-132\/","og_locale":"es_ES","og_type":"article","og_title":"lampara 132 -","og_description":"Es una l\u00e1mpara colgante de dise\u00f1o contempor\u00e1neo, con una est\u00e9tica geom\u00e9trica y muy decorativa.  Presenta un flor\u00f3n circular met\u00e1lico en acabado satinado, del que desciende un cable negro. La pantalla est\u00e1 formada por l\u00e1minas met\u00e1licas negras dispuestas en forma poligonal, creando un volumen facetado que deja pasar la luz a trav\u00e9s de sus aberturas.  El dise\u00f1o genera juegos de luces y sombras muy atractivos cuando est\u00e1 encendida, convirti\u00e9ndola en un aut\u00e9ntico elemento protagonista del espacio. Su estilo encaja entre lo moderno, industrial y decorativo.  Es ideal para salones, comedores, dormitorios o espacios de dise\u00f1o, especialmente en ambientes modernos donde se busca una pieza llamativa y con personalidad.","og_url":"https:\/\/marcialiluminacion.es\/index.php\/producto\/lampara-132\/","article_modified_time":"2026-02-21T10:31:36+00:00","twitter_card":"summary_large_image","schema":{"@context":"https:\/\/schema.org","@graph":[{"@type":"WebPage","@id":"https:\/\/marcialiluminacion.es\/index.php\/producto\/lampara-132\/","url":"https:\/\/marcialiluminacion.es\/index.php\/producto\/lampara-132\/","name":"lampara 132 -","isPartOf":{"@id":"https:\/\/marcialiluminacion.es\/#website"},"primaryImageOfPage":{"@id":"https:\/\/marcialiluminacion.es\/index.php\/producto\/lampara-132\/#primaryimage"},"image":{"@id":"https:\/\/marcialiluminacion.es\/index.php\/producto\/lampara-132\/#primaryimage"},"thumbnailUrl":"https:\/\/marcialiluminacion.es\/wp-content\/uploads\/2026\/01\/25-14.jpg","datePublished":"2026-02-17T19:44:56+00:00","dateModified":"2026-02-21T10:31:36+00:00","breadcrumb":{"@id":"https:\/\/marcialiluminacion.es\/index.php\/producto\/lampara-132\/#breadcrumb"},"inLanguage":"es","potentialAction":[{"@type":"ReadAction","target":["https:\/\/marcialiluminacion.es\/index.php\/producto\/lampara-132\/"]}]},{"@type":"ImageObject","inLanguage":"es","@id":"https:\/\/marcialiluminacion.es\/index.php\/producto\/lampara-132\/#primaryimage","url":"https:\/\/marcialiluminacion.es\/wp-content\/uploads\/2026\/01\/25-14.jpg","contentUrl":"https:\/\/marcialiluminacion.es\/wp-content\/uploads\/2026\/01\/25-14.jpg","width":750,"height":1000},{"@type":"BreadcrumbList","@id":"https:\/\/marcialiluminacion.es\/index.php\/producto\/lampara-132\/#breadcrumb","itemListElement":[{"@type":"ListItem","position":1,"name":"Portada","item":"https:\/\/marcialiluminacion.es\/"},{"@type":"ListItem","position":2,"name":"Tienda","item":"https:\/\/marcialiluminacion.es\/index.php\/tienda\/"},{"@type":"ListItem","position":3,"name":"lampara 132"}]},{"@type":"WebSite","@id":"https:\/\/marcialiluminacion.es\/#website","url":"https:\/\/marcialiluminacion.es\/","name":"","description":"","potentialAction":[{"@type":"SearchAction","target":{"@type":"EntryPoint","urlTemplate":"https:\/\/marcialiluminacion.es\/?s={search_term_string}"},"query-input":{"@type":"PropertyValueSpecification","valueRequired":true,"valueName":"search_term_string"}}],"inLanguage":"es"}]}},"_links":{"self":[{"href":"https:\/\/marcialiluminacion.es\/index.php\/wp-json\/wp\/v2\/product\/710","targetHints":{"allow":["GET"]}}],"collection":[{"href":"https:\/\/marcialiluminacion.es\/index.php\/wp-json\/wp\/v2\/product"}],"about":[{"href":"https:\/\/marcialiluminacion.es\/index.php\/wp-json\/wp\/v2\/types\/product"}],"replies":[{"embeddable":true,"href":"https:\/\/marcialiluminacion.es\/index.php\/wp-json\/wp\/v2\/comments?post=710"}],"wp:featuredmedia":[{"embeddable":true,"href":"https:\/\/marcialiluminacion.es\/index.php\/wp-json\/wp\/v2\/media\/230"}],"wp:attachment":[{"href":"https:\/\/marcialiluminacion.es\/index.php\/wp-json\/wp\/v2\/media?parent=710"}],"wp:term":[{"taxonomy":"product_brand","embeddable":true,"href":"https:\/\/marcialiluminacion.es\/index.php\/wp-json\/wp\/v2\/product_brand?post=710"},{"taxonomy":"product_cat","embeddable":true,"href":"https:\/\/marcialiluminacion.es\/index.php\/wp-json\/wp\/v2\/product_cat?post=710"},{"taxonomy":"product_tag","embeddable":true,"href":"https:\/\/marcialiluminacion.es\/index.php\/wp-json\/wp\/v2\/product_tag?post=710"}],"curies":[{"name":"wp","href":"https:\/\/api.w.org\/{rel}","templated":true}]}}

<p data-start="0" data-end="102">Es una <strong data-start="7" data-end="51">lámpara colgante de diseño contemporáneo</strong>, con una estética <strong data-start="70" data-end="101">geométrica y muy decorativa</strong>.</p>
<p data-start="104" data-end="377">Presenta un <strong data-start="116" data-end="144">florón circular metálico</strong> en acabado <strong data-start="156" data-end="168">satinado</strong>, del que desciende un <strong data-start="191" data-end="206">cable negro</strong>. La pantalla está formada por <strong data-start="237" data-end="265">láminas metálicas negras</strong> dispuestas en forma <strong data-start="286" data-end="299">poligonal</strong>, creando un volumen facetado que deja pasar la luz a través de sus aberturas.</p>
<p data-start="379" data-end="593">El diseño genera <strong data-start="396" data-end="425">juegos de luces y sombras</strong> muy atractivos cuando está encendida, convirtiéndola en un auténtico elemento protagonista del espacio. Su estilo encaja entre lo <strong data-start="556" data-end="592">moderno, industrial y decorativo</strong>.</p>
<p data-start="595" data-end="766" data-is-last-node="" data-is-only-node="">Es ideal para <strong data-start="609" data-end="665">salones, comedores, dormitorios o espacios de diseño</strong>, especialmente en ambientes modernos donde se busca una <strong data-start="722" data-end="760">pieza llamativa y con personalidad</strong>.</p>

<!-- This site is optimized with the Yoast SEO plugin v27.2 - https://yoast.com/product/yoast-seo-wordpress/ -->
<title>lampara 132 -</title>
<meta name="robots" content="index, follow, max-snippet:-1, max-image-preview:large, max-video-preview:-1" />
<link rel="canonical" href="https://marcialiluminacion.es/index.php/producto/lampara-132/" />
<meta property="og:locale" content="es_ES" />
<meta property="og:type" content="article" />
<meta property="og:title" content="lampara 132 -" />
<meta property="og:description" content="Es una lámpara colgante de diseño contemporáneo, con una estética geométrica y muy decorativa.  Presenta un florón circular metálico en acabado satinado, del que desciende un cable negro. La pantalla está formada por láminas metálicas negras dispuestas en forma poligonal, creando un volumen facetado que deja pasar la luz a través de sus aberturas.  El diseño genera juegos de luces y sombras muy atractivos cuando está encendida, convirtiéndola en un auténtico elemento protagonista del espacio. Su estilo encaja entre lo moderno, industrial y decorativo.  Es ideal para salones, comedores, dormitorios o espacios de diseño, especialmente en ambientes modernos donde se busca una pieza llamativa y con personalidad." />
<meta property="og:url" content="https://marcialiluminacion.es/index.php/producto/lampara-132/" />
<meta property="article:modified_time" content="2026-02-21T10:31:36+00:00" />
<meta name="twitter:card" content="summary_large_image" />
<script type="application/ld+json" class="yoast-schema-graph">{"@context":"https://schema.org","@graph":[{"@type":"WebPage","@id":"https://marcialiluminacion.es/index.php/producto/lampara-132/","url":"https://marcialiluminacion.es/index.php/producto/lampara-132/","name":"lampara 132 -","isPartOf":{"@id":"https://marcialiluminacion.es/#website"},"primaryImageOfPage":{"@id":"https://marcialiluminacion.es/index.php/producto/lampara-132/#primaryimage"},"image":{"@id":"https://marcialiluminacion.es/index.php/producto/lampara-132/#primaryimage"},"thumbnailUrl":"https://marcialiluminacion.es/wp-content/uploads/2026/01/25-14.jpg","datePublished":"2026-02-17T19:44:56+00:00","dateModified":"2026-02-21T10:31:36+00:00","breadcrumb":{"@id":"https://marcialiluminacion.es/index.php/producto/lampara-132/#breadcrumb"},"inLanguage":"es","potentialAction":[{"@type":"ReadAction","target":["https://marcialiluminacion.es/index.php/producto/lampara-132/"]}]},{"@type":"ImageObject","inLanguage":"es","@id":"https://marcialiluminacion.es/index.php/producto/lampara-132/#primaryimage","url":"https://marcialiluminacion.es/wp-content/uploads/2026/01/25-14.jpg","contentUrl":"https://marcialiluminacion.es/wp-content/uploads/2026/01/25-14.jpg","width":750,"height":1000},{"@type":"BreadcrumbList","@id":"https://marcialiluminacion.es/index.php/producto/lampara-132/#breadcrumb","itemListElement":[{"@type":"ListItem","position":1,"name":"Portada","item":"https://marcialiluminacion.es/"},{"@type":"ListItem","position":2,"name":"Tienda","item":"https://marcialiluminacion.es/index.php/tienda/"},{"@type":"ListItem","position":3,"name":"lampara 132"}]},{"@type":"WebSite","@id":"https://marcialiluminacion.es/#website","url":"https://marcialiluminacion.es/","name":"","description":"","potentialAction":[{"@type":"SearchAction","target":{"@type":"EntryPoint","urlTemplate":"https://marcialiluminacion.es/?s={search_term_string}"},"query-input":{"@type":"PropertyValueSpecification","valueRequired":true,"valueName":"search_term_string"}}],"inLanguage":"es"}]}</script>
<!-- / Yoast SEO plugin. -->

Es una lámpara colgante de diseño contemporáneo, con una estética geométrica y muy decorativa.  Presenta un florón circular metálico en acabado satinado, del que desciende un cable negro. La pantalla está formada por láminas metálicas negras dispuestas en forma poligonal, creando un volumen facetado que deja pasar la luz a través de sus aberturas.  El diseño genera juegos de luces y sombras muy atractivos cuando está encendida, convirtiéndola en un auténtico elemento protagonista del espacio. Su estilo encaja entre lo moderno, industrial y decorativo.  Es ideal para salones, comedores, dormitorios o espacios de diseño, especialmente en ambientes modernos donde se busca una pieza llamativa y con personalidad.
