{"id":709,"date":"2026-02-17T19:44:56","date_gmt":"2026-02-17T19:44:56","guid":{"rendered":"https:\/\/marcialiluminacion.es\/?post_type=product&#038;p=709"},"modified":"2026-02-21T10:31:36","modified_gmt":"2026-02-21T10:31:36","slug":"lampara-131","status":"publish","type":"product","link":"https:\/\/marcialiluminacion.es\/index.php\/producto\/lampara-131\/","title":{"rendered":"lampara 131"},"content":{"rendered":"","protected":false},"excerpt":{"rendered":"<p data-start=\"0\" data-end=\"99\">Es una <strong data-start=\"7\" data-end=\"63\">l\u00e1mpara de techo colgante con tres focos orientables<\/strong>, de <strong data-start=\"68\" data-end=\"98\">estilo moderno y funcional<\/strong>.<\/p>\n<p data-start=\"101\" data-end=\"369\">Cuenta con un <strong data-start=\"115\" data-end=\"143\">flor\u00f3n circular met\u00e1lico<\/strong> con acabado <strong data-start=\"156\" data-end=\"168\">satinado<\/strong> y base en tono <strong data-start=\"184\" data-end=\"194\">madera<\/strong>, que aporta calidez al conjunto. Desde \u00e9l descienden <strong data-start=\"248\" data-end=\"281\">tres barras r\u00edgidas met\u00e1licas<\/strong>, cada una rematada con un <strong data-start=\"308\" data-end=\"334\">foco c\u00f3nico orientable<\/strong> con <strong data-start=\"339\" data-end=\"368\">detalle frontal en madera<\/strong>.<\/p>\n<p data-start=\"371\" data-end=\"615\">Los focos permiten <strong data-start=\"390\" data-end=\"431\">dirigir la luz de forma independiente<\/strong>, proporcionando una iluminaci\u00f3n <strong data-start=\"464\" data-end=\"486\">puntual y vers\u00e1til<\/strong>, ideal para resaltar zonas concretas. El dise\u00f1o combina l\u00edneas modernas con materiales c\u00e1lidos, logrando un equilibrio elegante.<\/p>\n<p data-start=\"617\" data-end=\"754\" data-is-last-node=\"\" data-is-only-node=\"\">Es perfecta para <strong data-start=\"634\" data-end=\"676\">salones, comedores, cocinas o estudios<\/strong>, especialmente en espacios de estilo <strong data-start=\"714\" data-end=\"750\">n\u00f3rdico, contempor\u00e1neo o moderno<\/strong>.<\/p>\n","protected":false},"featured_media":229,"comment_status":"open","ping_status":"closed","template":"","meta":[],"product_brand":[],"product_cat":[15],"product_tag":[],"class_list":["post-709","product","type-product","status-publish","has-post-thumbnail","product_cat-sin-categorizar","first","instock","sale","shipping-taxable","purchasable","product-type-simple"],"yoast_head":"<!-- This site is optimized with the Yoast SEO plugin v27.2 - https:\/\/yoast.com\/product\/yoast-seo-wordpress\/ -->\n<title>lampara 131 -<\/title>\n<meta name=\"robots\" content=\"index, follow, max-snippet:-1, max-image-preview:large, max-video-preview:-1\" \/>\n<link rel=\"canonical\" href=\"https:\/\/marcialiluminacion.es\/index.php\/producto\/lampara-131\/\" \/>\n<meta property=\"og:locale\" content=\"es_ES\" \/>\n<meta property=\"og:type\" content=\"article\" \/>\n<meta property=\"og:title\" content=\"lampara 131 -\" \/>\n<meta property=\"og:description\" content=\"Es una l\u00e1mpara de techo colgante con tres focos orientables, de estilo moderno y funcional.  Cuenta con un flor\u00f3n circular met\u00e1lico con acabado satinado y base en tono madera, que aporta calidez al conjunto. Desde \u00e9l descienden tres barras r\u00edgidas met\u00e1licas, cada una rematada con un foco c\u00f3nico orientable con detalle frontal en madera.  Los focos permiten dirigir la luz de forma independiente, proporcionando una iluminaci\u00f3n puntual y vers\u00e1til, ideal para resaltar zonas concretas. El dise\u00f1o combina l\u00edneas modernas con materiales c\u00e1lidos, logrando un equilibrio elegante.  Es perfecta para salones, comedores, cocinas o estudios, especialmente en espacios de estilo n\u00f3rdico, contempor\u00e1neo o moderno.\" \/>\n<meta property=\"og:url\" content=\"https:\/\/marcialiluminacion.es\/index.php\/producto\/lampara-131\/\" \/>\n<meta property=\"article:modified_time\" content=\"2026-02-21T10:31:36+00:00\" \/>\n<meta name=\"twitter:card\" content=\"summary_large_image\" \/>\n<script type=\"application\/ld+json\" class=\"yoast-schema-graph\">{\"@context\":\"https:\/\/schema.org\",\"@graph\":[{\"@type\":\"WebPage\",\"@id\":\"https:\/\/marcialiluminacion.es\/index.php\/producto\/lampara-131\/\",\"url\":\"https:\/\/marcialiluminacion.es\/index.php\/producto\/lampara-131\/\",\"name\":\"lampara 131 -\",\"isPartOf\":{\"@id\":\"https:\/\/marcialiluminacion.es\/#website\"},\"primaryImageOfPage\":{\"@id\":\"https:\/\/marcialiluminacion.es\/index.php\/producto\/lampara-131\/#primaryimage\"},\"image\":{\"@id\":\"https:\/\/marcialiluminacion.es\/index.php\/producto\/lampara-131\/#primaryimage\"},\"thumbnailUrl\":\"https:\/\/marcialiluminacion.es\/wp-content\/uploads\/2026\/01\/25-13.jpg\",\"datePublished\":\"2026-02-17T19:44:56+00:00\",\"dateModified\":\"2026-02-21T10:31:36+00:00\",\"breadcrumb\":{\"@id\":\"https:\/\/marcialiluminacion.es\/index.php\/producto\/lampara-131\/#breadcrumb\"},\"inLanguage\":\"es\",\"potentialAction\":[{\"@type\":\"ReadAction\",\"target\":[\"https:\/\/marcialiluminacion.es\/index.php\/producto\/lampara-131\/\"]}]},{\"@type\":\"ImageObject\",\"inLanguage\":\"es\",\"@id\":\"https:\/\/marcialiluminacion.es\/index.php\/producto\/lampara-131\/#primaryimage\",\"url\":\"https:\/\/marcialiluminacion.es\/wp-content\/uploads\/2026\/01\/25-13.jpg\",\"contentUrl\":\"https:\/\/marcialiluminacion.es\/wp-content\/uploads\/2026\/01\/25-13.jpg\",\"width\":750,\"height\":1000},{\"@type\":\"BreadcrumbList\",\"@id\":\"https:\/\/marcialiluminacion.es\/index.php\/producto\/lampara-131\/#breadcrumb\",\"itemListElement\":[{\"@type\":\"ListItem\",\"position\":1,\"name\":\"Portada\",\"item\":\"https:\/\/marcialiluminacion.es\/\"},{\"@type\":\"ListItem\",\"position\":2,\"name\":\"Tienda\",\"item\":\"https:\/\/marcialiluminacion.es\/index.php\/tienda\/\"},{\"@type\":\"ListItem\",\"position\":3,\"name\":\"lampara 131\"}]},{\"@type\":\"WebSite\",\"@id\":\"https:\/\/marcialiluminacion.es\/#website\",\"url\":\"https:\/\/marcialiluminacion.es\/\",\"name\":\"\",\"description\":\"\",\"potentialAction\":[{\"@type\":\"SearchAction\",\"target\":{\"@type\":\"EntryPoint\",\"urlTemplate\":\"https:\/\/marcialiluminacion.es\/?s={search_term_string}\"},\"query-input\":{\"@type\":\"PropertyValueSpecification\",\"valueRequired\":true,\"valueName\":\"search_term_string\"}}],\"inLanguage\":\"es\"}]}<\/script>\n<!-- \/ Yoast SEO plugin. -->","yoast_head_json":{"title":"lampara 131 -","robots":{"index":"index","follow":"follow","max-snippet":"max-snippet:-1","max-image-preview":"max-image-preview:large","max-video-preview":"max-video-preview:-1"},"canonical":"https:\/\/marcialiluminacion.es\/index.php\/producto\/lampara-131\/","og_locale":"es_ES","og_type":"article","og_title":"lampara 131 -","og_description":"Es una l\u00e1mpara de techo colgante con tres focos orientables, de estilo moderno y funcional.  Cuenta con un flor\u00f3n circular met\u00e1lico con acabado satinado y base en tono madera, que aporta calidez al conjunto. Desde \u00e9l descienden tres barras r\u00edgidas met\u00e1licas, cada una rematada con un foco c\u00f3nico orientable con detalle frontal en madera.  Los focos permiten dirigir la luz de forma independiente, proporcionando una iluminaci\u00f3n puntual y vers\u00e1til, ideal para resaltar zonas concretas. El dise\u00f1o combina l\u00edneas modernas con materiales c\u00e1lidos, logrando un equilibrio elegante.  Es perfecta para salones, comedores, cocinas o estudios, especialmente en espacios de estilo n\u00f3rdico, contempor\u00e1neo o moderno.","og_url":"https:\/\/marcialiluminacion.es\/index.php\/producto\/lampara-131\/","article_modified_time":"2026-02-21T10:31:36+00:00","twitter_card":"summary_large_image","schema":{"@context":"https:\/\/schema.org","@graph":[{"@type":"WebPage","@id":"https:\/\/marcialiluminacion.es\/index.php\/producto\/lampara-131\/","url":"https:\/\/marcialiluminacion.es\/index.php\/producto\/lampara-131\/","name":"lampara 131 -","isPartOf":{"@id":"https:\/\/marcialiluminacion.es\/#website"},"primaryImageOfPage":{"@id":"https:\/\/marcialiluminacion.es\/index.php\/producto\/lampara-131\/#primaryimage"},"image":{"@id":"https:\/\/marcialiluminacion.es\/index.php\/producto\/lampara-131\/#primaryimage"},"thumbnailUrl":"https:\/\/marcialiluminacion.es\/wp-content\/uploads\/2026\/01\/25-13.jpg","datePublished":"2026-02-17T19:44:56+00:00","dateModified":"2026-02-21T10:31:36+00:00","breadcrumb":{"@id":"https:\/\/marcialiluminacion.es\/index.php\/producto\/lampara-131\/#breadcrumb"},"inLanguage":"es","potentialAction":[{"@type":"ReadAction","target":["https:\/\/marcialiluminacion.es\/index.php\/producto\/lampara-131\/"]}]},{"@type":"ImageObject","inLanguage":"es","@id":"https:\/\/marcialiluminacion.es\/index.php\/producto\/lampara-131\/#primaryimage","url":"https:\/\/marcialiluminacion.es\/wp-content\/uploads\/2026\/01\/25-13.jpg","contentUrl":"https:\/\/marcialiluminacion.es\/wp-content\/uploads\/2026\/01\/25-13.jpg","width":750,"height":1000},{"@type":"BreadcrumbList","@id":"https:\/\/marcialiluminacion.es\/index.php\/producto\/lampara-131\/#breadcrumb","itemListElement":[{"@type":"ListItem","position":1,"name":"Portada","item":"https:\/\/marcialiluminacion.es\/"},{"@type":"ListItem","position":2,"name":"Tienda","item":"https:\/\/marcialiluminacion.es\/index.php\/tienda\/"},{"@type":"ListItem","position":3,"name":"lampara 131"}]},{"@type":"WebSite","@id":"https:\/\/marcialiluminacion.es\/#website","url":"https:\/\/marcialiluminacion.es\/","name":"","description":"","potentialAction":[{"@type":"SearchAction","target":{"@type":"EntryPoint","urlTemplate":"https:\/\/marcialiluminacion.es\/?s={search_term_string}"},"query-input":{"@type":"PropertyValueSpecification","valueRequired":true,"valueName":"search_term_string"}}],"inLanguage":"es"}]}},"_links":{"self":[{"href":"https:\/\/marcialiluminacion.es\/index.php\/wp-json\/wp\/v2\/product\/709","targetHints":{"allow":["GET"]}}],"collection":[{"href":"https:\/\/marcialiluminacion.es\/index.php\/wp-json\/wp\/v2\/product"}],"about":[{"href":"https:\/\/marcialiluminacion.es\/index.php\/wp-json\/wp\/v2\/types\/product"}],"replies":[{"embeddable":true,"href":"https:\/\/marcialiluminacion.es\/index.php\/wp-json\/wp\/v2\/comments?post=709"}],"wp:featuredmedia":[{"embeddable":true,"href":"https:\/\/marcialiluminacion.es\/index.php\/wp-json\/wp\/v2\/media\/229"}],"wp:attachment":[{"href":"https:\/\/marcialiluminacion.es\/index.php\/wp-json\/wp\/v2\/media?parent=709"}],"wp:term":[{"taxonomy":"product_brand","embeddable":true,"href":"https:\/\/marcialiluminacion.es\/index.php\/wp-json\/wp\/v2\/product_brand?post=709"},{"taxonomy":"product_cat","embeddable":true,"href":"https:\/\/marcialiluminacion.es\/index.php\/wp-json\/wp\/v2\/product_cat?post=709"},{"taxonomy":"product_tag","embeddable":true,"href":"https:\/\/marcialiluminacion.es\/index.php\/wp-json\/wp\/v2\/product_tag?post=709"}],"curies":[{"name":"wp","href":"https:\/\/api.w.org\/{rel}","templated":true}]}}

<p data-start="0" data-end="99">Es una <strong data-start="7" data-end="63">lámpara de techo colgante con tres focos orientables</strong>, de <strong data-start="68" data-end="98">estilo moderno y funcional</strong>.</p>
<p data-start="101" data-end="369">Cuenta con un <strong data-start="115" data-end="143">florón circular metálico</strong> con acabado <strong data-start="156" data-end="168">satinado</strong> y base en tono <strong data-start="184" data-end="194">madera</strong>, que aporta calidez al conjunto. Desde él descienden <strong data-start="248" data-end="281">tres barras rígidas metálicas</strong>, cada una rematada con un <strong data-start="308" data-end="334">foco cónico orientable</strong> con <strong data-start="339" data-end="368">detalle frontal en madera</strong>.</p>
<p data-start="371" data-end="615">Los focos permiten <strong data-start="390" data-end="431">dirigir la luz de forma independiente</strong>, proporcionando una iluminación <strong data-start="464" data-end="486">puntual y versátil</strong>, ideal para resaltar zonas concretas. El diseño combina líneas modernas con materiales cálidos, logrando un equilibrio elegante.</p>
<p data-start="617" data-end="754" data-is-last-node="" data-is-only-node="">Es perfecta para <strong data-start="634" data-end="676">salones, comedores, cocinas o estudios</strong>, especialmente en espacios de estilo <strong data-start="714" data-end="750">nórdico, contemporáneo o moderno</strong>.</p>

<!-- This site is optimized with the Yoast SEO plugin v27.2 - https://yoast.com/product/yoast-seo-wordpress/ -->
<title>lampara 131 -</title>
<meta name="robots" content="index, follow, max-snippet:-1, max-image-preview:large, max-video-preview:-1" />
<link rel="canonical" href="https://marcialiluminacion.es/index.php/producto/lampara-131/" />
<meta property="og:locale" content="es_ES" />
<meta property="og:type" content="article" />
<meta property="og:title" content="lampara 131 -" />
<meta property="og:description" content="Es una lámpara de techo colgante con tres focos orientables, de estilo moderno y funcional.  Cuenta con un florón circular metálico con acabado satinado y base en tono madera, que aporta calidez al conjunto. Desde él descienden tres barras rígidas metálicas, cada una rematada con un foco cónico orientable con detalle frontal en madera.  Los focos permiten dirigir la luz de forma independiente, proporcionando una iluminación puntual y versátil, ideal para resaltar zonas concretas. El diseño combina líneas modernas con materiales cálidos, logrando un equilibrio elegante.  Es perfecta para salones, comedores, cocinas o estudios, especialmente en espacios de estilo nórdico, contemporáneo o moderno." />
<meta property="og:url" content="https://marcialiluminacion.es/index.php/producto/lampara-131/" />
<meta property="article:modified_time" content="2026-02-21T10:31:36+00:00" />
<meta name="twitter:card" content="summary_large_image" />
<script type="application/ld+json" class="yoast-schema-graph">{"@context":"https://schema.org","@graph":[{"@type":"WebPage","@id":"https://marcialiluminacion.es/index.php/producto/lampara-131/","url":"https://marcialiluminacion.es/index.php/producto/lampara-131/","name":"lampara 131 -","isPartOf":{"@id":"https://marcialiluminacion.es/#website"},"primaryImageOfPage":{"@id":"https://marcialiluminacion.es/index.php/producto/lampara-131/#primaryimage"},"image":{"@id":"https://marcialiluminacion.es/index.php/producto/lampara-131/#primaryimage"},"thumbnailUrl":"https://marcialiluminacion.es/wp-content/uploads/2026/01/25-13.jpg","datePublished":"2026-02-17T19:44:56+00:00","dateModified":"2026-02-21T10:31:36+00:00","breadcrumb":{"@id":"https://marcialiluminacion.es/index.php/producto/lampara-131/#breadcrumb"},"inLanguage":"es","potentialAction":[{"@type":"ReadAction","target":["https://marcialiluminacion.es/index.php/producto/lampara-131/"]}]},{"@type":"ImageObject","inLanguage":"es","@id":"https://marcialiluminacion.es/index.php/producto/lampara-131/#primaryimage","url":"https://marcialiluminacion.es/wp-content/uploads/2026/01/25-13.jpg","contentUrl":"https://marcialiluminacion.es/wp-content/uploads/2026/01/25-13.jpg","width":750,"height":1000},{"@type":"BreadcrumbList","@id":"https://marcialiluminacion.es/index.php/producto/lampara-131/#breadcrumb","itemListElement":[{"@type":"ListItem","position":1,"name":"Portada","item":"https://marcialiluminacion.es/"},{"@type":"ListItem","position":2,"name":"Tienda","item":"https://marcialiluminacion.es/index.php/tienda/"},{"@type":"ListItem","position":3,"name":"lampara 131"}]},{"@type":"WebSite","@id":"https://marcialiluminacion.es/#website","url":"https://marcialiluminacion.es/","name":"","description":"","potentialAction":[{"@type":"SearchAction","target":{"@type":"EntryPoint","urlTemplate":"https://marcialiluminacion.es/?s={search_term_string}"},"query-input":{"@type":"PropertyValueSpecification","valueRequired":true,"valueName":"search_term_string"}}],"inLanguage":"es"}]}</script>
<!-- / Yoast SEO plugin. -->

Es una lámpara de techo colgante con tres focos orientables, de estilo moderno y funcional.  Cuenta con un florón circular metálico con acabado satinado y base en tono madera, que aporta calidez al conjunto. Desde él descienden tres barras rígidas metálicas, cada una rematada con un foco cónico orientable con detalle frontal en madera.  Los focos permiten dirigir la luz de forma independiente, proporcionando una iluminación puntual y versátil, ideal para resaltar zonas concretas. El diseño combina líneas modernas con materiales cálidos, logrando un equilibrio elegante.  Es perfecta para salones, comedores, cocinas o estudios, especialmente en espacios de estilo nórdico, contemporáneo o moderno.
