{"id":708,"date":"2026-02-17T19:44:55","date_gmt":"2026-02-17T19:44:55","guid":{"rendered":"https:\/\/marcialiluminacion.es\/?post_type=product&#038;p=708"},"modified":"2026-02-21T10:31:36","modified_gmt":"2026-02-21T10:31:36","slug":"lampara-130","status":"publish","type":"product","link":"https:\/\/marcialiluminacion.es\/index.php\/producto\/lampara-130\/","title":{"rendered":"lampara 130"},"content":{"rendered":"","protected":false},"excerpt":{"rendered":"<p data-start=\"0\" data-end=\"107\">Es una <strong data-start=\"7\" data-end=\"64\">l\u00e1mpara de techo con tres focos colgantes orientables<\/strong>, de <strong data-start=\"69\" data-end=\"106\">estilo moderno con toques c\u00e1lidos<\/strong>.<\/p>\n<p data-start=\"109\" data-end=\"420\">Cuenta con un <strong data-start=\"123\" data-end=\"142\">flor\u00f3n circular<\/strong> con acabado <strong data-start=\"155\" data-end=\"165\">madera<\/strong>, que aporta naturalidad y contraste. Desde \u00e9l descienden <strong data-start=\"223\" data-end=\"248\">tres barras met\u00e1licas<\/strong> en tono satinado. En el extremo de cada una hay un <strong data-start=\"300\" data-end=\"319\">foco orientable<\/strong> con <strong data-start=\"324\" data-end=\"351\">pantalla de vidrio opal<\/strong> y <strong data-start=\"354\" data-end=\"384\">detalle superior en madera<\/strong>, combinando funcionalidad y dise\u00f1o.<\/p>\n<p data-start=\"422\" data-end=\"605\">Los focos permiten <strong data-start=\"441\" data-end=\"482\">dirigir la luz de forma independiente<\/strong>, ofreciendo una iluminaci\u00f3n vers\u00e1til tanto ambiental como puntual. El vidrio opal suaviza la luz y evita deslumbramientos.<\/p>\n<p data-start=\"607\" data-end=\"795\" data-is-last-node=\"\" data-is-only-node=\"\">Es ideal para <strong data-start=\"621\" data-end=\"678\">salones, comedores, cocinas o espacios contempor\u00e1neos<\/strong>, especialmente en interiores que combinan <strong data-start=\"721\" data-end=\"756\">materiales naturales y modernos<\/strong>, como el estilo n\u00f3rdico o actual.<\/p>\n","protected":false},"featured_media":228,"comment_status":"open","ping_status":"closed","template":"","meta":[],"product_brand":[],"product_cat":[15],"product_tag":[],"class_list":["post-708","product","type-product","status-publish","has-post-thumbnail","product_cat-sin-categorizar","first","instock","sale","shipping-taxable","purchasable","product-type-simple"],"yoast_head":"<!-- This site is optimized with the Yoast SEO plugin v27.2 - https:\/\/yoast.com\/product\/yoast-seo-wordpress\/ -->\n<title>lampara 130 -<\/title>\n<meta name=\"robots\" content=\"index, follow, max-snippet:-1, max-image-preview:large, max-video-preview:-1\" \/>\n<link rel=\"canonical\" href=\"https:\/\/marcialiluminacion.es\/index.php\/producto\/lampara-130\/\" \/>\n<meta property=\"og:locale\" content=\"es_ES\" \/>\n<meta property=\"og:type\" content=\"article\" \/>\n<meta property=\"og:title\" content=\"lampara 130 -\" \/>\n<meta property=\"og:description\" content=\"Es una l\u00e1mpara de techo con tres focos colgantes orientables, de estilo moderno con toques c\u00e1lidos.  Cuenta con un flor\u00f3n circular con acabado madera, que aporta naturalidad y contraste. Desde \u00e9l descienden tres barras met\u00e1licas en tono satinado. En el extremo de cada una hay un foco orientable con pantalla de vidrio opal y detalle superior en madera, combinando funcionalidad y dise\u00f1o.  Los focos permiten dirigir la luz de forma independiente, ofreciendo una iluminaci\u00f3n vers\u00e1til tanto ambiental como puntual. El vidrio opal suaviza la luz y evita deslumbramientos.  Es ideal para salones, comedores, cocinas o espacios contempor\u00e1neos, especialmente en interiores que combinan materiales naturales y modernos, como el estilo n\u00f3rdico o actual.\" \/>\n<meta property=\"og:url\" content=\"https:\/\/marcialiluminacion.es\/index.php\/producto\/lampara-130\/\" \/>\n<meta property=\"article:modified_time\" content=\"2026-02-21T10:31:36+00:00\" \/>\n<meta name=\"twitter:card\" content=\"summary_large_image\" \/>\n<script type=\"application\/ld+json\" class=\"yoast-schema-graph\">{\"@context\":\"https:\/\/schema.org\",\"@graph\":[{\"@type\":\"WebPage\",\"@id\":\"https:\/\/marcialiluminacion.es\/index.php\/producto\/lampara-130\/\",\"url\":\"https:\/\/marcialiluminacion.es\/index.php\/producto\/lampara-130\/\",\"name\":\"lampara 130 -\",\"isPartOf\":{\"@id\":\"https:\/\/marcialiluminacion.es\/#website\"},\"primaryImageOfPage\":{\"@id\":\"https:\/\/marcialiluminacion.es\/index.php\/producto\/lampara-130\/#primaryimage\"},\"image\":{\"@id\":\"https:\/\/marcialiluminacion.es\/index.php\/producto\/lampara-130\/#primaryimage\"},\"thumbnailUrl\":\"https:\/\/marcialiluminacion.es\/wp-content\/uploads\/2026\/01\/25-12.jpg\",\"datePublished\":\"2026-02-17T19:44:55+00:00\",\"dateModified\":\"2026-02-21T10:31:36+00:00\",\"breadcrumb\":{\"@id\":\"https:\/\/marcialiluminacion.es\/index.php\/producto\/lampara-130\/#breadcrumb\"},\"inLanguage\":\"es\",\"potentialAction\":[{\"@type\":\"ReadAction\",\"target\":[\"https:\/\/marcialiluminacion.es\/index.php\/producto\/lampara-130\/\"]}]},{\"@type\":\"ImageObject\",\"inLanguage\":\"es\",\"@id\":\"https:\/\/marcialiluminacion.es\/index.php\/producto\/lampara-130\/#primaryimage\",\"url\":\"https:\/\/marcialiluminacion.es\/wp-content\/uploads\/2026\/01\/25-12.jpg\",\"contentUrl\":\"https:\/\/marcialiluminacion.es\/wp-content\/uploads\/2026\/01\/25-12.jpg\",\"width\":750,\"height\":1000},{\"@type\":\"BreadcrumbList\",\"@id\":\"https:\/\/marcialiluminacion.es\/index.php\/producto\/lampara-130\/#breadcrumb\",\"itemListElement\":[{\"@type\":\"ListItem\",\"position\":1,\"name\":\"Portada\",\"item\":\"https:\/\/marcialiluminacion.es\/\"},{\"@type\":\"ListItem\",\"position\":2,\"name\":\"Tienda\",\"item\":\"https:\/\/marcialiluminacion.es\/index.php\/tienda\/\"},{\"@type\":\"ListItem\",\"position\":3,\"name\":\"lampara 130\"}]},{\"@type\":\"WebSite\",\"@id\":\"https:\/\/marcialiluminacion.es\/#website\",\"url\":\"https:\/\/marcialiluminacion.es\/\",\"name\":\"\",\"description\":\"\",\"potentialAction\":[{\"@type\":\"SearchAction\",\"target\":{\"@type\":\"EntryPoint\",\"urlTemplate\":\"https:\/\/marcialiluminacion.es\/?s={search_term_string}\"},\"query-input\":{\"@type\":\"PropertyValueSpecification\",\"valueRequired\":true,\"valueName\":\"search_term_string\"}}],\"inLanguage\":\"es\"}]}<\/script>\n<!-- \/ Yoast SEO plugin. -->","yoast_head_json":{"title":"lampara 130 -","robots":{"index":"index","follow":"follow","max-snippet":"max-snippet:-1","max-image-preview":"max-image-preview:large","max-video-preview":"max-video-preview:-1"},"canonical":"https:\/\/marcialiluminacion.es\/index.php\/producto\/lampara-130\/","og_locale":"es_ES","og_type":"article","og_title":"lampara 130 -","og_description":"Es una l\u00e1mpara de techo con tres focos colgantes orientables, de estilo moderno con toques c\u00e1lidos.  Cuenta con un flor\u00f3n circular con acabado madera, que aporta naturalidad y contraste. Desde \u00e9l descienden tres barras met\u00e1licas en tono satinado. En el extremo de cada una hay un foco orientable con pantalla de vidrio opal y detalle superior en madera, combinando funcionalidad y dise\u00f1o.  Los focos permiten dirigir la luz de forma independiente, ofreciendo una iluminaci\u00f3n vers\u00e1til tanto ambiental como puntual. El vidrio opal suaviza la luz y evita deslumbramientos.  Es ideal para salones, comedores, cocinas o espacios contempor\u00e1neos, especialmente en interiores que combinan materiales naturales y modernos, como el estilo n\u00f3rdico o actual.","og_url":"https:\/\/marcialiluminacion.es\/index.php\/producto\/lampara-130\/","article_modified_time":"2026-02-21T10:31:36+00:00","twitter_card":"summary_large_image","schema":{"@context":"https:\/\/schema.org","@graph":[{"@type":"WebPage","@id":"https:\/\/marcialiluminacion.es\/index.php\/producto\/lampara-130\/","url":"https:\/\/marcialiluminacion.es\/index.php\/producto\/lampara-130\/","name":"lampara 130 -","isPartOf":{"@id":"https:\/\/marcialiluminacion.es\/#website"},"primaryImageOfPage":{"@id":"https:\/\/marcialiluminacion.es\/index.php\/producto\/lampara-130\/#primaryimage"},"image":{"@id":"https:\/\/marcialiluminacion.es\/index.php\/producto\/lampara-130\/#primaryimage"},"thumbnailUrl":"https:\/\/marcialiluminacion.es\/wp-content\/uploads\/2026\/01\/25-12.jpg","datePublished":"2026-02-17T19:44:55+00:00","dateModified":"2026-02-21T10:31:36+00:00","breadcrumb":{"@id":"https:\/\/marcialiluminacion.es\/index.php\/producto\/lampara-130\/#breadcrumb"},"inLanguage":"es","potentialAction":[{"@type":"ReadAction","target":["https:\/\/marcialiluminacion.es\/index.php\/producto\/lampara-130\/"]}]},{"@type":"ImageObject","inLanguage":"es","@id":"https:\/\/marcialiluminacion.es\/index.php\/producto\/lampara-130\/#primaryimage","url":"https:\/\/marcialiluminacion.es\/wp-content\/uploads\/2026\/01\/25-12.jpg","contentUrl":"https:\/\/marcialiluminacion.es\/wp-content\/uploads\/2026\/01\/25-12.jpg","width":750,"height":1000},{"@type":"BreadcrumbList","@id":"https:\/\/marcialiluminacion.es\/index.php\/producto\/lampara-130\/#breadcrumb","itemListElement":[{"@type":"ListItem","position":1,"name":"Portada","item":"https:\/\/marcialiluminacion.es\/"},{"@type":"ListItem","position":2,"name":"Tienda","item":"https:\/\/marcialiluminacion.es\/index.php\/tienda\/"},{"@type":"ListItem","position":3,"name":"lampara 130"}]},{"@type":"WebSite","@id":"https:\/\/marcialiluminacion.es\/#website","url":"https:\/\/marcialiluminacion.es\/","name":"","description":"","potentialAction":[{"@type":"SearchAction","target":{"@type":"EntryPoint","urlTemplate":"https:\/\/marcialiluminacion.es\/?s={search_term_string}"},"query-input":{"@type":"PropertyValueSpecification","valueRequired":true,"valueName":"search_term_string"}}],"inLanguage":"es"}]}},"_links":{"self":[{"href":"https:\/\/marcialiluminacion.es\/index.php\/wp-json\/wp\/v2\/product\/708","targetHints":{"allow":["GET"]}}],"collection":[{"href":"https:\/\/marcialiluminacion.es\/index.php\/wp-json\/wp\/v2\/product"}],"about":[{"href":"https:\/\/marcialiluminacion.es\/index.php\/wp-json\/wp\/v2\/types\/product"}],"replies":[{"embeddable":true,"href":"https:\/\/marcialiluminacion.es\/index.php\/wp-json\/wp\/v2\/comments?post=708"}],"wp:featuredmedia":[{"embeddable":true,"href":"https:\/\/marcialiluminacion.es\/index.php\/wp-json\/wp\/v2\/media\/228"}],"wp:attachment":[{"href":"https:\/\/marcialiluminacion.es\/index.php\/wp-json\/wp\/v2\/media?parent=708"}],"wp:term":[{"taxonomy":"product_brand","embeddable":true,"href":"https:\/\/marcialiluminacion.es\/index.php\/wp-json\/wp\/v2\/product_brand?post=708"},{"taxonomy":"product_cat","embeddable":true,"href":"https:\/\/marcialiluminacion.es\/index.php\/wp-json\/wp\/v2\/product_cat?post=708"},{"taxonomy":"product_tag","embeddable":true,"href":"https:\/\/marcialiluminacion.es\/index.php\/wp-json\/wp\/v2\/product_tag?post=708"}],"curies":[{"name":"wp","href":"https:\/\/api.w.org\/{rel}","templated":true}]}}

<p data-start="0" data-end="107">Es una <strong data-start="7" data-end="64">lámpara de techo con tres focos colgantes orientables</strong>, de <strong data-start="69" data-end="106">estilo moderno con toques cálidos</strong>.</p>
<p data-start="109" data-end="420">Cuenta con un <strong data-start="123" data-end="142">florón circular</strong> con acabado <strong data-start="155" data-end="165">madera</strong>, que aporta naturalidad y contraste. Desde él descienden <strong data-start="223" data-end="248">tres barras metálicas</strong> en tono satinado. En el extremo de cada una hay un <strong data-start="300" data-end="319">foco orientable</strong> con <strong data-start="324" data-end="351">pantalla de vidrio opal</strong> y <strong data-start="354" data-end="384">detalle superior en madera</strong>, combinando funcionalidad y diseño.</p>
<p data-start="422" data-end="605">Los focos permiten <strong data-start="441" data-end="482">dirigir la luz de forma independiente</strong>, ofreciendo una iluminación versátil tanto ambiental como puntual. El vidrio opal suaviza la luz y evita deslumbramientos.</p>
<p data-start="607" data-end="795" data-is-last-node="" data-is-only-node="">Es ideal para <strong data-start="621" data-end="678">salones, comedores, cocinas o espacios contemporáneos</strong>, especialmente en interiores que combinan <strong data-start="721" data-end="756">materiales naturales y modernos</strong>, como el estilo nórdico o actual.</p>

<!-- This site is optimized with the Yoast SEO plugin v27.2 - https://yoast.com/product/yoast-seo-wordpress/ -->
<title>lampara 130 -</title>
<meta name="robots" content="index, follow, max-snippet:-1, max-image-preview:large, max-video-preview:-1" />
<link rel="canonical" href="https://marcialiluminacion.es/index.php/producto/lampara-130/" />
<meta property="og:locale" content="es_ES" />
<meta property="og:type" content="article" />
<meta property="og:title" content="lampara 130 -" />
<meta property="og:description" content="Es una lámpara de techo con tres focos colgantes orientables, de estilo moderno con toques cálidos.  Cuenta con un florón circular con acabado madera, que aporta naturalidad y contraste. Desde él descienden tres barras metálicas en tono satinado. En el extremo de cada una hay un foco orientable con pantalla de vidrio opal y detalle superior en madera, combinando funcionalidad y diseño.  Los focos permiten dirigir la luz de forma independiente, ofreciendo una iluminación versátil tanto ambiental como puntual. El vidrio opal suaviza la luz y evita deslumbramientos.  Es ideal para salones, comedores, cocinas o espacios contemporáneos, especialmente en interiores que combinan materiales naturales y modernos, como el estilo nórdico o actual." />
<meta property="og:url" content="https://marcialiluminacion.es/index.php/producto/lampara-130/" />
<meta property="article:modified_time" content="2026-02-21T10:31:36+00:00" />
<meta name="twitter:card" content="summary_large_image" />
<script type="application/ld+json" class="yoast-schema-graph">{"@context":"https://schema.org","@graph":[{"@type":"WebPage","@id":"https://marcialiluminacion.es/index.php/producto/lampara-130/","url":"https://marcialiluminacion.es/index.php/producto/lampara-130/","name":"lampara 130 -","isPartOf":{"@id":"https://marcialiluminacion.es/#website"},"primaryImageOfPage":{"@id":"https://marcialiluminacion.es/index.php/producto/lampara-130/#primaryimage"},"image":{"@id":"https://marcialiluminacion.es/index.php/producto/lampara-130/#primaryimage"},"thumbnailUrl":"https://marcialiluminacion.es/wp-content/uploads/2026/01/25-12.jpg","datePublished":"2026-02-17T19:44:55+00:00","dateModified":"2026-02-21T10:31:36+00:00","breadcrumb":{"@id":"https://marcialiluminacion.es/index.php/producto/lampara-130/#breadcrumb"},"inLanguage":"es","potentialAction":[{"@type":"ReadAction","target":["https://marcialiluminacion.es/index.php/producto/lampara-130/"]}]},{"@type":"ImageObject","inLanguage":"es","@id":"https://marcialiluminacion.es/index.php/producto/lampara-130/#primaryimage","url":"https://marcialiluminacion.es/wp-content/uploads/2026/01/25-12.jpg","contentUrl":"https://marcialiluminacion.es/wp-content/uploads/2026/01/25-12.jpg","width":750,"height":1000},{"@type":"BreadcrumbList","@id":"https://marcialiluminacion.es/index.php/producto/lampara-130/#breadcrumb","itemListElement":[{"@type":"ListItem","position":1,"name":"Portada","item":"https://marcialiluminacion.es/"},{"@type":"ListItem","position":2,"name":"Tienda","item":"https://marcialiluminacion.es/index.php/tienda/"},{"@type":"ListItem","position":3,"name":"lampara 130"}]},{"@type":"WebSite","@id":"https://marcialiluminacion.es/#website","url":"https://marcialiluminacion.es/","name":"","description":"","potentialAction":[{"@type":"SearchAction","target":{"@type":"EntryPoint","urlTemplate":"https://marcialiluminacion.es/?s={search_term_string}"},"query-input":{"@type":"PropertyValueSpecification","valueRequired":true,"valueName":"search_term_string"}}],"inLanguage":"es"}]}</script>
<!-- / Yoast SEO plugin. -->

Es una lámpara de techo con tres focos colgantes orientables, de estilo moderno con toques cálidos.  Cuenta con un florón circular con acabado madera, que aporta naturalidad y contraste. Desde él descienden tres barras metálicas en tono satinado. En el extremo de cada una hay un foco orientable con pantalla de vidrio opal y detalle superior en madera, combinando funcionalidad y diseño.  Los focos permiten dirigir la luz de forma independiente, ofreciendo una iluminación versátil tanto ambiental como puntual. El vidrio opal suaviza la luz y evita deslumbramientos.  Es ideal para salones, comedores, cocinas o espacios contemporáneos, especialmente en interiores que combinan materiales naturales y modernos, como el estilo nórdico o actual.
