{"id":707,"date":"2026-02-17T19:44:50","date_gmt":"2026-02-17T19:44:50","guid":{"rendered":"https:\/\/marcialiluminacion.es\/?post_type=product&#038;p=707"},"modified":"2026-02-21T10:31:34","modified_gmt":"2026-02-21T10:31:34","slug":"lampara-129","status":"publish","type":"product","link":"https:\/\/marcialiluminacion.es\/index.php\/producto\/lampara-129\/","title":{"rendered":"lampara 129"},"content":{"rendered":"","protected":false},"excerpt":{"rendered":"<p data-start=\"0\" data-end=\"96\">Es una <strong data-start=\"7\" data-end=\"62\">l\u00e1mpara de techo colgante con doble foco orientable<\/strong>, de <strong data-start=\"67\" data-end=\"95\">estilo moderno y t\u00e9cnico<\/strong>.<\/p>\n<p data-start=\"98\" data-end=\"353\">Dispone de un <strong data-start=\"112\" data-end=\"139\">flor\u00f3n ovalado met\u00e1lico<\/strong> en acabado <strong data-start=\"151\" data-end=\"163\">satinado<\/strong>, del que descienden <strong data-start=\"184\" data-end=\"208\">dos cables met\u00e1licos<\/strong>. En el extremo de cada cable hay un <strong data-start=\"245\" data-end=\"271\">foco c\u00f3nico orientable<\/strong>, lo que permite <strong data-start=\"288\" data-end=\"330\">dirigir la luz de manera independiente<\/strong> hacia distintas zonas.<\/p>\n<p data-start=\"355\" data-end=\"569\">Su dise\u00f1o es <strong data-start=\"368\" data-end=\"395\">minimalista y funcional<\/strong>, pensado para ofrecer <strong data-start=\"418\" data-end=\"441\">iluminaci\u00f3n puntual<\/strong> con una est\u00e9tica limpia y discreta. Los focos son ideales para resaltar elementos concretos o iluminar superficies espec\u00edficas.<\/p>\n<p data-start=\"571\" data-end=\"725\" data-is-last-node=\"\" data-is-only-node=\"\">Es perfecta para <strong data-start=\"588\" data-end=\"663\">cocinas, pasillos, zonas de trabajo, estudios o espacios contempor\u00e1neos<\/strong>, combinando practicidad y dise\u00f1o sin recargar el ambiente.<\/p>\n","protected":false},"featured_media":223,"comment_status":"open","ping_status":"closed","template":"","meta":[],"product_brand":[],"product_cat":[15],"product_tag":[],"class_list":["post-707","product","type-product","status-publish","has-post-thumbnail","product_cat-sin-categorizar","first","instock","sale","shipping-taxable","purchasable","product-type-simple"],"yoast_head":"<!-- This site is optimized with the Yoast SEO plugin v27.2 - https:\/\/yoast.com\/product\/yoast-seo-wordpress\/ -->\n<title>lampara 129 -<\/title>\n<meta name=\"robots\" content=\"index, follow, max-snippet:-1, max-image-preview:large, max-video-preview:-1\" \/>\n<link rel=\"canonical\" href=\"https:\/\/marcialiluminacion.es\/index.php\/producto\/lampara-129\/\" \/>\n<meta property=\"og:locale\" content=\"es_ES\" \/>\n<meta property=\"og:type\" content=\"article\" \/>\n<meta property=\"og:title\" content=\"lampara 129 -\" \/>\n<meta property=\"og:description\" content=\"Es una l\u00e1mpara de techo colgante con doble foco orientable, de estilo moderno y t\u00e9cnico.  Dispone de un flor\u00f3n ovalado met\u00e1lico en acabado satinado, del que descienden dos cables met\u00e1licos. En el extremo de cada cable hay un foco c\u00f3nico orientable, lo que permite dirigir la luz de manera independiente hacia distintas zonas.  Su dise\u00f1o es minimalista y funcional, pensado para ofrecer iluminaci\u00f3n puntual con una est\u00e9tica limpia y discreta. Los focos son ideales para resaltar elementos concretos o iluminar superficies espec\u00edficas.  Es perfecta para cocinas, pasillos, zonas de trabajo, estudios o espacios contempor\u00e1neos, combinando practicidad y dise\u00f1o sin recargar el ambiente.\" \/>\n<meta property=\"og:url\" content=\"https:\/\/marcialiluminacion.es\/index.php\/producto\/lampara-129\/\" \/>\n<meta property=\"article:modified_time\" content=\"2026-02-21T10:31:34+00:00\" \/>\n<meta name=\"twitter:card\" content=\"summary_large_image\" \/>\n<script type=\"application\/ld+json\" class=\"yoast-schema-graph\">{\"@context\":\"https:\/\/schema.org\",\"@graph\":[{\"@type\":\"WebPage\",\"@id\":\"https:\/\/marcialiluminacion.es\/index.php\/producto\/lampara-129\/\",\"url\":\"https:\/\/marcialiluminacion.es\/index.php\/producto\/lampara-129\/\",\"name\":\"lampara 129 -\",\"isPartOf\":{\"@id\":\"https:\/\/marcialiluminacion.es\/#website\"},\"primaryImageOfPage\":{\"@id\":\"https:\/\/marcialiluminacion.es\/index.php\/producto\/lampara-129\/#primaryimage\"},\"image\":{\"@id\":\"https:\/\/marcialiluminacion.es\/index.php\/producto\/lampara-129\/#primaryimage\"},\"thumbnailUrl\":\"https:\/\/marcialiluminacion.es\/wp-content\/uploads\/2026\/01\/25-11.jpg\",\"datePublished\":\"2026-02-17T19:44:50+00:00\",\"dateModified\":\"2026-02-21T10:31:34+00:00\",\"breadcrumb\":{\"@id\":\"https:\/\/marcialiluminacion.es\/index.php\/producto\/lampara-129\/#breadcrumb\"},\"inLanguage\":\"es\",\"potentialAction\":[{\"@type\":\"ReadAction\",\"target\":[\"https:\/\/marcialiluminacion.es\/index.php\/producto\/lampara-129\/\"]}]},{\"@type\":\"ImageObject\",\"inLanguage\":\"es\",\"@id\":\"https:\/\/marcialiluminacion.es\/index.php\/producto\/lampara-129\/#primaryimage\",\"url\":\"https:\/\/marcialiluminacion.es\/wp-content\/uploads\/2026\/01\/25-11.jpg\",\"contentUrl\":\"https:\/\/marcialiluminacion.es\/wp-content\/uploads\/2026\/01\/25-11.jpg\",\"width\":737,\"height\":1000},{\"@type\":\"BreadcrumbList\",\"@id\":\"https:\/\/marcialiluminacion.es\/index.php\/producto\/lampara-129\/#breadcrumb\",\"itemListElement\":[{\"@type\":\"ListItem\",\"position\":1,\"name\":\"Portada\",\"item\":\"https:\/\/marcialiluminacion.es\/\"},{\"@type\":\"ListItem\",\"position\":2,\"name\":\"Tienda\",\"item\":\"https:\/\/marcialiluminacion.es\/index.php\/tienda\/\"},{\"@type\":\"ListItem\",\"position\":3,\"name\":\"lampara 129\"}]},{\"@type\":\"WebSite\",\"@id\":\"https:\/\/marcialiluminacion.es\/#website\",\"url\":\"https:\/\/marcialiluminacion.es\/\",\"name\":\"\",\"description\":\"\",\"potentialAction\":[{\"@type\":\"SearchAction\",\"target\":{\"@type\":\"EntryPoint\",\"urlTemplate\":\"https:\/\/marcialiluminacion.es\/?s={search_term_string}\"},\"query-input\":{\"@type\":\"PropertyValueSpecification\",\"valueRequired\":true,\"valueName\":\"search_term_string\"}}],\"inLanguage\":\"es\"}]}<\/script>\n<!-- \/ Yoast SEO plugin. -->","yoast_head_json":{"title":"lampara 129 -","robots":{"index":"index","follow":"follow","max-snippet":"max-snippet:-1","max-image-preview":"max-image-preview:large","max-video-preview":"max-video-preview:-1"},"canonical":"https:\/\/marcialiluminacion.es\/index.php\/producto\/lampara-129\/","og_locale":"es_ES","og_type":"article","og_title":"lampara 129 -","og_description":"Es una l\u00e1mpara de techo colgante con doble foco orientable, de estilo moderno y t\u00e9cnico.  Dispone de un flor\u00f3n ovalado met\u00e1lico en acabado satinado, del que descienden dos cables met\u00e1licos. En el extremo de cada cable hay un foco c\u00f3nico orientable, lo que permite dirigir la luz de manera independiente hacia distintas zonas.  Su dise\u00f1o es minimalista y funcional, pensado para ofrecer iluminaci\u00f3n puntual con una est\u00e9tica limpia y discreta. Los focos son ideales para resaltar elementos concretos o iluminar superficies espec\u00edficas.  Es perfecta para cocinas, pasillos, zonas de trabajo, estudios o espacios contempor\u00e1neos, combinando practicidad y dise\u00f1o sin recargar el ambiente.","og_url":"https:\/\/marcialiluminacion.es\/index.php\/producto\/lampara-129\/","article_modified_time":"2026-02-21T10:31:34+00:00","twitter_card":"summary_large_image","schema":{"@context":"https:\/\/schema.org","@graph":[{"@type":"WebPage","@id":"https:\/\/marcialiluminacion.es\/index.php\/producto\/lampara-129\/","url":"https:\/\/marcialiluminacion.es\/index.php\/producto\/lampara-129\/","name":"lampara 129 -","isPartOf":{"@id":"https:\/\/marcialiluminacion.es\/#website"},"primaryImageOfPage":{"@id":"https:\/\/marcialiluminacion.es\/index.php\/producto\/lampara-129\/#primaryimage"},"image":{"@id":"https:\/\/marcialiluminacion.es\/index.php\/producto\/lampara-129\/#primaryimage"},"thumbnailUrl":"https:\/\/marcialiluminacion.es\/wp-content\/uploads\/2026\/01\/25-11.jpg","datePublished":"2026-02-17T19:44:50+00:00","dateModified":"2026-02-21T10:31:34+00:00","breadcrumb":{"@id":"https:\/\/marcialiluminacion.es\/index.php\/producto\/lampara-129\/#breadcrumb"},"inLanguage":"es","potentialAction":[{"@type":"ReadAction","target":["https:\/\/marcialiluminacion.es\/index.php\/producto\/lampara-129\/"]}]},{"@type":"ImageObject","inLanguage":"es","@id":"https:\/\/marcialiluminacion.es\/index.php\/producto\/lampara-129\/#primaryimage","url":"https:\/\/marcialiluminacion.es\/wp-content\/uploads\/2026\/01\/25-11.jpg","contentUrl":"https:\/\/marcialiluminacion.es\/wp-content\/uploads\/2026\/01\/25-11.jpg","width":737,"height":1000},{"@type":"BreadcrumbList","@id":"https:\/\/marcialiluminacion.es\/index.php\/producto\/lampara-129\/#breadcrumb","itemListElement":[{"@type":"ListItem","position":1,"name":"Portada","item":"https:\/\/marcialiluminacion.es\/"},{"@type":"ListItem","position":2,"name":"Tienda","item":"https:\/\/marcialiluminacion.es\/index.php\/tienda\/"},{"@type":"ListItem","position":3,"name":"lampara 129"}]},{"@type":"WebSite","@id":"https:\/\/marcialiluminacion.es\/#website","url":"https:\/\/marcialiluminacion.es\/","name":"","description":"","potentialAction":[{"@type":"SearchAction","target":{"@type":"EntryPoint","urlTemplate":"https:\/\/marcialiluminacion.es\/?s={search_term_string}"},"query-input":{"@type":"PropertyValueSpecification","valueRequired":true,"valueName":"search_term_string"}}],"inLanguage":"es"}]}},"_links":{"self":[{"href":"https:\/\/marcialiluminacion.es\/index.php\/wp-json\/wp\/v2\/product\/707","targetHints":{"allow":["GET"]}}],"collection":[{"href":"https:\/\/marcialiluminacion.es\/index.php\/wp-json\/wp\/v2\/product"}],"about":[{"href":"https:\/\/marcialiluminacion.es\/index.php\/wp-json\/wp\/v2\/types\/product"}],"replies":[{"embeddable":true,"href":"https:\/\/marcialiluminacion.es\/index.php\/wp-json\/wp\/v2\/comments?post=707"}],"wp:featuredmedia":[{"embeddable":true,"href":"https:\/\/marcialiluminacion.es\/index.php\/wp-json\/wp\/v2\/media\/223"}],"wp:attachment":[{"href":"https:\/\/marcialiluminacion.es\/index.php\/wp-json\/wp\/v2\/media?parent=707"}],"wp:term":[{"taxonomy":"product_brand","embeddable":true,"href":"https:\/\/marcialiluminacion.es\/index.php\/wp-json\/wp\/v2\/product_brand?post=707"},{"taxonomy":"product_cat","embeddable":true,"href":"https:\/\/marcialiluminacion.es\/index.php\/wp-json\/wp\/v2\/product_cat?post=707"},{"taxonomy":"product_tag","embeddable":true,"href":"https:\/\/marcialiluminacion.es\/index.php\/wp-json\/wp\/v2\/product_tag?post=707"}],"curies":[{"name":"wp","href":"https:\/\/api.w.org\/{rel}","templated":true}]}}

<p data-start="0" data-end="96">Es una <strong data-start="7" data-end="62">lámpara de techo colgante con doble foco orientable</strong>, de <strong data-start="67" data-end="95">estilo moderno y técnico</strong>.</p>
<p data-start="98" data-end="353">Dispone de un <strong data-start="112" data-end="139">florón ovalado metálico</strong> en acabado <strong data-start="151" data-end="163">satinado</strong>, del que descienden <strong data-start="184" data-end="208">dos cables metálicos</strong>. En el extremo de cada cable hay un <strong data-start="245" data-end="271">foco cónico orientable</strong>, lo que permite <strong data-start="288" data-end="330">dirigir la luz de manera independiente</strong> hacia distintas zonas.</p>
<p data-start="355" data-end="569">Su diseño es <strong data-start="368" data-end="395">minimalista y funcional</strong>, pensado para ofrecer <strong data-start="418" data-end="441">iluminación puntual</strong> con una estética limpia y discreta. Los focos son ideales para resaltar elementos concretos o iluminar superficies específicas.</p>
<p data-start="571" data-end="725" data-is-last-node="" data-is-only-node="">Es perfecta para <strong data-start="588" data-end="663">cocinas, pasillos, zonas de trabajo, estudios o espacios contemporáneos</strong>, combinando practicidad y diseño sin recargar el ambiente.</p>

<!-- This site is optimized with the Yoast SEO plugin v27.2 - https://yoast.com/product/yoast-seo-wordpress/ -->
<title>lampara 129 -</title>
<meta name="robots" content="index, follow, max-snippet:-1, max-image-preview:large, max-video-preview:-1" />
<link rel="canonical" href="https://marcialiluminacion.es/index.php/producto/lampara-129/" />
<meta property="og:locale" content="es_ES" />
<meta property="og:type" content="article" />
<meta property="og:title" content="lampara 129 -" />
<meta property="og:description" content="Es una lámpara de techo colgante con doble foco orientable, de estilo moderno y técnico.  Dispone de un florón ovalado metálico en acabado satinado, del que descienden dos cables metálicos. En el extremo de cada cable hay un foco cónico orientable, lo que permite dirigir la luz de manera independiente hacia distintas zonas.  Su diseño es minimalista y funcional, pensado para ofrecer iluminación puntual con una estética limpia y discreta. Los focos son ideales para resaltar elementos concretos o iluminar superficies específicas.  Es perfecta para cocinas, pasillos, zonas de trabajo, estudios o espacios contemporáneos, combinando practicidad y diseño sin recargar el ambiente." />
<meta property="og:url" content="https://marcialiluminacion.es/index.php/producto/lampara-129/" />
<meta property="article:modified_time" content="2026-02-21T10:31:34+00:00" />
<meta name="twitter:card" content="summary_large_image" />
<script type="application/ld+json" class="yoast-schema-graph">{"@context":"https://schema.org","@graph":[{"@type":"WebPage","@id":"https://marcialiluminacion.es/index.php/producto/lampara-129/","url":"https://marcialiluminacion.es/index.php/producto/lampara-129/","name":"lampara 129 -","isPartOf":{"@id":"https://marcialiluminacion.es/#website"},"primaryImageOfPage":{"@id":"https://marcialiluminacion.es/index.php/producto/lampara-129/#primaryimage"},"image":{"@id":"https://marcialiluminacion.es/index.php/producto/lampara-129/#primaryimage"},"thumbnailUrl":"https://marcialiluminacion.es/wp-content/uploads/2026/01/25-11.jpg","datePublished":"2026-02-17T19:44:50+00:00","dateModified":"2026-02-21T10:31:34+00:00","breadcrumb":{"@id":"https://marcialiluminacion.es/index.php/producto/lampara-129/#breadcrumb"},"inLanguage":"es","potentialAction":[{"@type":"ReadAction","target":["https://marcialiluminacion.es/index.php/producto/lampara-129/"]}]},{"@type":"ImageObject","inLanguage":"es","@id":"https://marcialiluminacion.es/index.php/producto/lampara-129/#primaryimage","url":"https://marcialiluminacion.es/wp-content/uploads/2026/01/25-11.jpg","contentUrl":"https://marcialiluminacion.es/wp-content/uploads/2026/01/25-11.jpg","width":737,"height":1000},{"@type":"BreadcrumbList","@id":"https://marcialiluminacion.es/index.php/producto/lampara-129/#breadcrumb","itemListElement":[{"@type":"ListItem","position":1,"name":"Portada","item":"https://marcialiluminacion.es/"},{"@type":"ListItem","position":2,"name":"Tienda","item":"https://marcialiluminacion.es/index.php/tienda/"},{"@type":"ListItem","position":3,"name":"lampara 129"}]},{"@type":"WebSite","@id":"https://marcialiluminacion.es/#website","url":"https://marcialiluminacion.es/","name":"","description":"","potentialAction":[{"@type":"SearchAction","target":{"@type":"EntryPoint","urlTemplate":"https://marcialiluminacion.es/?s={search_term_string}"},"query-input":{"@type":"PropertyValueSpecification","valueRequired":true,"valueName":"search_term_string"}}],"inLanguage":"es"}]}</script>
<!-- / Yoast SEO plugin. -->

Es una lámpara de techo colgante con doble foco orientable, de estilo moderno y técnico.  Dispone de un florón ovalado metálico en acabado satinado, del que descienden dos cables metálicos. En el extremo de cada cable hay un foco cónico orientable, lo que permite dirigir la luz de manera independiente hacia distintas zonas.  Su diseño es minimalista y funcional, pensado para ofrecer iluminación puntual con una estética limpia y discreta. Los focos son ideales para resaltar elementos concretos o iluminar superficies específicas.  Es perfecta para cocinas, pasillos, zonas de trabajo, estudios o espacios contemporáneos, combinando practicidad y diseño sin recargar el ambiente.
