{"id":706,"date":"2026-02-17T19:44:50","date_gmt":"2026-02-17T19:44:50","guid":{"rendered":"https:\/\/marcialiluminacion.es\/?post_type=product&#038;p=706"},"modified":"2026-02-21T10:31:34","modified_gmt":"2026-02-21T10:31:34","slug":"lampara-128","status":"publish","type":"product","link":"https:\/\/marcialiluminacion.es\/index.php\/producto\/lampara-128\/","title":{"rendered":"lampara 128"},"content":{"rendered":"","protected":false},"excerpt":{"rendered":"<p data-start=\"0\" data-end=\"90\">Es una <strong data-start=\"7\" data-end=\"50\">l\u00e1mpara colgante de exterior tipo farol<\/strong>, con un dise\u00f1o <strong data-start=\"66\" data-end=\"89\">cl\u00e1sico y funcional<\/strong>.<\/p>\n<p data-start=\"92\" data-end=\"278\">Est\u00e1 fabricada en <strong data-start=\"110\" data-end=\"119\">metal<\/strong> con acabado <strong data-start=\"132\" data-end=\"141\">negro<\/strong>, y se suspende mediante una <strong data-start=\"170\" data-end=\"180\">cadena<\/strong> a juego, que permite regular la altura. Incluye un <strong data-start=\"232\" data-end=\"251\">flor\u00f3n circular<\/strong> para la fijaci\u00f3n al techo.<\/p>\n<p data-start=\"280\" data-end=\"481\">El cuerpo del farol es <strong data-start=\"303\" data-end=\"318\">rectangular<\/strong>, con <strong data-start=\"324\" data-end=\"348\">paneles transl\u00facidos<\/strong> que difuminan la luz y evitan deslumbramientos. Su dise\u00f1o es sencillo y equilibrado, ideal para una iluminaci\u00f3n ambiental agradable.<\/p>\n<p data-start=\"483\" data-end=\"671\" data-is-last-node=\"\" data-is-only-node=\"\">Es perfecta para <strong data-start=\"500\" data-end=\"560\">porches, terrazas, entradas o zonas exteriores cubiertas<\/strong>, aportando una <strong data-start=\"576\" data-end=\"601\">luz suave y acogedora<\/strong> y encajando f\u00e1cilmente en entornos tradicionales o contempor\u00e1neos.<\/p>\n","protected":false},"featured_media":222,"comment_status":"open","ping_status":"closed","template":"","meta":[],"product_brand":[],"product_cat":[15],"product_tag":[],"class_list":["post-706","product","type-product","status-publish","has-post-thumbnail","product_cat-sin-categorizar","first","instock","sale","shipping-taxable","purchasable","product-type-simple"],"yoast_head":"<!-- This site is optimized with the Yoast SEO plugin v27.2 - https:\/\/yoast.com\/product\/yoast-seo-wordpress\/ -->\n<title>lampara 128 -<\/title>\n<meta name=\"robots\" content=\"index, follow, max-snippet:-1, max-image-preview:large, max-video-preview:-1\" \/>\n<link rel=\"canonical\" href=\"https:\/\/marcialiluminacion.es\/index.php\/producto\/lampara-128\/\" \/>\n<meta property=\"og:locale\" content=\"es_ES\" \/>\n<meta property=\"og:type\" content=\"article\" \/>\n<meta property=\"og:title\" content=\"lampara 128 -\" \/>\n<meta property=\"og:description\" content=\"Es una l\u00e1mpara colgante de exterior tipo farol, con un dise\u00f1o cl\u00e1sico y funcional.  Est\u00e1 fabricada en metal con acabado negro, y se suspende mediante una cadena a juego, que permite regular la altura. Incluye un flor\u00f3n circular para la fijaci\u00f3n al techo.  El cuerpo del farol es rectangular, con paneles transl\u00facidos que difuminan la luz y evitan deslumbramientos. Su dise\u00f1o es sencillo y equilibrado, ideal para una iluminaci\u00f3n ambiental agradable.  Es perfecta para porches, terrazas, entradas o zonas exteriores cubiertas, aportando una luz suave y acogedora y encajando f\u00e1cilmente en entornos tradicionales o contempor\u00e1neos.\" \/>\n<meta property=\"og:url\" content=\"https:\/\/marcialiluminacion.es\/index.php\/producto\/lampara-128\/\" \/>\n<meta property=\"article:modified_time\" content=\"2026-02-21T10:31:34+00:00\" \/>\n<meta name=\"twitter:card\" content=\"summary_large_image\" \/>\n<script type=\"application\/ld+json\" class=\"yoast-schema-graph\">{\"@context\":\"https:\/\/schema.org\",\"@graph\":[{\"@type\":\"WebPage\",\"@id\":\"https:\/\/marcialiluminacion.es\/index.php\/producto\/lampara-128\/\",\"url\":\"https:\/\/marcialiluminacion.es\/index.php\/producto\/lampara-128\/\",\"name\":\"lampara 128 -\",\"isPartOf\":{\"@id\":\"https:\/\/marcialiluminacion.es\/#website\"},\"primaryImageOfPage\":{\"@id\":\"https:\/\/marcialiluminacion.es\/index.php\/producto\/lampara-128\/#primaryimage\"},\"image\":{\"@id\":\"https:\/\/marcialiluminacion.es\/index.php\/producto\/lampara-128\/#primaryimage\"},\"thumbnailUrl\":\"https:\/\/marcialiluminacion.es\/wp-content\/uploads\/2026\/01\/25-10.jpg\",\"datePublished\":\"2026-02-17T19:44:50+00:00\",\"dateModified\":\"2026-02-21T10:31:34+00:00\",\"breadcrumb\":{\"@id\":\"https:\/\/marcialiluminacion.es\/index.php\/producto\/lampara-128\/#breadcrumb\"},\"inLanguage\":\"es\",\"potentialAction\":[{\"@type\":\"ReadAction\",\"target\":[\"https:\/\/marcialiluminacion.es\/index.php\/producto\/lampara-128\/\"]}]},{\"@type\":\"ImageObject\",\"inLanguage\":\"es\",\"@id\":\"https:\/\/marcialiluminacion.es\/index.php\/producto\/lampara-128\/#primaryimage\",\"url\":\"https:\/\/marcialiluminacion.es\/wp-content\/uploads\/2026\/01\/25-10.jpg\",\"contentUrl\":\"https:\/\/marcialiluminacion.es\/wp-content\/uploads\/2026\/01\/25-10.jpg\",\"width\":750,\"height\":1000},{\"@type\":\"BreadcrumbList\",\"@id\":\"https:\/\/marcialiluminacion.es\/index.php\/producto\/lampara-128\/#breadcrumb\",\"itemListElement\":[{\"@type\":\"ListItem\",\"position\":1,\"name\":\"Portada\",\"item\":\"https:\/\/marcialiluminacion.es\/\"},{\"@type\":\"ListItem\",\"position\":2,\"name\":\"Tienda\",\"item\":\"https:\/\/marcialiluminacion.es\/index.php\/tienda\/\"},{\"@type\":\"ListItem\",\"position\":3,\"name\":\"lampara 128\"}]},{\"@type\":\"WebSite\",\"@id\":\"https:\/\/marcialiluminacion.es\/#website\",\"url\":\"https:\/\/marcialiluminacion.es\/\",\"name\":\"\",\"description\":\"\",\"potentialAction\":[{\"@type\":\"SearchAction\",\"target\":{\"@type\":\"EntryPoint\",\"urlTemplate\":\"https:\/\/marcialiluminacion.es\/?s={search_term_string}\"},\"query-input\":{\"@type\":\"PropertyValueSpecification\",\"valueRequired\":true,\"valueName\":\"search_term_string\"}}],\"inLanguage\":\"es\"}]}<\/script>\n<!-- \/ Yoast SEO plugin. -->","yoast_head_json":{"title":"lampara 128 -","robots":{"index":"index","follow":"follow","max-snippet":"max-snippet:-1","max-image-preview":"max-image-preview:large","max-video-preview":"max-video-preview:-1"},"canonical":"https:\/\/marcialiluminacion.es\/index.php\/producto\/lampara-128\/","og_locale":"es_ES","og_type":"article","og_title":"lampara 128 -","og_description":"Es una l\u00e1mpara colgante de exterior tipo farol, con un dise\u00f1o cl\u00e1sico y funcional.  Est\u00e1 fabricada en metal con acabado negro, y se suspende mediante una cadena a juego, que permite regular la altura. Incluye un flor\u00f3n circular para la fijaci\u00f3n al techo.  El cuerpo del farol es rectangular, con paneles transl\u00facidos que difuminan la luz y evitan deslumbramientos. Su dise\u00f1o es sencillo y equilibrado, ideal para una iluminaci\u00f3n ambiental agradable.  Es perfecta para porches, terrazas, entradas o zonas exteriores cubiertas, aportando una luz suave y acogedora y encajando f\u00e1cilmente en entornos tradicionales o contempor\u00e1neos.","og_url":"https:\/\/marcialiluminacion.es\/index.php\/producto\/lampara-128\/","article_modified_time":"2026-02-21T10:31:34+00:00","twitter_card":"summary_large_image","schema":{"@context":"https:\/\/schema.org","@graph":[{"@type":"WebPage","@id":"https:\/\/marcialiluminacion.es\/index.php\/producto\/lampara-128\/","url":"https:\/\/marcialiluminacion.es\/index.php\/producto\/lampara-128\/","name":"lampara 128 -","isPartOf":{"@id":"https:\/\/marcialiluminacion.es\/#website"},"primaryImageOfPage":{"@id":"https:\/\/marcialiluminacion.es\/index.php\/producto\/lampara-128\/#primaryimage"},"image":{"@id":"https:\/\/marcialiluminacion.es\/index.php\/producto\/lampara-128\/#primaryimage"},"thumbnailUrl":"https:\/\/marcialiluminacion.es\/wp-content\/uploads\/2026\/01\/25-10.jpg","datePublished":"2026-02-17T19:44:50+00:00","dateModified":"2026-02-21T10:31:34+00:00","breadcrumb":{"@id":"https:\/\/marcialiluminacion.es\/index.php\/producto\/lampara-128\/#breadcrumb"},"inLanguage":"es","potentialAction":[{"@type":"ReadAction","target":["https:\/\/marcialiluminacion.es\/index.php\/producto\/lampara-128\/"]}]},{"@type":"ImageObject","inLanguage":"es","@id":"https:\/\/marcialiluminacion.es\/index.php\/producto\/lampara-128\/#primaryimage","url":"https:\/\/marcialiluminacion.es\/wp-content\/uploads\/2026\/01\/25-10.jpg","contentUrl":"https:\/\/marcialiluminacion.es\/wp-content\/uploads\/2026\/01\/25-10.jpg","width":750,"height":1000},{"@type":"BreadcrumbList","@id":"https:\/\/marcialiluminacion.es\/index.php\/producto\/lampara-128\/#breadcrumb","itemListElement":[{"@type":"ListItem","position":1,"name":"Portada","item":"https:\/\/marcialiluminacion.es\/"},{"@type":"ListItem","position":2,"name":"Tienda","item":"https:\/\/marcialiluminacion.es\/index.php\/tienda\/"},{"@type":"ListItem","position":3,"name":"lampara 128"}]},{"@type":"WebSite","@id":"https:\/\/marcialiluminacion.es\/#website","url":"https:\/\/marcialiluminacion.es\/","name":"","description":"","potentialAction":[{"@type":"SearchAction","target":{"@type":"EntryPoint","urlTemplate":"https:\/\/marcialiluminacion.es\/?s={search_term_string}"},"query-input":{"@type":"PropertyValueSpecification","valueRequired":true,"valueName":"search_term_string"}}],"inLanguage":"es"}]}},"_links":{"self":[{"href":"https:\/\/marcialiluminacion.es\/index.php\/wp-json\/wp\/v2\/product\/706","targetHints":{"allow":["GET"]}}],"collection":[{"href":"https:\/\/marcialiluminacion.es\/index.php\/wp-json\/wp\/v2\/product"}],"about":[{"href":"https:\/\/marcialiluminacion.es\/index.php\/wp-json\/wp\/v2\/types\/product"}],"replies":[{"embeddable":true,"href":"https:\/\/marcialiluminacion.es\/index.php\/wp-json\/wp\/v2\/comments?post=706"}],"wp:featuredmedia":[{"embeddable":true,"href":"https:\/\/marcialiluminacion.es\/index.php\/wp-json\/wp\/v2\/media\/222"}],"wp:attachment":[{"href":"https:\/\/marcialiluminacion.es\/index.php\/wp-json\/wp\/v2\/media?parent=706"}],"wp:term":[{"taxonomy":"product_brand","embeddable":true,"href":"https:\/\/marcialiluminacion.es\/index.php\/wp-json\/wp\/v2\/product_brand?post=706"},{"taxonomy":"product_cat","embeddable":true,"href":"https:\/\/marcialiluminacion.es\/index.php\/wp-json\/wp\/v2\/product_cat?post=706"},{"taxonomy":"product_tag","embeddable":true,"href":"https:\/\/marcialiluminacion.es\/index.php\/wp-json\/wp\/v2\/product_tag?post=706"}],"curies":[{"name":"wp","href":"https:\/\/api.w.org\/{rel}","templated":true}]}}

<p data-start="0" data-end="90">Es una <strong data-start="7" data-end="50">lámpara colgante de exterior tipo farol</strong>, con un diseño <strong data-start="66" data-end="89">clásico y funcional</strong>.</p>
<p data-start="92" data-end="278">Está fabricada en <strong data-start="110" data-end="119">metal</strong> con acabado <strong data-start="132" data-end="141">negro</strong>, y se suspende mediante una <strong data-start="170" data-end="180">cadena</strong> a juego, que permite regular la altura. Incluye un <strong data-start="232" data-end="251">florón circular</strong> para la fijación al techo.</p>
<p data-start="280" data-end="481">El cuerpo del farol es <strong data-start="303" data-end="318">rectangular</strong>, con <strong data-start="324" data-end="348">paneles translúcidos</strong> que difuminan la luz y evitan deslumbramientos. Su diseño es sencillo y equilibrado, ideal para una iluminación ambiental agradable.</p>
<p data-start="483" data-end="671" data-is-last-node="" data-is-only-node="">Es perfecta para <strong data-start="500" data-end="560">porches, terrazas, entradas o zonas exteriores cubiertas</strong>, aportando una <strong data-start="576" data-end="601">luz suave y acogedora</strong> y encajando fácilmente en entornos tradicionales o contemporáneos.</p>

<!-- This site is optimized with the Yoast SEO plugin v27.2 - https://yoast.com/product/yoast-seo-wordpress/ -->
<title>lampara 128 -</title>
<meta name="robots" content="index, follow, max-snippet:-1, max-image-preview:large, max-video-preview:-1" />
<link rel="canonical" href="https://marcialiluminacion.es/index.php/producto/lampara-128/" />
<meta property="og:locale" content="es_ES" />
<meta property="og:type" content="article" />
<meta property="og:title" content="lampara 128 -" />
<meta property="og:description" content="Es una lámpara colgante de exterior tipo farol, con un diseño clásico y funcional.  Está fabricada en metal con acabado negro, y se suspende mediante una cadena a juego, que permite regular la altura. Incluye un florón circular para la fijación al techo.  El cuerpo del farol es rectangular, con paneles translúcidos que difuminan la luz y evitan deslumbramientos. Su diseño es sencillo y equilibrado, ideal para una iluminación ambiental agradable.  Es perfecta para porches, terrazas, entradas o zonas exteriores cubiertas, aportando una luz suave y acogedora y encajando fácilmente en entornos tradicionales o contemporáneos." />
<meta property="og:url" content="https://marcialiluminacion.es/index.php/producto/lampara-128/" />
<meta property="article:modified_time" content="2026-02-21T10:31:34+00:00" />
<meta name="twitter:card" content="summary_large_image" />
<script type="application/ld+json" class="yoast-schema-graph">{"@context":"https://schema.org","@graph":[{"@type":"WebPage","@id":"https://marcialiluminacion.es/index.php/producto/lampara-128/","url":"https://marcialiluminacion.es/index.php/producto/lampara-128/","name":"lampara 128 -","isPartOf":{"@id":"https://marcialiluminacion.es/#website"},"primaryImageOfPage":{"@id":"https://marcialiluminacion.es/index.php/producto/lampara-128/#primaryimage"},"image":{"@id":"https://marcialiluminacion.es/index.php/producto/lampara-128/#primaryimage"},"thumbnailUrl":"https://marcialiluminacion.es/wp-content/uploads/2026/01/25-10.jpg","datePublished":"2026-02-17T19:44:50+00:00","dateModified":"2026-02-21T10:31:34+00:00","breadcrumb":{"@id":"https://marcialiluminacion.es/index.php/producto/lampara-128/#breadcrumb"},"inLanguage":"es","potentialAction":[{"@type":"ReadAction","target":["https://marcialiluminacion.es/index.php/producto/lampara-128/"]}]},{"@type":"ImageObject","inLanguage":"es","@id":"https://marcialiluminacion.es/index.php/producto/lampara-128/#primaryimage","url":"https://marcialiluminacion.es/wp-content/uploads/2026/01/25-10.jpg","contentUrl":"https://marcialiluminacion.es/wp-content/uploads/2026/01/25-10.jpg","width":750,"height":1000},{"@type":"BreadcrumbList","@id":"https://marcialiluminacion.es/index.php/producto/lampara-128/#breadcrumb","itemListElement":[{"@type":"ListItem","position":1,"name":"Portada","item":"https://marcialiluminacion.es/"},{"@type":"ListItem","position":2,"name":"Tienda","item":"https://marcialiluminacion.es/index.php/tienda/"},{"@type":"ListItem","position":3,"name":"lampara 128"}]},{"@type":"WebSite","@id":"https://marcialiluminacion.es/#website","url":"https://marcialiluminacion.es/","name":"","description":"","potentialAction":[{"@type":"SearchAction","target":{"@type":"EntryPoint","urlTemplate":"https://marcialiluminacion.es/?s={search_term_string}"},"query-input":{"@type":"PropertyValueSpecification","valueRequired":true,"valueName":"search_term_string"}}],"inLanguage":"es"}]}</script>
<!-- / Yoast SEO plugin. -->

Es una lámpara colgante de exterior tipo farol, con un diseño clásico y funcional.  Está fabricada en metal con acabado negro, y se suspende mediante una cadena a juego, que permite regular la altura. Incluye un florón circular para la fijación al techo.  El cuerpo del farol es rectangular, con paneles translúcidos que difuminan la luz y evitan deslumbramientos. Su diseño es sencillo y equilibrado, ideal para una iluminación ambiental agradable.  Es perfecta para porches, terrazas, entradas o zonas exteriores cubiertas, aportando una luz suave y acogedora y encajando fácilmente en entornos tradicionales o contemporáneos.
