{"id":705,"date":"2026-02-17T19:44:50","date_gmt":"2026-02-17T19:44:50","guid":{"rendered":"https:\/\/marcialiluminacion.es\/?post_type=product&#038;p=705"},"modified":"2026-02-21T10:31:34","modified_gmt":"2026-02-21T10:31:34","slug":"lampara-127","status":"publish","type":"product","link":"https:\/\/marcialiluminacion.es\/index.php\/producto\/lampara-127\/","title":{"rendered":"lampara 127"},"content":{"rendered":"","protected":false},"excerpt":{"rendered":"<p data-start=\"0\" data-end=\"88\">Es una <strong data-start=\"7\" data-end=\"52\">l\u00e1mpara de techo colgante tipo foco doble<\/strong>, de <strong data-start=\"57\" data-end=\"87\">estilo moderno y funcional<\/strong>.<\/p>\n<p data-start=\"90\" data-end=\"358\">Cuenta con un <strong data-start=\"104\" data-end=\"132\">flor\u00f3n circular met\u00e1lico<\/strong> en acabado <strong data-start=\"144\" data-end=\"156\">satinado<\/strong>, del que descienden <strong data-start=\"177\" data-end=\"199\">dos barras r\u00edgidas<\/strong> met\u00e1licas. En el extremo de cada barra hay un <strong data-start=\"246\" data-end=\"265\">foco orientable<\/strong>, lo que permite <strong data-start=\"282\" data-end=\"323\">dirigir la luz de forma independiente<\/strong> seg\u00fan las necesidades del espacio.<\/p>\n<p data-start=\"360\" data-end=\"533\">El dise\u00f1o es <strong data-start=\"373\" data-end=\"393\">sobrio y t\u00e9cnico<\/strong>, pensado para ofrecer <strong data-start=\"416\" data-end=\"449\">iluminaci\u00f3n puntual y precisa<\/strong>. Los focos admiten bombillas tipo reflector, ideales para resaltar zonas concretas.<\/p>\n<p data-start=\"535\" data-end=\"712\" data-is-last-node=\"\" data-is-only-node=\"\">Es perfecta para <strong data-start=\"552\" data-end=\"627\">cocinas, pasillos, zonas de trabajo, vitrinas o espacios contempor\u00e1neos<\/strong>, aportando una soluci\u00f3n de iluminaci\u00f3n pr\u00e1ctica con una est\u00e9tica limpia y actual.<\/p>\n","protected":false},"featured_media":221,"comment_status":"open","ping_status":"closed","template":"","meta":[],"product_brand":[],"product_cat":[15],"product_tag":[],"class_list":["post-705","product","type-product","status-publish","has-post-thumbnail","product_cat-sin-categorizar","first","instock","sale","shipping-taxable","purchasable","product-type-simple"],"yoast_head":"<!-- This site is optimized with the Yoast SEO plugin v27.2 - https:\/\/yoast.com\/product\/yoast-seo-wordpress\/ -->\n<title>lampara 127 -<\/title>\n<meta name=\"robots\" content=\"index, follow, max-snippet:-1, max-image-preview:large, max-video-preview:-1\" \/>\n<link rel=\"canonical\" href=\"https:\/\/marcialiluminacion.es\/index.php\/producto\/lampara-127\/\" \/>\n<meta property=\"og:locale\" content=\"es_ES\" \/>\n<meta property=\"og:type\" content=\"article\" \/>\n<meta property=\"og:title\" content=\"lampara 127 -\" \/>\n<meta property=\"og:description\" content=\"Es una l\u00e1mpara de techo colgante tipo foco doble, de estilo moderno y funcional.  Cuenta con un flor\u00f3n circular met\u00e1lico en acabado satinado, del que descienden dos barras r\u00edgidas met\u00e1licas. En el extremo de cada barra hay un foco orientable, lo que permite dirigir la luz de forma independiente seg\u00fan las necesidades del espacio.  El dise\u00f1o es sobrio y t\u00e9cnico, pensado para ofrecer iluminaci\u00f3n puntual y precisa. Los focos admiten bombillas tipo reflector, ideales para resaltar zonas concretas.  Es perfecta para cocinas, pasillos, zonas de trabajo, vitrinas o espacios contempor\u00e1neos, aportando una soluci\u00f3n de iluminaci\u00f3n pr\u00e1ctica con una est\u00e9tica limpia y actual.\" \/>\n<meta property=\"og:url\" content=\"https:\/\/marcialiluminacion.es\/index.php\/producto\/lampara-127\/\" \/>\n<meta property=\"article:modified_time\" content=\"2026-02-21T10:31:34+00:00\" \/>\n<meta name=\"twitter:card\" content=\"summary_large_image\" \/>\n<script type=\"application\/ld+json\" class=\"yoast-schema-graph\">{\"@context\":\"https:\/\/schema.org\",\"@graph\":[{\"@type\":\"WebPage\",\"@id\":\"https:\/\/marcialiluminacion.es\/index.php\/producto\/lampara-127\/\",\"url\":\"https:\/\/marcialiluminacion.es\/index.php\/producto\/lampara-127\/\",\"name\":\"lampara 127 -\",\"isPartOf\":{\"@id\":\"https:\/\/marcialiluminacion.es\/#website\"},\"primaryImageOfPage\":{\"@id\":\"https:\/\/marcialiluminacion.es\/index.php\/producto\/lampara-127\/#primaryimage\"},\"image\":{\"@id\":\"https:\/\/marcialiluminacion.es\/index.php\/producto\/lampara-127\/#primaryimage\"},\"thumbnailUrl\":\"https:\/\/marcialiluminacion.es\/wp-content\/uploads\/2026\/01\/25-9.jpg\",\"datePublished\":\"2026-02-17T19:44:50+00:00\",\"dateModified\":\"2026-02-21T10:31:34+00:00\",\"breadcrumb\":{\"@id\":\"https:\/\/marcialiluminacion.es\/index.php\/producto\/lampara-127\/#breadcrumb\"},\"inLanguage\":\"es\",\"potentialAction\":[{\"@type\":\"ReadAction\",\"target\":[\"https:\/\/marcialiluminacion.es\/index.php\/producto\/lampara-127\/\"]}]},{\"@type\":\"ImageObject\",\"inLanguage\":\"es\",\"@id\":\"https:\/\/marcialiluminacion.es\/index.php\/producto\/lampara-127\/#primaryimage\",\"url\":\"https:\/\/marcialiluminacion.es\/wp-content\/uploads\/2026\/01\/25-9.jpg\",\"contentUrl\":\"https:\/\/marcialiluminacion.es\/wp-content\/uploads\/2026\/01\/25-9.jpg\",\"width\":750,\"height\":1000},{\"@type\":\"BreadcrumbList\",\"@id\":\"https:\/\/marcialiluminacion.es\/index.php\/producto\/lampara-127\/#breadcrumb\",\"itemListElement\":[{\"@type\":\"ListItem\",\"position\":1,\"name\":\"Portada\",\"item\":\"https:\/\/marcialiluminacion.es\/\"},{\"@type\":\"ListItem\",\"position\":2,\"name\":\"Tienda\",\"item\":\"https:\/\/marcialiluminacion.es\/index.php\/tienda\/\"},{\"@type\":\"ListItem\",\"position\":3,\"name\":\"lampara 127\"}]},{\"@type\":\"WebSite\",\"@id\":\"https:\/\/marcialiluminacion.es\/#website\",\"url\":\"https:\/\/marcialiluminacion.es\/\",\"name\":\"\",\"description\":\"\",\"potentialAction\":[{\"@type\":\"SearchAction\",\"target\":{\"@type\":\"EntryPoint\",\"urlTemplate\":\"https:\/\/marcialiluminacion.es\/?s={search_term_string}\"},\"query-input\":{\"@type\":\"PropertyValueSpecification\",\"valueRequired\":true,\"valueName\":\"search_term_string\"}}],\"inLanguage\":\"es\"}]}<\/script>\n<!-- \/ Yoast SEO plugin. -->","yoast_head_json":{"title":"lampara 127 -","robots":{"index":"index","follow":"follow","max-snippet":"max-snippet:-1","max-image-preview":"max-image-preview:large","max-video-preview":"max-video-preview:-1"},"canonical":"https:\/\/marcialiluminacion.es\/index.php\/producto\/lampara-127\/","og_locale":"es_ES","og_type":"article","og_title":"lampara 127 -","og_description":"Es una l\u00e1mpara de techo colgante tipo foco doble, de estilo moderno y funcional.  Cuenta con un flor\u00f3n circular met\u00e1lico en acabado satinado, del que descienden dos barras r\u00edgidas met\u00e1licas. En el extremo de cada barra hay un foco orientable, lo que permite dirigir la luz de forma independiente seg\u00fan las necesidades del espacio.  El dise\u00f1o es sobrio y t\u00e9cnico, pensado para ofrecer iluminaci\u00f3n puntual y precisa. Los focos admiten bombillas tipo reflector, ideales para resaltar zonas concretas.  Es perfecta para cocinas, pasillos, zonas de trabajo, vitrinas o espacios contempor\u00e1neos, aportando una soluci\u00f3n de iluminaci\u00f3n pr\u00e1ctica con una est\u00e9tica limpia y actual.","og_url":"https:\/\/marcialiluminacion.es\/index.php\/producto\/lampara-127\/","article_modified_time":"2026-02-21T10:31:34+00:00","twitter_card":"summary_large_image","schema":{"@context":"https:\/\/schema.org","@graph":[{"@type":"WebPage","@id":"https:\/\/marcialiluminacion.es\/index.php\/producto\/lampara-127\/","url":"https:\/\/marcialiluminacion.es\/index.php\/producto\/lampara-127\/","name":"lampara 127 -","isPartOf":{"@id":"https:\/\/marcialiluminacion.es\/#website"},"primaryImageOfPage":{"@id":"https:\/\/marcialiluminacion.es\/index.php\/producto\/lampara-127\/#primaryimage"},"image":{"@id":"https:\/\/marcialiluminacion.es\/index.php\/producto\/lampara-127\/#primaryimage"},"thumbnailUrl":"https:\/\/marcialiluminacion.es\/wp-content\/uploads\/2026\/01\/25-9.jpg","datePublished":"2026-02-17T19:44:50+00:00","dateModified":"2026-02-21T10:31:34+00:00","breadcrumb":{"@id":"https:\/\/marcialiluminacion.es\/index.php\/producto\/lampara-127\/#breadcrumb"},"inLanguage":"es","potentialAction":[{"@type":"ReadAction","target":["https:\/\/marcialiluminacion.es\/index.php\/producto\/lampara-127\/"]}]},{"@type":"ImageObject","inLanguage":"es","@id":"https:\/\/marcialiluminacion.es\/index.php\/producto\/lampara-127\/#primaryimage","url":"https:\/\/marcialiluminacion.es\/wp-content\/uploads\/2026\/01\/25-9.jpg","contentUrl":"https:\/\/marcialiluminacion.es\/wp-content\/uploads\/2026\/01\/25-9.jpg","width":750,"height":1000},{"@type":"BreadcrumbList","@id":"https:\/\/marcialiluminacion.es\/index.php\/producto\/lampara-127\/#breadcrumb","itemListElement":[{"@type":"ListItem","position":1,"name":"Portada","item":"https:\/\/marcialiluminacion.es\/"},{"@type":"ListItem","position":2,"name":"Tienda","item":"https:\/\/marcialiluminacion.es\/index.php\/tienda\/"},{"@type":"ListItem","position":3,"name":"lampara 127"}]},{"@type":"WebSite","@id":"https:\/\/marcialiluminacion.es\/#website","url":"https:\/\/marcialiluminacion.es\/","name":"","description":"","potentialAction":[{"@type":"SearchAction","target":{"@type":"EntryPoint","urlTemplate":"https:\/\/marcialiluminacion.es\/?s={search_term_string}"},"query-input":{"@type":"PropertyValueSpecification","valueRequired":true,"valueName":"search_term_string"}}],"inLanguage":"es"}]}},"_links":{"self":[{"href":"https:\/\/marcialiluminacion.es\/index.php\/wp-json\/wp\/v2\/product\/705","targetHints":{"allow":["GET"]}}],"collection":[{"href":"https:\/\/marcialiluminacion.es\/index.php\/wp-json\/wp\/v2\/product"}],"about":[{"href":"https:\/\/marcialiluminacion.es\/index.php\/wp-json\/wp\/v2\/types\/product"}],"replies":[{"embeddable":true,"href":"https:\/\/marcialiluminacion.es\/index.php\/wp-json\/wp\/v2\/comments?post=705"}],"wp:featuredmedia":[{"embeddable":true,"href":"https:\/\/marcialiluminacion.es\/index.php\/wp-json\/wp\/v2\/media\/221"}],"wp:attachment":[{"href":"https:\/\/marcialiluminacion.es\/index.php\/wp-json\/wp\/v2\/media?parent=705"}],"wp:term":[{"taxonomy":"product_brand","embeddable":true,"href":"https:\/\/marcialiluminacion.es\/index.php\/wp-json\/wp\/v2\/product_brand?post=705"},{"taxonomy":"product_cat","embeddable":true,"href":"https:\/\/marcialiluminacion.es\/index.php\/wp-json\/wp\/v2\/product_cat?post=705"},{"taxonomy":"product_tag","embeddable":true,"href":"https:\/\/marcialiluminacion.es\/index.php\/wp-json\/wp\/v2\/product_tag?post=705"}],"curies":[{"name":"wp","href":"https:\/\/api.w.org\/{rel}","templated":true}]}}

<p data-start="0" data-end="88">Es una <strong data-start="7" data-end="52">lámpara de techo colgante tipo foco doble</strong>, de <strong data-start="57" data-end="87">estilo moderno y funcional</strong>.</p>
<p data-start="90" data-end="358">Cuenta con un <strong data-start="104" data-end="132">florón circular metálico</strong> en acabado <strong data-start="144" data-end="156">satinado</strong>, del que descienden <strong data-start="177" data-end="199">dos barras rígidas</strong> metálicas. En el extremo de cada barra hay un <strong data-start="246" data-end="265">foco orientable</strong>, lo que permite <strong data-start="282" data-end="323">dirigir la luz de forma independiente</strong> según las necesidades del espacio.</p>
<p data-start="360" data-end="533">El diseño es <strong data-start="373" data-end="393">sobrio y técnico</strong>, pensado para ofrecer <strong data-start="416" data-end="449">iluminación puntual y precisa</strong>. Los focos admiten bombillas tipo reflector, ideales para resaltar zonas concretas.</p>
<p data-start="535" data-end="712" data-is-last-node="" data-is-only-node="">Es perfecta para <strong data-start="552" data-end="627">cocinas, pasillos, zonas de trabajo, vitrinas o espacios contemporáneos</strong>, aportando una solución de iluminación práctica con una estética limpia y actual.</p>

<!-- This site is optimized with the Yoast SEO plugin v27.2 - https://yoast.com/product/yoast-seo-wordpress/ -->
<title>lampara 127 -</title>
<meta name="robots" content="index, follow, max-snippet:-1, max-image-preview:large, max-video-preview:-1" />
<link rel="canonical" href="https://marcialiluminacion.es/index.php/producto/lampara-127/" />
<meta property="og:locale" content="es_ES" />
<meta property="og:type" content="article" />
<meta property="og:title" content="lampara 127 -" />
<meta property="og:description" content="Es una lámpara de techo colgante tipo foco doble, de estilo moderno y funcional.  Cuenta con un florón circular metálico en acabado satinado, del que descienden dos barras rígidas metálicas. En el extremo de cada barra hay un foco orientable, lo que permite dirigir la luz de forma independiente según las necesidades del espacio.  El diseño es sobrio y técnico, pensado para ofrecer iluminación puntual y precisa. Los focos admiten bombillas tipo reflector, ideales para resaltar zonas concretas.  Es perfecta para cocinas, pasillos, zonas de trabajo, vitrinas o espacios contemporáneos, aportando una solución de iluminación práctica con una estética limpia y actual." />
<meta property="og:url" content="https://marcialiluminacion.es/index.php/producto/lampara-127/" />
<meta property="article:modified_time" content="2026-02-21T10:31:34+00:00" />
<meta name="twitter:card" content="summary_large_image" />
<script type="application/ld+json" class="yoast-schema-graph">{"@context":"https://schema.org","@graph":[{"@type":"WebPage","@id":"https://marcialiluminacion.es/index.php/producto/lampara-127/","url":"https://marcialiluminacion.es/index.php/producto/lampara-127/","name":"lampara 127 -","isPartOf":{"@id":"https://marcialiluminacion.es/#website"},"primaryImageOfPage":{"@id":"https://marcialiluminacion.es/index.php/producto/lampara-127/#primaryimage"},"image":{"@id":"https://marcialiluminacion.es/index.php/producto/lampara-127/#primaryimage"},"thumbnailUrl":"https://marcialiluminacion.es/wp-content/uploads/2026/01/25-9.jpg","datePublished":"2026-02-17T19:44:50+00:00","dateModified":"2026-02-21T10:31:34+00:00","breadcrumb":{"@id":"https://marcialiluminacion.es/index.php/producto/lampara-127/#breadcrumb"},"inLanguage":"es","potentialAction":[{"@type":"ReadAction","target":["https://marcialiluminacion.es/index.php/producto/lampara-127/"]}]},{"@type":"ImageObject","inLanguage":"es","@id":"https://marcialiluminacion.es/index.php/producto/lampara-127/#primaryimage","url":"https://marcialiluminacion.es/wp-content/uploads/2026/01/25-9.jpg","contentUrl":"https://marcialiluminacion.es/wp-content/uploads/2026/01/25-9.jpg","width":750,"height":1000},{"@type":"BreadcrumbList","@id":"https://marcialiluminacion.es/index.php/producto/lampara-127/#breadcrumb","itemListElement":[{"@type":"ListItem","position":1,"name":"Portada","item":"https://marcialiluminacion.es/"},{"@type":"ListItem","position":2,"name":"Tienda","item":"https://marcialiluminacion.es/index.php/tienda/"},{"@type":"ListItem","position":3,"name":"lampara 127"}]},{"@type":"WebSite","@id":"https://marcialiluminacion.es/#website","url":"https://marcialiluminacion.es/","name":"","description":"","potentialAction":[{"@type":"SearchAction","target":{"@type":"EntryPoint","urlTemplate":"https://marcialiluminacion.es/?s={search_term_string}"},"query-input":{"@type":"PropertyValueSpecification","valueRequired":true,"valueName":"search_term_string"}}],"inLanguage":"es"}]}</script>
<!-- / Yoast SEO plugin. -->

Es una lámpara de techo colgante tipo foco doble, de estilo moderno y funcional.  Cuenta con un florón circular metálico en acabado satinado, del que descienden dos barras rígidas metálicas. En el extremo de cada barra hay un foco orientable, lo que permite dirigir la luz de forma independiente según las necesidades del espacio.  El diseño es sobrio y técnico, pensado para ofrecer iluminación puntual y precisa. Los focos admiten bombillas tipo reflector, ideales para resaltar zonas concretas.  Es perfecta para cocinas, pasillos, zonas de trabajo, vitrinas o espacios contemporáneos, aportando una solución de iluminación práctica con una estética limpia y actual.
