{"id":704,"date":"2026-02-17T19:44:50","date_gmt":"2026-02-17T19:44:50","guid":{"rendered":"https:\/\/marcialiluminacion.es\/?post_type=product&#038;p=704"},"modified":"2026-02-21T10:31:34","modified_gmt":"2026-02-21T10:31:34","slug":"lampara-126","status":"publish","type":"product","link":"https:\/\/marcialiluminacion.es\/index.php\/producto\/lampara-126\/","title":{"rendered":"lampara 126"},"content":{"rendered":"","protected":false},"excerpt":{"rendered":"<p data-start=\"0\" data-end=\"102\">Es una <strong data-start=\"7\" data-end=\"58\">l\u00e1mpara colgante de estilo moderno y decorativo<\/strong>, con un dise\u00f1o sencillo pero muy llamativo.<\/p>\n<p data-start=\"104\" data-end=\"361\">Cuenta con un <strong data-start=\"118\" data-end=\"146\">flor\u00f3n circular met\u00e1lico<\/strong> en acabado <strong data-start=\"158\" data-end=\"167\">cromo<\/strong>, del que desciende un <strong data-start=\"190\" data-end=\"204\">cable fino<\/strong>. En la parte inferior incorpora una <strong data-start=\"241\" data-end=\"272\">pantalla cil\u00edndrica de tela<\/strong> en <strong data-start=\"276\" data-end=\"298\">color rojo intenso<\/strong>, que aporta personalidad y un fuerte acento visual al espacio.<\/p>\n<p data-start=\"363\" data-end=\"555\">La pantalla textil <strong data-start=\"382\" data-end=\"410\">filtra la luz suavemente<\/strong>, creando una <strong data-start=\"424\" data-end=\"468\">iluminaci\u00f3n ambiental c\u00e1lida y acogedora<\/strong>. Su forma limpia y el color vivo la convierten en un elemento decorativo protagonista.<\/p>\n<p data-start=\"557\" data-end=\"724\" data-is-last-node=\"\" data-is-only-node=\"\">Es ideal para <strong data-start=\"571\" data-end=\"626\">salones, comedores, dormitorios o espacios modernos<\/strong>, especialmente en ambientes neutros donde se quiera a\u00f1adir un <strong data-start=\"689\" data-end=\"718\">toque de color y car\u00e1cter<\/strong>.<\/p>\n","protected":false},"featured_media":220,"comment_status":"open","ping_status":"closed","template":"","meta":[],"product_brand":[],"product_cat":[15],"product_tag":[],"class_list":["post-704","product","type-product","status-publish","has-post-thumbnail","product_cat-sin-categorizar","first","instock","sale","shipping-taxable","purchasable","product-type-simple"],"yoast_head":"<!-- This site is optimized with the Yoast SEO plugin v27.2 - https:\/\/yoast.com\/product\/yoast-seo-wordpress\/ -->\n<title>lampara 126 -<\/title>\n<meta name=\"robots\" content=\"index, follow, max-snippet:-1, max-image-preview:large, max-video-preview:-1\" \/>\n<link rel=\"canonical\" href=\"https:\/\/marcialiluminacion.es\/index.php\/producto\/lampara-126\/\" \/>\n<meta property=\"og:locale\" content=\"es_ES\" \/>\n<meta property=\"og:type\" content=\"article\" \/>\n<meta property=\"og:title\" content=\"lampara 126 -\" \/>\n<meta property=\"og:description\" content=\"Es una l\u00e1mpara colgante de estilo moderno y decorativo, con un dise\u00f1o sencillo pero muy llamativo.  Cuenta con un flor\u00f3n circular met\u00e1lico en acabado cromo, del que desciende un cable fino. En la parte inferior incorpora una pantalla cil\u00edndrica de tela en color rojo intenso, que aporta personalidad y un fuerte acento visual al espacio.  La pantalla textil filtra la luz suavemente, creando una iluminaci\u00f3n ambiental c\u00e1lida y acogedora. Su forma limpia y el color vivo la convierten en un elemento decorativo protagonista.  Es ideal para salones, comedores, dormitorios o espacios modernos, especialmente en ambientes neutros donde se quiera a\u00f1adir un toque de color y car\u00e1cter.\" \/>\n<meta property=\"og:url\" content=\"https:\/\/marcialiluminacion.es\/index.php\/producto\/lampara-126\/\" \/>\n<meta property=\"article:modified_time\" content=\"2026-02-21T10:31:34+00:00\" \/>\n<meta name=\"twitter:card\" content=\"summary_large_image\" \/>\n<script type=\"application\/ld+json\" class=\"yoast-schema-graph\">{\"@context\":\"https:\/\/schema.org\",\"@graph\":[{\"@type\":\"WebPage\",\"@id\":\"https:\/\/marcialiluminacion.es\/index.php\/producto\/lampara-126\/\",\"url\":\"https:\/\/marcialiluminacion.es\/index.php\/producto\/lampara-126\/\",\"name\":\"lampara 126 -\",\"isPartOf\":{\"@id\":\"https:\/\/marcialiluminacion.es\/#website\"},\"primaryImageOfPage\":{\"@id\":\"https:\/\/marcialiluminacion.es\/index.php\/producto\/lampara-126\/#primaryimage\"},\"image\":{\"@id\":\"https:\/\/marcialiluminacion.es\/index.php\/producto\/lampara-126\/#primaryimage\"},\"thumbnailUrl\":\"https:\/\/marcialiluminacion.es\/wp-content\/uploads\/2026\/01\/25-8.jpg\",\"datePublished\":\"2026-02-17T19:44:50+00:00\",\"dateModified\":\"2026-02-21T10:31:34+00:00\",\"breadcrumb\":{\"@id\":\"https:\/\/marcialiluminacion.es\/index.php\/producto\/lampara-126\/#breadcrumb\"},\"inLanguage\":\"es\",\"potentialAction\":[{\"@type\":\"ReadAction\",\"target\":[\"https:\/\/marcialiluminacion.es\/index.php\/producto\/lampara-126\/\"]}]},{\"@type\":\"ImageObject\",\"inLanguage\":\"es\",\"@id\":\"https:\/\/marcialiluminacion.es\/index.php\/producto\/lampara-126\/#primaryimage\",\"url\":\"https:\/\/marcialiluminacion.es\/wp-content\/uploads\/2026\/01\/25-8.jpg\",\"contentUrl\":\"https:\/\/marcialiluminacion.es\/wp-content\/uploads\/2026\/01\/25-8.jpg\",\"width\":750,\"height\":1000},{\"@type\":\"BreadcrumbList\",\"@id\":\"https:\/\/marcialiluminacion.es\/index.php\/producto\/lampara-126\/#breadcrumb\",\"itemListElement\":[{\"@type\":\"ListItem\",\"position\":1,\"name\":\"Portada\",\"item\":\"https:\/\/marcialiluminacion.es\/\"},{\"@type\":\"ListItem\",\"position\":2,\"name\":\"Tienda\",\"item\":\"https:\/\/marcialiluminacion.es\/index.php\/tienda\/\"},{\"@type\":\"ListItem\",\"position\":3,\"name\":\"lampara 126\"}]},{\"@type\":\"WebSite\",\"@id\":\"https:\/\/marcialiluminacion.es\/#website\",\"url\":\"https:\/\/marcialiluminacion.es\/\",\"name\":\"\",\"description\":\"\",\"potentialAction\":[{\"@type\":\"SearchAction\",\"target\":{\"@type\":\"EntryPoint\",\"urlTemplate\":\"https:\/\/marcialiluminacion.es\/?s={search_term_string}\"},\"query-input\":{\"@type\":\"PropertyValueSpecification\",\"valueRequired\":true,\"valueName\":\"search_term_string\"}}],\"inLanguage\":\"es\"}]}<\/script>\n<!-- \/ Yoast SEO plugin. -->","yoast_head_json":{"title":"lampara 126 -","robots":{"index":"index","follow":"follow","max-snippet":"max-snippet:-1","max-image-preview":"max-image-preview:large","max-video-preview":"max-video-preview:-1"},"canonical":"https:\/\/marcialiluminacion.es\/index.php\/producto\/lampara-126\/","og_locale":"es_ES","og_type":"article","og_title":"lampara 126 -","og_description":"Es una l\u00e1mpara colgante de estilo moderno y decorativo, con un dise\u00f1o sencillo pero muy llamativo.  Cuenta con un flor\u00f3n circular met\u00e1lico en acabado cromo, del que desciende un cable fino. En la parte inferior incorpora una pantalla cil\u00edndrica de tela en color rojo intenso, que aporta personalidad y un fuerte acento visual al espacio.  La pantalla textil filtra la luz suavemente, creando una iluminaci\u00f3n ambiental c\u00e1lida y acogedora. Su forma limpia y el color vivo la convierten en un elemento decorativo protagonista.  Es ideal para salones, comedores, dormitorios o espacios modernos, especialmente en ambientes neutros donde se quiera a\u00f1adir un toque de color y car\u00e1cter.","og_url":"https:\/\/marcialiluminacion.es\/index.php\/producto\/lampara-126\/","article_modified_time":"2026-02-21T10:31:34+00:00","twitter_card":"summary_large_image","schema":{"@context":"https:\/\/schema.org","@graph":[{"@type":"WebPage","@id":"https:\/\/marcialiluminacion.es\/index.php\/producto\/lampara-126\/","url":"https:\/\/marcialiluminacion.es\/index.php\/producto\/lampara-126\/","name":"lampara 126 -","isPartOf":{"@id":"https:\/\/marcialiluminacion.es\/#website"},"primaryImageOfPage":{"@id":"https:\/\/marcialiluminacion.es\/index.php\/producto\/lampara-126\/#primaryimage"},"image":{"@id":"https:\/\/marcialiluminacion.es\/index.php\/producto\/lampara-126\/#primaryimage"},"thumbnailUrl":"https:\/\/marcialiluminacion.es\/wp-content\/uploads\/2026\/01\/25-8.jpg","datePublished":"2026-02-17T19:44:50+00:00","dateModified":"2026-02-21T10:31:34+00:00","breadcrumb":{"@id":"https:\/\/marcialiluminacion.es\/index.php\/producto\/lampara-126\/#breadcrumb"},"inLanguage":"es","potentialAction":[{"@type":"ReadAction","target":["https:\/\/marcialiluminacion.es\/index.php\/producto\/lampara-126\/"]}]},{"@type":"ImageObject","inLanguage":"es","@id":"https:\/\/marcialiluminacion.es\/index.php\/producto\/lampara-126\/#primaryimage","url":"https:\/\/marcialiluminacion.es\/wp-content\/uploads\/2026\/01\/25-8.jpg","contentUrl":"https:\/\/marcialiluminacion.es\/wp-content\/uploads\/2026\/01\/25-8.jpg","width":750,"height":1000},{"@type":"BreadcrumbList","@id":"https:\/\/marcialiluminacion.es\/index.php\/producto\/lampara-126\/#breadcrumb","itemListElement":[{"@type":"ListItem","position":1,"name":"Portada","item":"https:\/\/marcialiluminacion.es\/"},{"@type":"ListItem","position":2,"name":"Tienda","item":"https:\/\/marcialiluminacion.es\/index.php\/tienda\/"},{"@type":"ListItem","position":3,"name":"lampara 126"}]},{"@type":"WebSite","@id":"https:\/\/marcialiluminacion.es\/#website","url":"https:\/\/marcialiluminacion.es\/","name":"","description":"","potentialAction":[{"@type":"SearchAction","target":{"@type":"EntryPoint","urlTemplate":"https:\/\/marcialiluminacion.es\/?s={search_term_string}"},"query-input":{"@type":"PropertyValueSpecification","valueRequired":true,"valueName":"search_term_string"}}],"inLanguage":"es"}]}},"_links":{"self":[{"href":"https:\/\/marcialiluminacion.es\/index.php\/wp-json\/wp\/v2\/product\/704","targetHints":{"allow":["GET"]}}],"collection":[{"href":"https:\/\/marcialiluminacion.es\/index.php\/wp-json\/wp\/v2\/product"}],"about":[{"href":"https:\/\/marcialiluminacion.es\/index.php\/wp-json\/wp\/v2\/types\/product"}],"replies":[{"embeddable":true,"href":"https:\/\/marcialiluminacion.es\/index.php\/wp-json\/wp\/v2\/comments?post=704"}],"wp:featuredmedia":[{"embeddable":true,"href":"https:\/\/marcialiluminacion.es\/index.php\/wp-json\/wp\/v2\/media\/220"}],"wp:attachment":[{"href":"https:\/\/marcialiluminacion.es\/index.php\/wp-json\/wp\/v2\/media?parent=704"}],"wp:term":[{"taxonomy":"product_brand","embeddable":true,"href":"https:\/\/marcialiluminacion.es\/index.php\/wp-json\/wp\/v2\/product_brand?post=704"},{"taxonomy":"product_cat","embeddable":true,"href":"https:\/\/marcialiluminacion.es\/index.php\/wp-json\/wp\/v2\/product_cat?post=704"},{"taxonomy":"product_tag","embeddable":true,"href":"https:\/\/marcialiluminacion.es\/index.php\/wp-json\/wp\/v2\/product_tag?post=704"}],"curies":[{"name":"wp","href":"https:\/\/api.w.org\/{rel}","templated":true}]}}

<p data-start="0" data-end="102">Es una <strong data-start="7" data-end="58">lámpara colgante de estilo moderno y decorativo</strong>, con un diseño sencillo pero muy llamativo.</p>
<p data-start="104" data-end="361">Cuenta con un <strong data-start="118" data-end="146">florón circular metálico</strong> en acabado <strong data-start="158" data-end="167">cromo</strong>, del que desciende un <strong data-start="190" data-end="204">cable fino</strong>. En la parte inferior incorpora una <strong data-start="241" data-end="272">pantalla cilíndrica de tela</strong> en <strong data-start="276" data-end="298">color rojo intenso</strong>, que aporta personalidad y un fuerte acento visual al espacio.</p>
<p data-start="363" data-end="555">La pantalla textil <strong data-start="382" data-end="410">filtra la luz suavemente</strong>, creando una <strong data-start="424" data-end="468">iluminación ambiental cálida y acogedora</strong>. Su forma limpia y el color vivo la convierten en un elemento decorativo protagonista.</p>
<p data-start="557" data-end="724" data-is-last-node="" data-is-only-node="">Es ideal para <strong data-start="571" data-end="626">salones, comedores, dormitorios o espacios modernos</strong>, especialmente en ambientes neutros donde se quiera añadir un <strong data-start="689" data-end="718">toque de color y carácter</strong>.</p>

<!-- This site is optimized with the Yoast SEO plugin v27.2 - https://yoast.com/product/yoast-seo-wordpress/ -->
<title>lampara 126 -</title>
<meta name="robots" content="index, follow, max-snippet:-1, max-image-preview:large, max-video-preview:-1" />
<link rel="canonical" href="https://marcialiluminacion.es/index.php/producto/lampara-126/" />
<meta property="og:locale" content="es_ES" />
<meta property="og:type" content="article" />
<meta property="og:title" content="lampara 126 -" />
<meta property="og:description" content="Es una lámpara colgante de estilo moderno y decorativo, con un diseño sencillo pero muy llamativo.  Cuenta con un florón circular metálico en acabado cromo, del que desciende un cable fino. En la parte inferior incorpora una pantalla cilíndrica de tela en color rojo intenso, que aporta personalidad y un fuerte acento visual al espacio.  La pantalla textil filtra la luz suavemente, creando una iluminación ambiental cálida y acogedora. Su forma limpia y el color vivo la convierten en un elemento decorativo protagonista.  Es ideal para salones, comedores, dormitorios o espacios modernos, especialmente en ambientes neutros donde se quiera añadir un toque de color y carácter." />
<meta property="og:url" content="https://marcialiluminacion.es/index.php/producto/lampara-126/" />
<meta property="article:modified_time" content="2026-02-21T10:31:34+00:00" />
<meta name="twitter:card" content="summary_large_image" />
<script type="application/ld+json" class="yoast-schema-graph">{"@context":"https://schema.org","@graph":[{"@type":"WebPage","@id":"https://marcialiluminacion.es/index.php/producto/lampara-126/","url":"https://marcialiluminacion.es/index.php/producto/lampara-126/","name":"lampara 126 -","isPartOf":{"@id":"https://marcialiluminacion.es/#website"},"primaryImageOfPage":{"@id":"https://marcialiluminacion.es/index.php/producto/lampara-126/#primaryimage"},"image":{"@id":"https://marcialiluminacion.es/index.php/producto/lampara-126/#primaryimage"},"thumbnailUrl":"https://marcialiluminacion.es/wp-content/uploads/2026/01/25-8.jpg","datePublished":"2026-02-17T19:44:50+00:00","dateModified":"2026-02-21T10:31:34+00:00","breadcrumb":{"@id":"https://marcialiluminacion.es/index.php/producto/lampara-126/#breadcrumb"},"inLanguage":"es","potentialAction":[{"@type":"ReadAction","target":["https://marcialiluminacion.es/index.php/producto/lampara-126/"]}]},{"@type":"ImageObject","inLanguage":"es","@id":"https://marcialiluminacion.es/index.php/producto/lampara-126/#primaryimage","url":"https://marcialiluminacion.es/wp-content/uploads/2026/01/25-8.jpg","contentUrl":"https://marcialiluminacion.es/wp-content/uploads/2026/01/25-8.jpg","width":750,"height":1000},{"@type":"BreadcrumbList","@id":"https://marcialiluminacion.es/index.php/producto/lampara-126/#breadcrumb","itemListElement":[{"@type":"ListItem","position":1,"name":"Portada","item":"https://marcialiluminacion.es/"},{"@type":"ListItem","position":2,"name":"Tienda","item":"https://marcialiluminacion.es/index.php/tienda/"},{"@type":"ListItem","position":3,"name":"lampara 126"}]},{"@type":"WebSite","@id":"https://marcialiluminacion.es/#website","url":"https://marcialiluminacion.es/","name":"","description":"","potentialAction":[{"@type":"SearchAction","target":{"@type":"EntryPoint","urlTemplate":"https://marcialiluminacion.es/?s={search_term_string}"},"query-input":{"@type":"PropertyValueSpecification","valueRequired":true,"valueName":"search_term_string"}}],"inLanguage":"es"}]}</script>
<!-- / Yoast SEO plugin. -->

Es una lámpara colgante de estilo moderno y decorativo, con un diseño sencillo pero muy llamativo.  Cuenta con un florón circular metálico en acabado cromo, del que desciende un cable fino. En la parte inferior incorpora una pantalla cilíndrica de tela en color rojo intenso, que aporta personalidad y un fuerte acento visual al espacio.  La pantalla textil filtra la luz suavemente, creando una iluminación ambiental cálida y acogedora. Su forma limpia y el color vivo la convierten en un elemento decorativo protagonista.  Es ideal para salones, comedores, dormitorios o espacios modernos, especialmente en ambientes neutros donde se quiera añadir un toque de color y carácter.
