{"id":702,"date":"2026-02-17T19:44:50","date_gmt":"2026-02-17T19:44:50","guid":{"rendered":"https:\/\/marcialiluminacion.es\/?post_type=product&#038;p=702"},"modified":"2026-02-21T10:31:34","modified_gmt":"2026-02-21T10:31:34","slug":"lampara-124","status":"publish","type":"product","link":"https:\/\/marcialiluminacion.es\/index.php\/producto\/lampara-124\/","title":{"rendered":"lampara 124"},"content":{"rendered":"","protected":false},"excerpt":{"rendered":"<p data-start=\"0\" data-end=\"87\">Es una <strong data-start=\"7\" data-end=\"50\">l\u00e1mpara colgante de exterior tipo farol<\/strong>, con un dise\u00f1o <strong data-start=\"66\" data-end=\"86\">cl\u00e1sico y sobrio<\/strong>.<\/p>\n<p data-start=\"89\" data-end=\"281\">Est\u00e1 fabricada en <strong data-start=\"107\" data-end=\"116\">metal<\/strong> con acabado <strong data-start=\"129\" data-end=\"138\">negro<\/strong>, y se suspende mediante una <strong data-start=\"167\" data-end=\"186\">cadena met\u00e1lica<\/strong> a juego que permite regular la altura. Incluye el <strong data-start=\"237\" data-end=\"257\">soporte superior<\/strong> para fijaci\u00f3n al techo.<\/p>\n<p data-start=\"283\" data-end=\"531\">El cuerpo del farol es <strong data-start=\"306\" data-end=\"321\">rectangular<\/strong>, con <strong data-start=\"327\" data-end=\"351\">paneles transl\u00facidos<\/strong> que suavizan la salida de la luz. Los <strong data-start=\"390\" data-end=\"419\">detalles met\u00e1licos curvos<\/strong> en los laterales aportan un toque decorativo elegante, manteniendo una est\u00e9tica tradicional con l\u00edneas limpias.<\/p>\n<p data-start=\"533\" data-end=\"740\" data-is-last-node=\"\" data-is-only-node=\"\">Es ideal para <strong data-start=\"547\" data-end=\"607\">porches, terrazas, entradas o zonas exteriores cubiertas<\/strong>, ofreciendo una <strong data-start=\"624\" data-end=\"659\">iluminaci\u00f3n ambiental agradable<\/strong> y un estilo atemporal que combina f\u00e1cilmente con diferentes tipos de fachada.<\/p>\n","protected":false},"featured_media":215,"comment_status":"open","ping_status":"closed","template":"","meta":[],"product_brand":[],"product_cat":[15],"product_tag":[],"class_list":["post-702","product","type-product","status-publish","has-post-thumbnail","product_cat-sin-categorizar","first","instock","sale","shipping-taxable","purchasable","product-type-simple"],"yoast_head":"<!-- This site is optimized with the Yoast SEO plugin v27.2 - https:\/\/yoast.com\/product\/yoast-seo-wordpress\/ -->\n<title>lampara 124 -<\/title>\n<meta name=\"robots\" content=\"index, follow, max-snippet:-1, max-image-preview:large, max-video-preview:-1\" \/>\n<link rel=\"canonical\" href=\"https:\/\/marcialiluminacion.es\/index.php\/producto\/lampara-124\/\" \/>\n<meta property=\"og:locale\" content=\"es_ES\" \/>\n<meta property=\"og:type\" content=\"article\" \/>\n<meta property=\"og:title\" content=\"lampara 124 -\" \/>\n<meta property=\"og:description\" content=\"Es una l\u00e1mpara colgante de exterior tipo farol, con un dise\u00f1o cl\u00e1sico y sobrio.  Est\u00e1 fabricada en metal con acabado negro, y se suspende mediante una cadena met\u00e1lica a juego que permite regular la altura. Incluye el soporte superior para fijaci\u00f3n al techo.  El cuerpo del farol es rectangular, con paneles transl\u00facidos que suavizan la salida de la luz. Los detalles met\u00e1licos curvos en los laterales aportan un toque decorativo elegante, manteniendo una est\u00e9tica tradicional con l\u00edneas limpias.  Es ideal para porches, terrazas, entradas o zonas exteriores cubiertas, ofreciendo una iluminaci\u00f3n ambiental agradable y un estilo atemporal que combina f\u00e1cilmente con diferentes tipos de fachada.\" \/>\n<meta property=\"og:url\" content=\"https:\/\/marcialiluminacion.es\/index.php\/producto\/lampara-124\/\" \/>\n<meta property=\"article:modified_time\" content=\"2026-02-21T10:31:34+00:00\" \/>\n<meta name=\"twitter:card\" content=\"summary_large_image\" \/>\n<script type=\"application\/ld+json\" class=\"yoast-schema-graph\">{\"@context\":\"https:\/\/schema.org\",\"@graph\":[{\"@type\":\"WebPage\",\"@id\":\"https:\/\/marcialiluminacion.es\/index.php\/producto\/lampara-124\/\",\"url\":\"https:\/\/marcialiluminacion.es\/index.php\/producto\/lampara-124\/\",\"name\":\"lampara 124 -\",\"isPartOf\":{\"@id\":\"https:\/\/marcialiluminacion.es\/#website\"},\"primaryImageOfPage\":{\"@id\":\"https:\/\/marcialiluminacion.es\/index.php\/producto\/lampara-124\/#primaryimage\"},\"image\":{\"@id\":\"https:\/\/marcialiluminacion.es\/index.php\/producto\/lampara-124\/#primaryimage\"},\"thumbnailUrl\":\"https:\/\/marcialiluminacion.es\/wp-content\/uploads\/2026\/01\/20-66.jpg\",\"datePublished\":\"2026-02-17T19:44:50+00:00\",\"dateModified\":\"2026-02-21T10:31:34+00:00\",\"breadcrumb\":{\"@id\":\"https:\/\/marcialiluminacion.es\/index.php\/producto\/lampara-124\/#breadcrumb\"},\"inLanguage\":\"es\",\"potentialAction\":[{\"@type\":\"ReadAction\",\"target\":[\"https:\/\/marcialiluminacion.es\/index.php\/producto\/lampara-124\/\"]}]},{\"@type\":\"ImageObject\",\"inLanguage\":\"es\",\"@id\":\"https:\/\/marcialiluminacion.es\/index.php\/producto\/lampara-124\/#primaryimage\",\"url\":\"https:\/\/marcialiluminacion.es\/wp-content\/uploads\/2026\/01\/20-66.jpg\",\"contentUrl\":\"https:\/\/marcialiluminacion.es\/wp-content\/uploads\/2026\/01\/20-66.jpg\",\"width\":750,\"height\":1000},{\"@type\":\"BreadcrumbList\",\"@id\":\"https:\/\/marcialiluminacion.es\/index.php\/producto\/lampara-124\/#breadcrumb\",\"itemListElement\":[{\"@type\":\"ListItem\",\"position\":1,\"name\":\"Portada\",\"item\":\"https:\/\/marcialiluminacion.es\/\"},{\"@type\":\"ListItem\",\"position\":2,\"name\":\"Tienda\",\"item\":\"https:\/\/marcialiluminacion.es\/index.php\/tienda\/\"},{\"@type\":\"ListItem\",\"position\":3,\"name\":\"lampara 124\"}]},{\"@type\":\"WebSite\",\"@id\":\"https:\/\/marcialiluminacion.es\/#website\",\"url\":\"https:\/\/marcialiluminacion.es\/\",\"name\":\"\",\"description\":\"\",\"potentialAction\":[{\"@type\":\"SearchAction\",\"target\":{\"@type\":\"EntryPoint\",\"urlTemplate\":\"https:\/\/marcialiluminacion.es\/?s={search_term_string}\"},\"query-input\":{\"@type\":\"PropertyValueSpecification\",\"valueRequired\":true,\"valueName\":\"search_term_string\"}}],\"inLanguage\":\"es\"}]}<\/script>\n<!-- \/ Yoast SEO plugin. -->","yoast_head_json":{"title":"lampara 124 -","robots":{"index":"index","follow":"follow","max-snippet":"max-snippet:-1","max-image-preview":"max-image-preview:large","max-video-preview":"max-video-preview:-1"},"canonical":"https:\/\/marcialiluminacion.es\/index.php\/producto\/lampara-124\/","og_locale":"es_ES","og_type":"article","og_title":"lampara 124 -","og_description":"Es una l\u00e1mpara colgante de exterior tipo farol, con un dise\u00f1o cl\u00e1sico y sobrio.  Est\u00e1 fabricada en metal con acabado negro, y se suspende mediante una cadena met\u00e1lica a juego que permite regular la altura. Incluye el soporte superior para fijaci\u00f3n al techo.  El cuerpo del farol es rectangular, con paneles transl\u00facidos que suavizan la salida de la luz. Los detalles met\u00e1licos curvos en los laterales aportan un toque decorativo elegante, manteniendo una est\u00e9tica tradicional con l\u00edneas limpias.  Es ideal para porches, terrazas, entradas o zonas exteriores cubiertas, ofreciendo una iluminaci\u00f3n ambiental agradable y un estilo atemporal que combina f\u00e1cilmente con diferentes tipos de fachada.","og_url":"https:\/\/marcialiluminacion.es\/index.php\/producto\/lampara-124\/","article_modified_time":"2026-02-21T10:31:34+00:00","twitter_card":"summary_large_image","schema":{"@context":"https:\/\/schema.org","@graph":[{"@type":"WebPage","@id":"https:\/\/marcialiluminacion.es\/index.php\/producto\/lampara-124\/","url":"https:\/\/marcialiluminacion.es\/index.php\/producto\/lampara-124\/","name":"lampara 124 -","isPartOf":{"@id":"https:\/\/marcialiluminacion.es\/#website"},"primaryImageOfPage":{"@id":"https:\/\/marcialiluminacion.es\/index.php\/producto\/lampara-124\/#primaryimage"},"image":{"@id":"https:\/\/marcialiluminacion.es\/index.php\/producto\/lampara-124\/#primaryimage"},"thumbnailUrl":"https:\/\/marcialiluminacion.es\/wp-content\/uploads\/2026\/01\/20-66.jpg","datePublished":"2026-02-17T19:44:50+00:00","dateModified":"2026-02-21T10:31:34+00:00","breadcrumb":{"@id":"https:\/\/marcialiluminacion.es\/index.php\/producto\/lampara-124\/#breadcrumb"},"inLanguage":"es","potentialAction":[{"@type":"ReadAction","target":["https:\/\/marcialiluminacion.es\/index.php\/producto\/lampara-124\/"]}]},{"@type":"ImageObject","inLanguage":"es","@id":"https:\/\/marcialiluminacion.es\/index.php\/producto\/lampara-124\/#primaryimage","url":"https:\/\/marcialiluminacion.es\/wp-content\/uploads\/2026\/01\/20-66.jpg","contentUrl":"https:\/\/marcialiluminacion.es\/wp-content\/uploads\/2026\/01\/20-66.jpg","width":750,"height":1000},{"@type":"BreadcrumbList","@id":"https:\/\/marcialiluminacion.es\/index.php\/producto\/lampara-124\/#breadcrumb","itemListElement":[{"@type":"ListItem","position":1,"name":"Portada","item":"https:\/\/marcialiluminacion.es\/"},{"@type":"ListItem","position":2,"name":"Tienda","item":"https:\/\/marcialiluminacion.es\/index.php\/tienda\/"},{"@type":"ListItem","position":3,"name":"lampara 124"}]},{"@type":"WebSite","@id":"https:\/\/marcialiluminacion.es\/#website","url":"https:\/\/marcialiluminacion.es\/","name":"","description":"","potentialAction":[{"@type":"SearchAction","target":{"@type":"EntryPoint","urlTemplate":"https:\/\/marcialiluminacion.es\/?s={search_term_string}"},"query-input":{"@type":"PropertyValueSpecification","valueRequired":true,"valueName":"search_term_string"}}],"inLanguage":"es"}]}},"_links":{"self":[{"href":"https:\/\/marcialiluminacion.es\/index.php\/wp-json\/wp\/v2\/product\/702","targetHints":{"allow":["GET"]}}],"collection":[{"href":"https:\/\/marcialiluminacion.es\/index.php\/wp-json\/wp\/v2\/product"}],"about":[{"href":"https:\/\/marcialiluminacion.es\/index.php\/wp-json\/wp\/v2\/types\/product"}],"replies":[{"embeddable":true,"href":"https:\/\/marcialiluminacion.es\/index.php\/wp-json\/wp\/v2\/comments?post=702"}],"wp:featuredmedia":[{"embeddable":true,"href":"https:\/\/marcialiluminacion.es\/index.php\/wp-json\/wp\/v2\/media\/215"}],"wp:attachment":[{"href":"https:\/\/marcialiluminacion.es\/index.php\/wp-json\/wp\/v2\/media?parent=702"}],"wp:term":[{"taxonomy":"product_brand","embeddable":true,"href":"https:\/\/marcialiluminacion.es\/index.php\/wp-json\/wp\/v2\/product_brand?post=702"},{"taxonomy":"product_cat","embeddable":true,"href":"https:\/\/marcialiluminacion.es\/index.php\/wp-json\/wp\/v2\/product_cat?post=702"},{"taxonomy":"product_tag","embeddable":true,"href":"https:\/\/marcialiluminacion.es\/index.php\/wp-json\/wp\/v2\/product_tag?post=702"}],"curies":[{"name":"wp","href":"https:\/\/api.w.org\/{rel}","templated":true}]}}

<p data-start="0" data-end="87">Es una <strong data-start="7" data-end="50">lámpara colgante de exterior tipo farol</strong>, con un diseño <strong data-start="66" data-end="86">clásico y sobrio</strong>.</p>
<p data-start="89" data-end="281">Está fabricada en <strong data-start="107" data-end="116">metal</strong> con acabado <strong data-start="129" data-end="138">negro</strong>, y se suspende mediante una <strong data-start="167" data-end="186">cadena metálica</strong> a juego que permite regular la altura. Incluye el <strong data-start="237" data-end="257">soporte superior</strong> para fijación al techo.</p>
<p data-start="283" data-end="531">El cuerpo del farol es <strong data-start="306" data-end="321">rectangular</strong>, con <strong data-start="327" data-end="351">paneles translúcidos</strong> que suavizan la salida de la luz. Los <strong data-start="390" data-end="419">detalles metálicos curvos</strong> en los laterales aportan un toque decorativo elegante, manteniendo una estética tradicional con líneas limpias.</p>
<p data-start="533" data-end="740" data-is-last-node="" data-is-only-node="">Es ideal para <strong data-start="547" data-end="607">porches, terrazas, entradas o zonas exteriores cubiertas</strong>, ofreciendo una <strong data-start="624" data-end="659">iluminación ambiental agradable</strong> y un estilo atemporal que combina fácilmente con diferentes tipos de fachada.</p>

<!-- This site is optimized with the Yoast SEO plugin v27.2 - https://yoast.com/product/yoast-seo-wordpress/ -->
<title>lampara 124 -</title>
<meta name="robots" content="index, follow, max-snippet:-1, max-image-preview:large, max-video-preview:-1" />
<link rel="canonical" href="https://marcialiluminacion.es/index.php/producto/lampara-124/" />
<meta property="og:locale" content="es_ES" />
<meta property="og:type" content="article" />
<meta property="og:title" content="lampara 124 -" />
<meta property="og:description" content="Es una lámpara colgante de exterior tipo farol, con un diseño clásico y sobrio.  Está fabricada en metal con acabado negro, y se suspende mediante una cadena metálica a juego que permite regular la altura. Incluye el soporte superior para fijación al techo.  El cuerpo del farol es rectangular, con paneles translúcidos que suavizan la salida de la luz. Los detalles metálicos curvos en los laterales aportan un toque decorativo elegante, manteniendo una estética tradicional con líneas limpias.  Es ideal para porches, terrazas, entradas o zonas exteriores cubiertas, ofreciendo una iluminación ambiental agradable y un estilo atemporal que combina fácilmente con diferentes tipos de fachada." />
<meta property="og:url" content="https://marcialiluminacion.es/index.php/producto/lampara-124/" />
<meta property="article:modified_time" content="2026-02-21T10:31:34+00:00" />
<meta name="twitter:card" content="summary_large_image" />
<script type="application/ld+json" class="yoast-schema-graph">{"@context":"https://schema.org","@graph":[{"@type":"WebPage","@id":"https://marcialiluminacion.es/index.php/producto/lampara-124/","url":"https://marcialiluminacion.es/index.php/producto/lampara-124/","name":"lampara 124 -","isPartOf":{"@id":"https://marcialiluminacion.es/#website"},"primaryImageOfPage":{"@id":"https://marcialiluminacion.es/index.php/producto/lampara-124/#primaryimage"},"image":{"@id":"https://marcialiluminacion.es/index.php/producto/lampara-124/#primaryimage"},"thumbnailUrl":"https://marcialiluminacion.es/wp-content/uploads/2026/01/20-66.jpg","datePublished":"2026-02-17T19:44:50+00:00","dateModified":"2026-02-21T10:31:34+00:00","breadcrumb":{"@id":"https://marcialiluminacion.es/index.php/producto/lampara-124/#breadcrumb"},"inLanguage":"es","potentialAction":[{"@type":"ReadAction","target":["https://marcialiluminacion.es/index.php/producto/lampara-124/"]}]},{"@type":"ImageObject","inLanguage":"es","@id":"https://marcialiluminacion.es/index.php/producto/lampara-124/#primaryimage","url":"https://marcialiluminacion.es/wp-content/uploads/2026/01/20-66.jpg","contentUrl":"https://marcialiluminacion.es/wp-content/uploads/2026/01/20-66.jpg","width":750,"height":1000},{"@type":"BreadcrumbList","@id":"https://marcialiluminacion.es/index.php/producto/lampara-124/#breadcrumb","itemListElement":[{"@type":"ListItem","position":1,"name":"Portada","item":"https://marcialiluminacion.es/"},{"@type":"ListItem","position":2,"name":"Tienda","item":"https://marcialiluminacion.es/index.php/tienda/"},{"@type":"ListItem","position":3,"name":"lampara 124"}]},{"@type":"WebSite","@id":"https://marcialiluminacion.es/#website","url":"https://marcialiluminacion.es/","name":"","description":"","potentialAction":[{"@type":"SearchAction","target":{"@type":"EntryPoint","urlTemplate":"https://marcialiluminacion.es/?s={search_term_string}"},"query-input":{"@type":"PropertyValueSpecification","valueRequired":true,"valueName":"search_term_string"}}],"inLanguage":"es"}]}</script>
<!-- / Yoast SEO plugin. -->

Es una lámpara colgante de exterior tipo farol, con un diseño clásico y sobrio.  Está fabricada en metal con acabado negro, y se suspende mediante una cadena metálica a juego que permite regular la altura. Incluye el soporte superior para fijación al techo.  El cuerpo del farol es rectangular, con paneles translúcidos que suavizan la salida de la luz. Los detalles metálicos curvos en los laterales aportan un toque decorativo elegante, manteniendo una estética tradicional con líneas limpias.  Es ideal para porches, terrazas, entradas o zonas exteriores cubiertas, ofreciendo una iluminación ambiental agradable y un estilo atemporal que combina fácilmente con diferentes tipos de fachada.
