{"id":701,"date":"2026-02-17T19:44:50","date_gmt":"2026-02-17T19:44:50","guid":{"rendered":"https:\/\/marcialiluminacion.es\/?post_type=product&#038;p=701"},"modified":"2026-02-21T10:31:34","modified_gmt":"2026-02-21T10:31:34","slug":"lampara-123","status":"publish","type":"product","link":"https:\/\/marcialiluminacion.es\/index.php\/producto\/lampara-123\/","title":{"rendered":"lampara 123"},"content":{"rendered":"","protected":false},"excerpt":{"rendered":"<p data-start=\"0\" data-end=\"110\">Es una <strong data-start=\"7\" data-end=\"50\">l\u00e1mpara colgante de exterior tipo farol<\/strong>, con un dise\u00f1o <strong data-start=\"66\" data-end=\"109\">cl\u00e1sico reinterpretado en clave moderna<\/strong>.<\/p>\n<p data-start=\"112\" data-end=\"307\">Est\u00e1 fabricada en <strong data-start=\"130\" data-end=\"139\">metal<\/strong> con acabado <strong data-start=\"152\" data-end=\"160\">gris<\/strong>, y se suspende mediante una <strong data-start=\"189\" data-end=\"208\">cadena met\u00e1lica<\/strong> a juego, que permite regular la altura. Incluye un <strong data-start=\"260\" data-end=\"280\">soporte superior<\/strong> para la fijaci\u00f3n al techo.<\/p>\n<p data-start=\"309\" data-end=\"557\">El cuerpo del farol es <strong data-start=\"332\" data-end=\"347\">rectangular<\/strong>, con <strong data-start=\"353\" data-end=\"377\">paneles transl\u00facidos<\/strong> que difuminan la luz de forma suave. Destacan los <strong data-start=\"428\" data-end=\"457\">detalles met\u00e1licos curvos<\/strong> en los laterales, que aportan un toque decorativo elegante y actual sin perder el aire tradicional.<\/p>\n<p data-start=\"559\" data-end=\"772\" data-is-last-node=\"\" data-is-only-node=\"\">Es ideal para <strong data-start=\"573\" data-end=\"633\">porches, terrazas, entradas o zonas exteriores cubiertas<\/strong>, proporcionando una <strong data-start=\"654\" data-end=\"689\">iluminaci\u00f3n ambiental agradable<\/strong> y un estilo vers\u00e1til que encaja tanto en entornos cl\u00e1sicos como contempor\u00e1neos.<\/p>\n","protected":false},"featured_media":214,"comment_status":"open","ping_status":"closed","template":"","meta":[],"product_brand":[],"product_cat":[15],"product_tag":[],"class_list":["post-701","product","type-product","status-publish","has-post-thumbnail","product_cat-sin-categorizar","first","instock","sale","shipping-taxable","purchasable","product-type-simple"],"yoast_head":"<!-- This site is optimized with the Yoast SEO plugin v27.2 - https:\/\/yoast.com\/product\/yoast-seo-wordpress\/ -->\n<title>lampara 123 -<\/title>\n<meta name=\"robots\" content=\"index, follow, max-snippet:-1, max-image-preview:large, max-video-preview:-1\" \/>\n<link rel=\"canonical\" href=\"https:\/\/marcialiluminacion.es\/index.php\/producto\/lampara-123\/\" \/>\n<meta property=\"og:locale\" content=\"es_ES\" \/>\n<meta property=\"og:type\" content=\"article\" \/>\n<meta property=\"og:title\" content=\"lampara 123 -\" \/>\n<meta property=\"og:description\" content=\"Es una l\u00e1mpara colgante de exterior tipo farol, con un dise\u00f1o cl\u00e1sico reinterpretado en clave moderna.  Est\u00e1 fabricada en metal con acabado gris, y se suspende mediante una cadena met\u00e1lica a juego, que permite regular la altura. Incluye un soporte superior para la fijaci\u00f3n al techo.  El cuerpo del farol es rectangular, con paneles transl\u00facidos que difuminan la luz de forma suave. Destacan los detalles met\u00e1licos curvos en los laterales, que aportan un toque decorativo elegante y actual sin perder el aire tradicional.  Es ideal para porches, terrazas, entradas o zonas exteriores cubiertas, proporcionando una iluminaci\u00f3n ambiental agradable y un estilo vers\u00e1til que encaja tanto en entornos cl\u00e1sicos como contempor\u00e1neos.\" \/>\n<meta property=\"og:url\" content=\"https:\/\/marcialiluminacion.es\/index.php\/producto\/lampara-123\/\" \/>\n<meta property=\"article:modified_time\" content=\"2026-02-21T10:31:34+00:00\" \/>\n<meta name=\"twitter:card\" content=\"summary_large_image\" \/>\n<script type=\"application\/ld+json\" class=\"yoast-schema-graph\">{\"@context\":\"https:\/\/schema.org\",\"@graph\":[{\"@type\":\"WebPage\",\"@id\":\"https:\/\/marcialiluminacion.es\/index.php\/producto\/lampara-123\/\",\"url\":\"https:\/\/marcialiluminacion.es\/index.php\/producto\/lampara-123\/\",\"name\":\"lampara 123 -\",\"isPartOf\":{\"@id\":\"https:\/\/marcialiluminacion.es\/#website\"},\"primaryImageOfPage\":{\"@id\":\"https:\/\/marcialiluminacion.es\/index.php\/producto\/lampara-123\/#primaryimage\"},\"image\":{\"@id\":\"https:\/\/marcialiluminacion.es\/index.php\/producto\/lampara-123\/#primaryimage\"},\"thumbnailUrl\":\"https:\/\/marcialiluminacion.es\/wp-content\/uploads\/2026\/01\/20-65.jpg\",\"datePublished\":\"2026-02-17T19:44:50+00:00\",\"dateModified\":\"2026-02-21T10:31:34+00:00\",\"breadcrumb\":{\"@id\":\"https:\/\/marcialiluminacion.es\/index.php\/producto\/lampara-123\/#breadcrumb\"},\"inLanguage\":\"es\",\"potentialAction\":[{\"@type\":\"ReadAction\",\"target\":[\"https:\/\/marcialiluminacion.es\/index.php\/producto\/lampara-123\/\"]}]},{\"@type\":\"ImageObject\",\"inLanguage\":\"es\",\"@id\":\"https:\/\/marcialiluminacion.es\/index.php\/producto\/lampara-123\/#primaryimage\",\"url\":\"https:\/\/marcialiluminacion.es\/wp-content\/uploads\/2026\/01\/20-65.jpg\",\"contentUrl\":\"https:\/\/marcialiluminacion.es\/wp-content\/uploads\/2026\/01\/20-65.jpg\",\"width\":750,\"height\":1000},{\"@type\":\"BreadcrumbList\",\"@id\":\"https:\/\/marcialiluminacion.es\/index.php\/producto\/lampara-123\/#breadcrumb\",\"itemListElement\":[{\"@type\":\"ListItem\",\"position\":1,\"name\":\"Portada\",\"item\":\"https:\/\/marcialiluminacion.es\/\"},{\"@type\":\"ListItem\",\"position\":2,\"name\":\"Tienda\",\"item\":\"https:\/\/marcialiluminacion.es\/index.php\/tienda\/\"},{\"@type\":\"ListItem\",\"position\":3,\"name\":\"lampara 123\"}]},{\"@type\":\"WebSite\",\"@id\":\"https:\/\/marcialiluminacion.es\/#website\",\"url\":\"https:\/\/marcialiluminacion.es\/\",\"name\":\"\",\"description\":\"\",\"potentialAction\":[{\"@type\":\"SearchAction\",\"target\":{\"@type\":\"EntryPoint\",\"urlTemplate\":\"https:\/\/marcialiluminacion.es\/?s={search_term_string}\"},\"query-input\":{\"@type\":\"PropertyValueSpecification\",\"valueRequired\":true,\"valueName\":\"search_term_string\"}}],\"inLanguage\":\"es\"}]}<\/script>\n<!-- \/ Yoast SEO plugin. -->","yoast_head_json":{"title":"lampara 123 -","robots":{"index":"index","follow":"follow","max-snippet":"max-snippet:-1","max-image-preview":"max-image-preview:large","max-video-preview":"max-video-preview:-1"},"canonical":"https:\/\/marcialiluminacion.es\/index.php\/producto\/lampara-123\/","og_locale":"es_ES","og_type":"article","og_title":"lampara 123 -","og_description":"Es una l\u00e1mpara colgante de exterior tipo farol, con un dise\u00f1o cl\u00e1sico reinterpretado en clave moderna.  Est\u00e1 fabricada en metal con acabado gris, y se suspende mediante una cadena met\u00e1lica a juego, que permite regular la altura. Incluye un soporte superior para la fijaci\u00f3n al techo.  El cuerpo del farol es rectangular, con paneles transl\u00facidos que difuminan la luz de forma suave. Destacan los detalles met\u00e1licos curvos en los laterales, que aportan un toque decorativo elegante y actual sin perder el aire tradicional.  Es ideal para porches, terrazas, entradas o zonas exteriores cubiertas, proporcionando una iluminaci\u00f3n ambiental agradable y un estilo vers\u00e1til que encaja tanto en entornos cl\u00e1sicos como contempor\u00e1neos.","og_url":"https:\/\/marcialiluminacion.es\/index.php\/producto\/lampara-123\/","article_modified_time":"2026-02-21T10:31:34+00:00","twitter_card":"summary_large_image","schema":{"@context":"https:\/\/schema.org","@graph":[{"@type":"WebPage","@id":"https:\/\/marcialiluminacion.es\/index.php\/producto\/lampara-123\/","url":"https:\/\/marcialiluminacion.es\/index.php\/producto\/lampara-123\/","name":"lampara 123 -","isPartOf":{"@id":"https:\/\/marcialiluminacion.es\/#website"},"primaryImageOfPage":{"@id":"https:\/\/marcialiluminacion.es\/index.php\/producto\/lampara-123\/#primaryimage"},"image":{"@id":"https:\/\/marcialiluminacion.es\/index.php\/producto\/lampara-123\/#primaryimage"},"thumbnailUrl":"https:\/\/marcialiluminacion.es\/wp-content\/uploads\/2026\/01\/20-65.jpg","datePublished":"2026-02-17T19:44:50+00:00","dateModified":"2026-02-21T10:31:34+00:00","breadcrumb":{"@id":"https:\/\/marcialiluminacion.es\/index.php\/producto\/lampara-123\/#breadcrumb"},"inLanguage":"es","potentialAction":[{"@type":"ReadAction","target":["https:\/\/marcialiluminacion.es\/index.php\/producto\/lampara-123\/"]}]},{"@type":"ImageObject","inLanguage":"es","@id":"https:\/\/marcialiluminacion.es\/index.php\/producto\/lampara-123\/#primaryimage","url":"https:\/\/marcialiluminacion.es\/wp-content\/uploads\/2026\/01\/20-65.jpg","contentUrl":"https:\/\/marcialiluminacion.es\/wp-content\/uploads\/2026\/01\/20-65.jpg","width":750,"height":1000},{"@type":"BreadcrumbList","@id":"https:\/\/marcialiluminacion.es\/index.php\/producto\/lampara-123\/#breadcrumb","itemListElement":[{"@type":"ListItem","position":1,"name":"Portada","item":"https:\/\/marcialiluminacion.es\/"},{"@type":"ListItem","position":2,"name":"Tienda","item":"https:\/\/marcialiluminacion.es\/index.php\/tienda\/"},{"@type":"ListItem","position":3,"name":"lampara 123"}]},{"@type":"WebSite","@id":"https:\/\/marcialiluminacion.es\/#website","url":"https:\/\/marcialiluminacion.es\/","name":"","description":"","potentialAction":[{"@type":"SearchAction","target":{"@type":"EntryPoint","urlTemplate":"https:\/\/marcialiluminacion.es\/?s={search_term_string}"},"query-input":{"@type":"PropertyValueSpecification","valueRequired":true,"valueName":"search_term_string"}}],"inLanguage":"es"}]}},"_links":{"self":[{"href":"https:\/\/marcialiluminacion.es\/index.php\/wp-json\/wp\/v2\/product\/701","targetHints":{"allow":["GET"]}}],"collection":[{"href":"https:\/\/marcialiluminacion.es\/index.php\/wp-json\/wp\/v2\/product"}],"about":[{"href":"https:\/\/marcialiluminacion.es\/index.php\/wp-json\/wp\/v2\/types\/product"}],"replies":[{"embeddable":true,"href":"https:\/\/marcialiluminacion.es\/index.php\/wp-json\/wp\/v2\/comments?post=701"}],"wp:featuredmedia":[{"embeddable":true,"href":"https:\/\/marcialiluminacion.es\/index.php\/wp-json\/wp\/v2\/media\/214"}],"wp:attachment":[{"href":"https:\/\/marcialiluminacion.es\/index.php\/wp-json\/wp\/v2\/media?parent=701"}],"wp:term":[{"taxonomy":"product_brand","embeddable":true,"href":"https:\/\/marcialiluminacion.es\/index.php\/wp-json\/wp\/v2\/product_brand?post=701"},{"taxonomy":"product_cat","embeddable":true,"href":"https:\/\/marcialiluminacion.es\/index.php\/wp-json\/wp\/v2\/product_cat?post=701"},{"taxonomy":"product_tag","embeddable":true,"href":"https:\/\/marcialiluminacion.es\/index.php\/wp-json\/wp\/v2\/product_tag?post=701"}],"curies":[{"name":"wp","href":"https:\/\/api.w.org\/{rel}","templated":true}]}}

<p data-start="0" data-end="110">Es una <strong data-start="7" data-end="50">lámpara colgante de exterior tipo farol</strong>, con un diseño <strong data-start="66" data-end="109">clásico reinterpretado en clave moderna</strong>.</p>
<p data-start="112" data-end="307">Está fabricada en <strong data-start="130" data-end="139">metal</strong> con acabado <strong data-start="152" data-end="160">gris</strong>, y se suspende mediante una <strong data-start="189" data-end="208">cadena metálica</strong> a juego, que permite regular la altura. Incluye un <strong data-start="260" data-end="280">soporte superior</strong> para la fijación al techo.</p>
<p data-start="309" data-end="557">El cuerpo del farol es <strong data-start="332" data-end="347">rectangular</strong>, con <strong data-start="353" data-end="377">paneles translúcidos</strong> que difuminan la luz de forma suave. Destacan los <strong data-start="428" data-end="457">detalles metálicos curvos</strong> en los laterales, que aportan un toque decorativo elegante y actual sin perder el aire tradicional.</p>
<p data-start="559" data-end="772" data-is-last-node="" data-is-only-node="">Es ideal para <strong data-start="573" data-end="633">porches, terrazas, entradas o zonas exteriores cubiertas</strong>, proporcionando una <strong data-start="654" data-end="689">iluminación ambiental agradable</strong> y un estilo versátil que encaja tanto en entornos clásicos como contemporáneos.</p>

<!-- This site is optimized with the Yoast SEO plugin v27.2 - https://yoast.com/product/yoast-seo-wordpress/ -->
<title>lampara 123 -</title>
<meta name="robots" content="index, follow, max-snippet:-1, max-image-preview:large, max-video-preview:-1" />
<link rel="canonical" href="https://marcialiluminacion.es/index.php/producto/lampara-123/" />
<meta property="og:locale" content="es_ES" />
<meta property="og:type" content="article" />
<meta property="og:title" content="lampara 123 -" />
<meta property="og:description" content="Es una lámpara colgante de exterior tipo farol, con un diseño clásico reinterpretado en clave moderna.  Está fabricada en metal con acabado gris, y se suspende mediante una cadena metálica a juego, que permite regular la altura. Incluye un soporte superior para la fijación al techo.  El cuerpo del farol es rectangular, con paneles translúcidos que difuminan la luz de forma suave. Destacan los detalles metálicos curvos en los laterales, que aportan un toque decorativo elegante y actual sin perder el aire tradicional.  Es ideal para porches, terrazas, entradas o zonas exteriores cubiertas, proporcionando una iluminación ambiental agradable y un estilo versátil que encaja tanto en entornos clásicos como contemporáneos." />
<meta property="og:url" content="https://marcialiluminacion.es/index.php/producto/lampara-123/" />
<meta property="article:modified_time" content="2026-02-21T10:31:34+00:00" />
<meta name="twitter:card" content="summary_large_image" />
<script type="application/ld+json" class="yoast-schema-graph">{"@context":"https://schema.org","@graph":[{"@type":"WebPage","@id":"https://marcialiluminacion.es/index.php/producto/lampara-123/","url":"https://marcialiluminacion.es/index.php/producto/lampara-123/","name":"lampara 123 -","isPartOf":{"@id":"https://marcialiluminacion.es/#website"},"primaryImageOfPage":{"@id":"https://marcialiluminacion.es/index.php/producto/lampara-123/#primaryimage"},"image":{"@id":"https://marcialiluminacion.es/index.php/producto/lampara-123/#primaryimage"},"thumbnailUrl":"https://marcialiluminacion.es/wp-content/uploads/2026/01/20-65.jpg","datePublished":"2026-02-17T19:44:50+00:00","dateModified":"2026-02-21T10:31:34+00:00","breadcrumb":{"@id":"https://marcialiluminacion.es/index.php/producto/lampara-123/#breadcrumb"},"inLanguage":"es","potentialAction":[{"@type":"ReadAction","target":["https://marcialiluminacion.es/index.php/producto/lampara-123/"]}]},{"@type":"ImageObject","inLanguage":"es","@id":"https://marcialiluminacion.es/index.php/producto/lampara-123/#primaryimage","url":"https://marcialiluminacion.es/wp-content/uploads/2026/01/20-65.jpg","contentUrl":"https://marcialiluminacion.es/wp-content/uploads/2026/01/20-65.jpg","width":750,"height":1000},{"@type":"BreadcrumbList","@id":"https://marcialiluminacion.es/index.php/producto/lampara-123/#breadcrumb","itemListElement":[{"@type":"ListItem","position":1,"name":"Portada","item":"https://marcialiluminacion.es/"},{"@type":"ListItem","position":2,"name":"Tienda","item":"https://marcialiluminacion.es/index.php/tienda/"},{"@type":"ListItem","position":3,"name":"lampara 123"}]},{"@type":"WebSite","@id":"https://marcialiluminacion.es/#website","url":"https://marcialiluminacion.es/","name":"","description":"","potentialAction":[{"@type":"SearchAction","target":{"@type":"EntryPoint","urlTemplate":"https://marcialiluminacion.es/?s={search_term_string}"},"query-input":{"@type":"PropertyValueSpecification","valueRequired":true,"valueName":"search_term_string"}}],"inLanguage":"es"}]}</script>
<!-- / Yoast SEO plugin. -->

Es una lámpara colgante de exterior tipo farol, con un diseño clásico reinterpretado en clave moderna.  Está fabricada en metal con acabado gris, y se suspende mediante una cadena metálica a juego, que permite regular la altura. Incluye un soporte superior para la fijación al techo.  El cuerpo del farol es rectangular, con paneles translúcidos que difuminan la luz de forma suave. Destacan los detalles metálicos curvos en los laterales, que aportan un toque decorativo elegante y actual sin perder el aire tradicional.  Es ideal para porches, terrazas, entradas o zonas exteriores cubiertas, proporcionando una iluminación ambiental agradable y un estilo versátil que encaja tanto en entornos clásicos como contemporáneos.
