{"id":698,"date":"2026-02-17T19:44:50","date_gmt":"2026-02-17T19:44:50","guid":{"rendered":"https:\/\/marcialiluminacion.es\/?post_type=product&#038;p=698"},"modified":"2026-02-21T10:31:34","modified_gmt":"2026-02-21T10:31:34","slug":"lampara-120","status":"publish","type":"product","link":"https:\/\/marcialiluminacion.es\/index.php\/producto\/lampara-120\/","title":{"rendered":"lampara 120"},"content":{"rendered":"","protected":false},"excerpt":{"rendered":"<p data-start=\"0\" data-end=\"95\">Es una <strong data-start=\"7\" data-end=\"50\">l\u00e1mpara colgante de exterior tipo farol<\/strong>, con un dise\u00f1o <strong data-start=\"66\" data-end=\"94\">cl\u00e1sico y muy ornamental<\/strong>.<\/p>\n<p data-start=\"97\" data-end=\"299\">Est\u00e1 fabricada en <strong data-start=\"115\" data-end=\"124\">metal<\/strong> con acabado <strong data-start=\"137\" data-end=\"146\">negro<\/strong>, y se suspende mediante una <strong data-start=\"175\" data-end=\"196\">cadena decorativa<\/strong> a juego, que refuerza su car\u00e1cter tradicional. Incluye un <strong data-start=\"255\" data-end=\"275\">soporte superior<\/strong> para fijaci\u00f3n al techo.<\/p>\n<p data-start=\"301\" data-end=\"614\">El cuerpo del farol presenta una forma <strong data-start=\"340\" data-end=\"356\">troncoc\u00f3nica<\/strong>, con <strong data-start=\"362\" data-end=\"396\">paneles de vidrio transparente<\/strong> que permiten una iluminaci\u00f3n clara. Destacan los <strong data-start=\"446\" data-end=\"470\">detalles decorativos<\/strong> en la parte superior, con formas onduladas y una <strong data-start=\"520\" data-end=\"541\">corona ornamental<\/strong>, as\u00ed como el <strong data-start=\"555\" data-end=\"585\">remate inferior puntiagudo<\/strong>, que le da un aire se\u00f1orial.<\/p>\n<p data-start=\"616\" data-end=\"825\" data-is-last-node=\"\" data-is-only-node=\"\">Es ideal para <strong data-start=\"630\" data-end=\"680\">porches, entradas, terrazas o patios cubiertos<\/strong>, aportando una <strong data-start=\"696\" data-end=\"730\">iluminaci\u00f3n ambiental elegante<\/strong> y un estilo cl\u00e1sico que encaja especialmente bien en fachadas tradicionales o hist\u00f3ricas.<\/p>\n","protected":false},"featured_media":207,"comment_status":"open","ping_status":"closed","template":"","meta":[],"product_brand":[],"product_cat":[15],"product_tag":[],"class_list":["post-698","product","type-product","status-publish","has-post-thumbnail","product_cat-sin-categorizar","first","instock","sale","shipping-taxable","purchasable","product-type-simple"],"yoast_head":"<!-- This site is optimized with the Yoast SEO plugin v27.2 - https:\/\/yoast.com\/product\/yoast-seo-wordpress\/ -->\n<title>lampara 120 -<\/title>\n<meta name=\"robots\" content=\"index, follow, max-snippet:-1, max-image-preview:large, max-video-preview:-1\" \/>\n<link rel=\"canonical\" href=\"https:\/\/marcialiluminacion.es\/index.php\/producto\/lampara-120\/\" \/>\n<meta property=\"og:locale\" content=\"es_ES\" \/>\n<meta property=\"og:type\" content=\"article\" \/>\n<meta property=\"og:title\" content=\"lampara 120 -\" \/>\n<meta property=\"og:description\" content=\"Es una l\u00e1mpara colgante de exterior tipo farol, con un dise\u00f1o cl\u00e1sico y muy ornamental.  Est\u00e1 fabricada en metal con acabado negro, y se suspende mediante una cadena decorativa a juego, que refuerza su car\u00e1cter tradicional. Incluye un soporte superior para fijaci\u00f3n al techo.  El cuerpo del farol presenta una forma troncoc\u00f3nica, con paneles de vidrio transparente que permiten una iluminaci\u00f3n clara. Destacan los detalles decorativos en la parte superior, con formas onduladas y una corona ornamental, as\u00ed como el remate inferior puntiagudo, que le da un aire se\u00f1orial.  Es ideal para porches, entradas, terrazas o patios cubiertos, aportando una iluminaci\u00f3n ambiental elegante y un estilo cl\u00e1sico que encaja especialmente bien en fachadas tradicionales o hist\u00f3ricas.\" \/>\n<meta property=\"og:url\" content=\"https:\/\/marcialiluminacion.es\/index.php\/producto\/lampara-120\/\" \/>\n<meta property=\"article:modified_time\" content=\"2026-02-21T10:31:34+00:00\" \/>\n<meta name=\"twitter:card\" content=\"summary_large_image\" \/>\n<script type=\"application\/ld+json\" class=\"yoast-schema-graph\">{\"@context\":\"https:\/\/schema.org\",\"@graph\":[{\"@type\":\"WebPage\",\"@id\":\"https:\/\/marcialiluminacion.es\/index.php\/producto\/lampara-120\/\",\"url\":\"https:\/\/marcialiluminacion.es\/index.php\/producto\/lampara-120\/\",\"name\":\"lampara 120 -\",\"isPartOf\":{\"@id\":\"https:\/\/marcialiluminacion.es\/#website\"},\"primaryImageOfPage\":{\"@id\":\"https:\/\/marcialiluminacion.es\/index.php\/producto\/lampara-120\/#primaryimage\"},\"image\":{\"@id\":\"https:\/\/marcialiluminacion.es\/index.php\/producto\/lampara-120\/#primaryimage\"},\"thumbnailUrl\":\"https:\/\/marcialiluminacion.es\/wp-content\/uploads\/2026\/01\/20-55.jpg\",\"datePublished\":\"2026-02-17T19:44:50+00:00\",\"dateModified\":\"2026-02-21T10:31:34+00:00\",\"breadcrumb\":{\"@id\":\"https:\/\/marcialiluminacion.es\/index.php\/producto\/lampara-120\/#breadcrumb\"},\"inLanguage\":\"es\",\"potentialAction\":[{\"@type\":\"ReadAction\",\"target\":[\"https:\/\/marcialiluminacion.es\/index.php\/producto\/lampara-120\/\"]}]},{\"@type\":\"ImageObject\",\"inLanguage\":\"es\",\"@id\":\"https:\/\/marcialiluminacion.es\/index.php\/producto\/lampara-120\/#primaryimage\",\"url\":\"https:\/\/marcialiluminacion.es\/wp-content\/uploads\/2026\/01\/20-55.jpg\",\"contentUrl\":\"https:\/\/marcialiluminacion.es\/wp-content\/uploads\/2026\/01\/20-55.jpg\",\"width\":750,\"height\":1000},{\"@type\":\"BreadcrumbList\",\"@id\":\"https:\/\/marcialiluminacion.es\/index.php\/producto\/lampara-120\/#breadcrumb\",\"itemListElement\":[{\"@type\":\"ListItem\",\"position\":1,\"name\":\"Portada\",\"item\":\"https:\/\/marcialiluminacion.es\/\"},{\"@type\":\"ListItem\",\"position\":2,\"name\":\"Tienda\",\"item\":\"https:\/\/marcialiluminacion.es\/index.php\/tienda\/\"},{\"@type\":\"ListItem\",\"position\":3,\"name\":\"lampara 120\"}]},{\"@type\":\"WebSite\",\"@id\":\"https:\/\/marcialiluminacion.es\/#website\",\"url\":\"https:\/\/marcialiluminacion.es\/\",\"name\":\"\",\"description\":\"\",\"potentialAction\":[{\"@type\":\"SearchAction\",\"target\":{\"@type\":\"EntryPoint\",\"urlTemplate\":\"https:\/\/marcialiluminacion.es\/?s={search_term_string}\"},\"query-input\":{\"@type\":\"PropertyValueSpecification\",\"valueRequired\":true,\"valueName\":\"search_term_string\"}}],\"inLanguage\":\"es\"}]}<\/script>\n<!-- \/ Yoast SEO plugin. -->","yoast_head_json":{"title":"lampara 120 -","robots":{"index":"index","follow":"follow","max-snippet":"max-snippet:-1","max-image-preview":"max-image-preview:large","max-video-preview":"max-video-preview:-1"},"canonical":"https:\/\/marcialiluminacion.es\/index.php\/producto\/lampara-120\/","og_locale":"es_ES","og_type":"article","og_title":"lampara 120 -","og_description":"Es una l\u00e1mpara colgante de exterior tipo farol, con un dise\u00f1o cl\u00e1sico y muy ornamental.  Est\u00e1 fabricada en metal con acabado negro, y se suspende mediante una cadena decorativa a juego, que refuerza su car\u00e1cter tradicional. Incluye un soporte superior para fijaci\u00f3n al techo.  El cuerpo del farol presenta una forma troncoc\u00f3nica, con paneles de vidrio transparente que permiten una iluminaci\u00f3n clara. Destacan los detalles decorativos en la parte superior, con formas onduladas y una corona ornamental, as\u00ed como el remate inferior puntiagudo, que le da un aire se\u00f1orial.  Es ideal para porches, entradas, terrazas o patios cubiertos, aportando una iluminaci\u00f3n ambiental elegante y un estilo cl\u00e1sico que encaja especialmente bien en fachadas tradicionales o hist\u00f3ricas.","og_url":"https:\/\/marcialiluminacion.es\/index.php\/producto\/lampara-120\/","article_modified_time":"2026-02-21T10:31:34+00:00","twitter_card":"summary_large_image","schema":{"@context":"https:\/\/schema.org","@graph":[{"@type":"WebPage","@id":"https:\/\/marcialiluminacion.es\/index.php\/producto\/lampara-120\/","url":"https:\/\/marcialiluminacion.es\/index.php\/producto\/lampara-120\/","name":"lampara 120 -","isPartOf":{"@id":"https:\/\/marcialiluminacion.es\/#website"},"primaryImageOfPage":{"@id":"https:\/\/marcialiluminacion.es\/index.php\/producto\/lampara-120\/#primaryimage"},"image":{"@id":"https:\/\/marcialiluminacion.es\/index.php\/producto\/lampara-120\/#primaryimage"},"thumbnailUrl":"https:\/\/marcialiluminacion.es\/wp-content\/uploads\/2026\/01\/20-55.jpg","datePublished":"2026-02-17T19:44:50+00:00","dateModified":"2026-02-21T10:31:34+00:00","breadcrumb":{"@id":"https:\/\/marcialiluminacion.es\/index.php\/producto\/lampara-120\/#breadcrumb"},"inLanguage":"es","potentialAction":[{"@type":"ReadAction","target":["https:\/\/marcialiluminacion.es\/index.php\/producto\/lampara-120\/"]}]},{"@type":"ImageObject","inLanguage":"es","@id":"https:\/\/marcialiluminacion.es\/index.php\/producto\/lampara-120\/#primaryimage","url":"https:\/\/marcialiluminacion.es\/wp-content\/uploads\/2026\/01\/20-55.jpg","contentUrl":"https:\/\/marcialiluminacion.es\/wp-content\/uploads\/2026\/01\/20-55.jpg","width":750,"height":1000},{"@type":"BreadcrumbList","@id":"https:\/\/marcialiluminacion.es\/index.php\/producto\/lampara-120\/#breadcrumb","itemListElement":[{"@type":"ListItem","position":1,"name":"Portada","item":"https:\/\/marcialiluminacion.es\/"},{"@type":"ListItem","position":2,"name":"Tienda","item":"https:\/\/marcialiluminacion.es\/index.php\/tienda\/"},{"@type":"ListItem","position":3,"name":"lampara 120"}]},{"@type":"WebSite","@id":"https:\/\/marcialiluminacion.es\/#website","url":"https:\/\/marcialiluminacion.es\/","name":"","description":"","potentialAction":[{"@type":"SearchAction","target":{"@type":"EntryPoint","urlTemplate":"https:\/\/marcialiluminacion.es\/?s={search_term_string}"},"query-input":{"@type":"PropertyValueSpecification","valueRequired":true,"valueName":"search_term_string"}}],"inLanguage":"es"}]}},"_links":{"self":[{"href":"https:\/\/marcialiluminacion.es\/index.php\/wp-json\/wp\/v2\/product\/698","targetHints":{"allow":["GET"]}}],"collection":[{"href":"https:\/\/marcialiluminacion.es\/index.php\/wp-json\/wp\/v2\/product"}],"about":[{"href":"https:\/\/marcialiluminacion.es\/index.php\/wp-json\/wp\/v2\/types\/product"}],"replies":[{"embeddable":true,"href":"https:\/\/marcialiluminacion.es\/index.php\/wp-json\/wp\/v2\/comments?post=698"}],"wp:featuredmedia":[{"embeddable":true,"href":"https:\/\/marcialiluminacion.es\/index.php\/wp-json\/wp\/v2\/media\/207"}],"wp:attachment":[{"href":"https:\/\/marcialiluminacion.es\/index.php\/wp-json\/wp\/v2\/media?parent=698"}],"wp:term":[{"taxonomy":"product_brand","embeddable":true,"href":"https:\/\/marcialiluminacion.es\/index.php\/wp-json\/wp\/v2\/product_brand?post=698"},{"taxonomy":"product_cat","embeddable":true,"href":"https:\/\/marcialiluminacion.es\/index.php\/wp-json\/wp\/v2\/product_cat?post=698"},{"taxonomy":"product_tag","embeddable":true,"href":"https:\/\/marcialiluminacion.es\/index.php\/wp-json\/wp\/v2\/product_tag?post=698"}],"curies":[{"name":"wp","href":"https:\/\/api.w.org\/{rel}","templated":true}]}}

<p data-start="0" data-end="95">Es una <strong data-start="7" data-end="50">lámpara colgante de exterior tipo farol</strong>, con un diseño <strong data-start="66" data-end="94">clásico y muy ornamental</strong>.</p>
<p data-start="97" data-end="299">Está fabricada en <strong data-start="115" data-end="124">metal</strong> con acabado <strong data-start="137" data-end="146">negro</strong>, y se suspende mediante una <strong data-start="175" data-end="196">cadena decorativa</strong> a juego, que refuerza su carácter tradicional. Incluye un <strong data-start="255" data-end="275">soporte superior</strong> para fijación al techo.</p>
<p data-start="301" data-end="614">El cuerpo del farol presenta una forma <strong data-start="340" data-end="356">troncocónica</strong>, con <strong data-start="362" data-end="396">paneles de vidrio transparente</strong> que permiten una iluminación clara. Destacan los <strong data-start="446" data-end="470">detalles decorativos</strong> en la parte superior, con formas onduladas y una <strong data-start="520" data-end="541">corona ornamental</strong>, así como el <strong data-start="555" data-end="585">remate inferior puntiagudo</strong>, que le da un aire señorial.</p>
<p data-start="616" data-end="825" data-is-last-node="" data-is-only-node="">Es ideal para <strong data-start="630" data-end="680">porches, entradas, terrazas o patios cubiertos</strong>, aportando una <strong data-start="696" data-end="730">iluminación ambiental elegante</strong> y un estilo clásico que encaja especialmente bien en fachadas tradicionales o históricas.</p>

<!-- This site is optimized with the Yoast SEO plugin v27.2 - https://yoast.com/product/yoast-seo-wordpress/ -->
<title>lampara 120 -</title>
<meta name="robots" content="index, follow, max-snippet:-1, max-image-preview:large, max-video-preview:-1" />
<link rel="canonical" href="https://marcialiluminacion.es/index.php/producto/lampara-120/" />
<meta property="og:locale" content="es_ES" />
<meta property="og:type" content="article" />
<meta property="og:title" content="lampara 120 -" />
<meta property="og:description" content="Es una lámpara colgante de exterior tipo farol, con un diseño clásico y muy ornamental.  Está fabricada en metal con acabado negro, y se suspende mediante una cadena decorativa a juego, que refuerza su carácter tradicional. Incluye un soporte superior para fijación al techo.  El cuerpo del farol presenta una forma troncocónica, con paneles de vidrio transparente que permiten una iluminación clara. Destacan los detalles decorativos en la parte superior, con formas onduladas y una corona ornamental, así como el remate inferior puntiagudo, que le da un aire señorial.  Es ideal para porches, entradas, terrazas o patios cubiertos, aportando una iluminación ambiental elegante y un estilo clásico que encaja especialmente bien en fachadas tradicionales o históricas." />
<meta property="og:url" content="https://marcialiluminacion.es/index.php/producto/lampara-120/" />
<meta property="article:modified_time" content="2026-02-21T10:31:34+00:00" />
<meta name="twitter:card" content="summary_large_image" />
<script type="application/ld+json" class="yoast-schema-graph">{"@context":"https://schema.org","@graph":[{"@type":"WebPage","@id":"https://marcialiluminacion.es/index.php/producto/lampara-120/","url":"https://marcialiluminacion.es/index.php/producto/lampara-120/","name":"lampara 120 -","isPartOf":{"@id":"https://marcialiluminacion.es/#website"},"primaryImageOfPage":{"@id":"https://marcialiluminacion.es/index.php/producto/lampara-120/#primaryimage"},"image":{"@id":"https://marcialiluminacion.es/index.php/producto/lampara-120/#primaryimage"},"thumbnailUrl":"https://marcialiluminacion.es/wp-content/uploads/2026/01/20-55.jpg","datePublished":"2026-02-17T19:44:50+00:00","dateModified":"2026-02-21T10:31:34+00:00","breadcrumb":{"@id":"https://marcialiluminacion.es/index.php/producto/lampara-120/#breadcrumb"},"inLanguage":"es","potentialAction":[{"@type":"ReadAction","target":["https://marcialiluminacion.es/index.php/producto/lampara-120/"]}]},{"@type":"ImageObject","inLanguage":"es","@id":"https://marcialiluminacion.es/index.php/producto/lampara-120/#primaryimage","url":"https://marcialiluminacion.es/wp-content/uploads/2026/01/20-55.jpg","contentUrl":"https://marcialiluminacion.es/wp-content/uploads/2026/01/20-55.jpg","width":750,"height":1000},{"@type":"BreadcrumbList","@id":"https://marcialiluminacion.es/index.php/producto/lampara-120/#breadcrumb","itemListElement":[{"@type":"ListItem","position":1,"name":"Portada","item":"https://marcialiluminacion.es/"},{"@type":"ListItem","position":2,"name":"Tienda","item":"https://marcialiluminacion.es/index.php/tienda/"},{"@type":"ListItem","position":3,"name":"lampara 120"}]},{"@type":"WebSite","@id":"https://marcialiluminacion.es/#website","url":"https://marcialiluminacion.es/","name":"","description":"","potentialAction":[{"@type":"SearchAction","target":{"@type":"EntryPoint","urlTemplate":"https://marcialiluminacion.es/?s={search_term_string}"},"query-input":{"@type":"PropertyValueSpecification","valueRequired":true,"valueName":"search_term_string"}}],"inLanguage":"es"}]}</script>
<!-- / Yoast SEO plugin. -->

Es una lámpara colgante de exterior tipo farol, con un diseño clásico y muy ornamental.  Está fabricada en metal con acabado negro, y se suspende mediante una cadena decorativa a juego, que refuerza su carácter tradicional. Incluye un soporte superior para fijación al techo.  El cuerpo del farol presenta una forma troncocónica, con paneles de vidrio transparente que permiten una iluminación clara. Destacan los detalles decorativos en la parte superior, con formas onduladas y una corona ornamental, así como el remate inferior puntiagudo, que le da un aire señorial.  Es ideal para porches, entradas, terrazas o patios cubiertos, aportando una iluminación ambiental elegante y un estilo clásico que encaja especialmente bien en fachadas tradicionales o históricas.
