{"id":697,"date":"2026-02-17T19:44:50","date_gmt":"2026-02-17T19:44:50","guid":{"rendered":"https:\/\/marcialiluminacion.es\/?post_type=product&#038;p=697"},"modified":"2026-02-21T10:31:34","modified_gmt":"2026-02-21T10:31:34","slug":"lampara-119","status":"publish","type":"product","link":"https:\/\/marcialiluminacion.es\/index.php\/producto\/lampara-119\/","title":{"rendered":"lampara 119"},"content":{"rendered":"","protected":false},"excerpt":{"rendered":"<p data-start=\"0\" data-end=\"100\">Es una <strong data-start=\"7\" data-end=\"58\">l\u00e1mpara colgante de exterior tipo farol cl\u00e1sico<\/strong>, con un dise\u00f1o <strong data-start=\"74\" data-end=\"99\">elegante y ornamental<\/strong>.<\/p>\n<p data-start=\"102\" data-end=\"328\">Est\u00e1 fabricada en <strong data-start=\"120\" data-end=\"129\">metal<\/strong> con acabado <strong data-start=\"142\" data-end=\"152\">blanco<\/strong>, y se suspende mediante una <strong data-start=\"181\" data-end=\"202\">cadena decorativa<\/strong> a juego, que refuerza su est\u00e9tica tradicional. El conjunto incluye un <strong data-start=\"273\" data-end=\"304\">flor\u00f3n superior ornamentado<\/strong> para fijaci\u00f3n al techo.<\/p>\n<p data-start=\"330\" data-end=\"588\">El cuerpo del farol presenta una forma <strong data-start=\"369\" data-end=\"399\">troncopiramidal estilizada<\/strong>, con <strong data-start=\"405\" data-end=\"429\">paneles transl\u00facidos<\/strong> que suavizan la salida de la luz y evitan deslumbramientos. Los <strong data-start=\"494\" data-end=\"517\">detalles en relieve<\/strong> en la parte superior e inferior aportan un car\u00e1cter cl\u00e1sico y cuidado.<\/p>\n<p data-start=\"590\" data-end=\"805\" data-is-last-node=\"\" data-is-only-node=\"\">Es ideal para <strong data-start=\"604\" data-end=\"654\">porches, entradas, terrazas o patios cubiertos<\/strong>, proporcionando una <strong data-start=\"675\" data-end=\"707\">iluminaci\u00f3n ambiental c\u00e1lida<\/strong> y un toque se\u00f1orial que encaja perfectamente en viviendas de estilo cl\u00e1sico o mediterr\u00e1neo.<\/p>\n","protected":false},"featured_media":205,"comment_status":"open","ping_status":"closed","template":"","meta":[],"product_brand":[],"product_cat":[15],"product_tag":[],"class_list":["post-697","product","type-product","status-publish","has-post-thumbnail","product_cat-sin-categorizar","first","instock","sale","shipping-taxable","purchasable","product-type-simple"],"yoast_head":"<!-- This site is optimized with the Yoast SEO plugin v27.2 - https:\/\/yoast.com\/product\/yoast-seo-wordpress\/ -->\n<title>lampara 119 -<\/title>\n<meta name=\"robots\" content=\"index, follow, max-snippet:-1, max-image-preview:large, max-video-preview:-1\" \/>\n<link rel=\"canonical\" href=\"https:\/\/marcialiluminacion.es\/index.php\/producto\/lampara-119\/\" \/>\n<meta property=\"og:locale\" content=\"es_ES\" \/>\n<meta property=\"og:type\" content=\"article\" \/>\n<meta property=\"og:title\" content=\"lampara 119 -\" \/>\n<meta property=\"og:description\" content=\"Es una l\u00e1mpara colgante de exterior tipo farol cl\u00e1sico, con un dise\u00f1o elegante y ornamental.  Est\u00e1 fabricada en metal con acabado blanco, y se suspende mediante una cadena decorativa a juego, que refuerza su est\u00e9tica tradicional. El conjunto incluye un flor\u00f3n superior ornamentado para fijaci\u00f3n al techo.  El cuerpo del farol presenta una forma troncopiramidal estilizada, con paneles transl\u00facidos que suavizan la salida de la luz y evitan deslumbramientos. Los detalles en relieve en la parte superior e inferior aportan un car\u00e1cter cl\u00e1sico y cuidado.  Es ideal para porches, entradas, terrazas o patios cubiertos, proporcionando una iluminaci\u00f3n ambiental c\u00e1lida y un toque se\u00f1orial que encaja perfectamente en viviendas de estilo cl\u00e1sico o mediterr\u00e1neo.\" \/>\n<meta property=\"og:url\" content=\"https:\/\/marcialiluminacion.es\/index.php\/producto\/lampara-119\/\" \/>\n<meta property=\"article:modified_time\" content=\"2026-02-21T10:31:34+00:00\" \/>\n<meta name=\"twitter:card\" content=\"summary_large_image\" \/>\n<script type=\"application\/ld+json\" class=\"yoast-schema-graph\">{\"@context\":\"https:\/\/schema.org\",\"@graph\":[{\"@type\":\"WebPage\",\"@id\":\"https:\/\/marcialiluminacion.es\/index.php\/producto\/lampara-119\/\",\"url\":\"https:\/\/marcialiluminacion.es\/index.php\/producto\/lampara-119\/\",\"name\":\"lampara 119 -\",\"isPartOf\":{\"@id\":\"https:\/\/marcialiluminacion.es\/#website\"},\"primaryImageOfPage\":{\"@id\":\"https:\/\/marcialiluminacion.es\/index.php\/producto\/lampara-119\/#primaryimage\"},\"image\":{\"@id\":\"https:\/\/marcialiluminacion.es\/index.php\/producto\/lampara-119\/#primaryimage\"},\"thumbnailUrl\":\"https:\/\/marcialiluminacion.es\/wp-content\/uploads\/2026\/01\/20-54.jpg\",\"datePublished\":\"2026-02-17T19:44:50+00:00\",\"dateModified\":\"2026-02-21T10:31:34+00:00\",\"breadcrumb\":{\"@id\":\"https:\/\/marcialiluminacion.es\/index.php\/producto\/lampara-119\/#breadcrumb\"},\"inLanguage\":\"es\",\"potentialAction\":[{\"@type\":\"ReadAction\",\"target\":[\"https:\/\/marcialiluminacion.es\/index.php\/producto\/lampara-119\/\"]}]},{\"@type\":\"ImageObject\",\"inLanguage\":\"es\",\"@id\":\"https:\/\/marcialiluminacion.es\/index.php\/producto\/lampara-119\/#primaryimage\",\"url\":\"https:\/\/marcialiluminacion.es\/wp-content\/uploads\/2026\/01\/20-54.jpg\",\"contentUrl\":\"https:\/\/marcialiluminacion.es\/wp-content\/uploads\/2026\/01\/20-54.jpg\",\"width\":750,\"height\":1000},{\"@type\":\"BreadcrumbList\",\"@id\":\"https:\/\/marcialiluminacion.es\/index.php\/producto\/lampara-119\/#breadcrumb\",\"itemListElement\":[{\"@type\":\"ListItem\",\"position\":1,\"name\":\"Portada\",\"item\":\"https:\/\/marcialiluminacion.es\/\"},{\"@type\":\"ListItem\",\"position\":2,\"name\":\"Tienda\",\"item\":\"https:\/\/marcialiluminacion.es\/index.php\/tienda\/\"},{\"@type\":\"ListItem\",\"position\":3,\"name\":\"lampara 119\"}]},{\"@type\":\"WebSite\",\"@id\":\"https:\/\/marcialiluminacion.es\/#website\",\"url\":\"https:\/\/marcialiluminacion.es\/\",\"name\":\"\",\"description\":\"\",\"potentialAction\":[{\"@type\":\"SearchAction\",\"target\":{\"@type\":\"EntryPoint\",\"urlTemplate\":\"https:\/\/marcialiluminacion.es\/?s={search_term_string}\"},\"query-input\":{\"@type\":\"PropertyValueSpecification\",\"valueRequired\":true,\"valueName\":\"search_term_string\"}}],\"inLanguage\":\"es\"}]}<\/script>\n<!-- \/ Yoast SEO plugin. -->","yoast_head_json":{"title":"lampara 119 -","robots":{"index":"index","follow":"follow","max-snippet":"max-snippet:-1","max-image-preview":"max-image-preview:large","max-video-preview":"max-video-preview:-1"},"canonical":"https:\/\/marcialiluminacion.es\/index.php\/producto\/lampara-119\/","og_locale":"es_ES","og_type":"article","og_title":"lampara 119 -","og_description":"Es una l\u00e1mpara colgante de exterior tipo farol cl\u00e1sico, con un dise\u00f1o elegante y ornamental.  Est\u00e1 fabricada en metal con acabado blanco, y se suspende mediante una cadena decorativa a juego, que refuerza su est\u00e9tica tradicional. El conjunto incluye un flor\u00f3n superior ornamentado para fijaci\u00f3n al techo.  El cuerpo del farol presenta una forma troncopiramidal estilizada, con paneles transl\u00facidos que suavizan la salida de la luz y evitan deslumbramientos. Los detalles en relieve en la parte superior e inferior aportan un car\u00e1cter cl\u00e1sico y cuidado.  Es ideal para porches, entradas, terrazas o patios cubiertos, proporcionando una iluminaci\u00f3n ambiental c\u00e1lida y un toque se\u00f1orial que encaja perfectamente en viviendas de estilo cl\u00e1sico o mediterr\u00e1neo.","og_url":"https:\/\/marcialiluminacion.es\/index.php\/producto\/lampara-119\/","article_modified_time":"2026-02-21T10:31:34+00:00","twitter_card":"summary_large_image","schema":{"@context":"https:\/\/schema.org","@graph":[{"@type":"WebPage","@id":"https:\/\/marcialiluminacion.es\/index.php\/producto\/lampara-119\/","url":"https:\/\/marcialiluminacion.es\/index.php\/producto\/lampara-119\/","name":"lampara 119 -","isPartOf":{"@id":"https:\/\/marcialiluminacion.es\/#website"},"primaryImageOfPage":{"@id":"https:\/\/marcialiluminacion.es\/index.php\/producto\/lampara-119\/#primaryimage"},"image":{"@id":"https:\/\/marcialiluminacion.es\/index.php\/producto\/lampara-119\/#primaryimage"},"thumbnailUrl":"https:\/\/marcialiluminacion.es\/wp-content\/uploads\/2026\/01\/20-54.jpg","datePublished":"2026-02-17T19:44:50+00:00","dateModified":"2026-02-21T10:31:34+00:00","breadcrumb":{"@id":"https:\/\/marcialiluminacion.es\/index.php\/producto\/lampara-119\/#breadcrumb"},"inLanguage":"es","potentialAction":[{"@type":"ReadAction","target":["https:\/\/marcialiluminacion.es\/index.php\/producto\/lampara-119\/"]}]},{"@type":"ImageObject","inLanguage":"es","@id":"https:\/\/marcialiluminacion.es\/index.php\/producto\/lampara-119\/#primaryimage","url":"https:\/\/marcialiluminacion.es\/wp-content\/uploads\/2026\/01\/20-54.jpg","contentUrl":"https:\/\/marcialiluminacion.es\/wp-content\/uploads\/2026\/01\/20-54.jpg","width":750,"height":1000},{"@type":"BreadcrumbList","@id":"https:\/\/marcialiluminacion.es\/index.php\/producto\/lampara-119\/#breadcrumb","itemListElement":[{"@type":"ListItem","position":1,"name":"Portada","item":"https:\/\/marcialiluminacion.es\/"},{"@type":"ListItem","position":2,"name":"Tienda","item":"https:\/\/marcialiluminacion.es\/index.php\/tienda\/"},{"@type":"ListItem","position":3,"name":"lampara 119"}]},{"@type":"WebSite","@id":"https:\/\/marcialiluminacion.es\/#website","url":"https:\/\/marcialiluminacion.es\/","name":"","description":"","potentialAction":[{"@type":"SearchAction","target":{"@type":"EntryPoint","urlTemplate":"https:\/\/marcialiluminacion.es\/?s={search_term_string}"},"query-input":{"@type":"PropertyValueSpecification","valueRequired":true,"valueName":"search_term_string"}}],"inLanguage":"es"}]}},"_links":{"self":[{"href":"https:\/\/marcialiluminacion.es\/index.php\/wp-json\/wp\/v2\/product\/697","targetHints":{"allow":["GET"]}}],"collection":[{"href":"https:\/\/marcialiluminacion.es\/index.php\/wp-json\/wp\/v2\/product"}],"about":[{"href":"https:\/\/marcialiluminacion.es\/index.php\/wp-json\/wp\/v2\/types\/product"}],"replies":[{"embeddable":true,"href":"https:\/\/marcialiluminacion.es\/index.php\/wp-json\/wp\/v2\/comments?post=697"}],"wp:featuredmedia":[{"embeddable":true,"href":"https:\/\/marcialiluminacion.es\/index.php\/wp-json\/wp\/v2\/media\/205"}],"wp:attachment":[{"href":"https:\/\/marcialiluminacion.es\/index.php\/wp-json\/wp\/v2\/media?parent=697"}],"wp:term":[{"taxonomy":"product_brand","embeddable":true,"href":"https:\/\/marcialiluminacion.es\/index.php\/wp-json\/wp\/v2\/product_brand?post=697"},{"taxonomy":"product_cat","embeddable":true,"href":"https:\/\/marcialiluminacion.es\/index.php\/wp-json\/wp\/v2\/product_cat?post=697"},{"taxonomy":"product_tag","embeddable":true,"href":"https:\/\/marcialiluminacion.es\/index.php\/wp-json\/wp\/v2\/product_tag?post=697"}],"curies":[{"name":"wp","href":"https:\/\/api.w.org\/{rel}","templated":true}]}}

<p data-start="0" data-end="100">Es una <strong data-start="7" data-end="58">lámpara colgante de exterior tipo farol clásico</strong>, con un diseño <strong data-start="74" data-end="99">elegante y ornamental</strong>.</p>
<p data-start="102" data-end="328">Está fabricada en <strong data-start="120" data-end="129">metal</strong> con acabado <strong data-start="142" data-end="152">blanco</strong>, y se suspende mediante una <strong data-start="181" data-end="202">cadena decorativa</strong> a juego, que refuerza su estética tradicional. El conjunto incluye un <strong data-start="273" data-end="304">florón superior ornamentado</strong> para fijación al techo.</p>
<p data-start="330" data-end="588">El cuerpo del farol presenta una forma <strong data-start="369" data-end="399">troncopiramidal estilizada</strong>, con <strong data-start="405" data-end="429">paneles translúcidos</strong> que suavizan la salida de la luz y evitan deslumbramientos. Los <strong data-start="494" data-end="517">detalles en relieve</strong> en la parte superior e inferior aportan un carácter clásico y cuidado.</p>
<p data-start="590" data-end="805" data-is-last-node="" data-is-only-node="">Es ideal para <strong data-start="604" data-end="654">porches, entradas, terrazas o patios cubiertos</strong>, proporcionando una <strong data-start="675" data-end="707">iluminación ambiental cálida</strong> y un toque señorial que encaja perfectamente en viviendas de estilo clásico o mediterráneo.</p>

<!-- This site is optimized with the Yoast SEO plugin v27.2 - https://yoast.com/product/yoast-seo-wordpress/ -->
<title>lampara 119 -</title>
<meta name="robots" content="index, follow, max-snippet:-1, max-image-preview:large, max-video-preview:-1" />
<link rel="canonical" href="https://marcialiluminacion.es/index.php/producto/lampara-119/" />
<meta property="og:locale" content="es_ES" />
<meta property="og:type" content="article" />
<meta property="og:title" content="lampara 119 -" />
<meta property="og:description" content="Es una lámpara colgante de exterior tipo farol clásico, con un diseño elegante y ornamental.  Está fabricada en metal con acabado blanco, y se suspende mediante una cadena decorativa a juego, que refuerza su estética tradicional. El conjunto incluye un florón superior ornamentado para fijación al techo.  El cuerpo del farol presenta una forma troncopiramidal estilizada, con paneles translúcidos que suavizan la salida de la luz y evitan deslumbramientos. Los detalles en relieve en la parte superior e inferior aportan un carácter clásico y cuidado.  Es ideal para porches, entradas, terrazas o patios cubiertos, proporcionando una iluminación ambiental cálida y un toque señorial que encaja perfectamente en viviendas de estilo clásico o mediterráneo." />
<meta property="og:url" content="https://marcialiluminacion.es/index.php/producto/lampara-119/" />
<meta property="article:modified_time" content="2026-02-21T10:31:34+00:00" />
<meta name="twitter:card" content="summary_large_image" />
<script type="application/ld+json" class="yoast-schema-graph">{"@context":"https://schema.org","@graph":[{"@type":"WebPage","@id":"https://marcialiluminacion.es/index.php/producto/lampara-119/","url":"https://marcialiluminacion.es/index.php/producto/lampara-119/","name":"lampara 119 -","isPartOf":{"@id":"https://marcialiluminacion.es/#website"},"primaryImageOfPage":{"@id":"https://marcialiluminacion.es/index.php/producto/lampara-119/#primaryimage"},"image":{"@id":"https://marcialiluminacion.es/index.php/producto/lampara-119/#primaryimage"},"thumbnailUrl":"https://marcialiluminacion.es/wp-content/uploads/2026/01/20-54.jpg","datePublished":"2026-02-17T19:44:50+00:00","dateModified":"2026-02-21T10:31:34+00:00","breadcrumb":{"@id":"https://marcialiluminacion.es/index.php/producto/lampara-119/#breadcrumb"},"inLanguage":"es","potentialAction":[{"@type":"ReadAction","target":["https://marcialiluminacion.es/index.php/producto/lampara-119/"]}]},{"@type":"ImageObject","inLanguage":"es","@id":"https://marcialiluminacion.es/index.php/producto/lampara-119/#primaryimage","url":"https://marcialiluminacion.es/wp-content/uploads/2026/01/20-54.jpg","contentUrl":"https://marcialiluminacion.es/wp-content/uploads/2026/01/20-54.jpg","width":750,"height":1000},{"@type":"BreadcrumbList","@id":"https://marcialiluminacion.es/index.php/producto/lampara-119/#breadcrumb","itemListElement":[{"@type":"ListItem","position":1,"name":"Portada","item":"https://marcialiluminacion.es/"},{"@type":"ListItem","position":2,"name":"Tienda","item":"https://marcialiluminacion.es/index.php/tienda/"},{"@type":"ListItem","position":3,"name":"lampara 119"}]},{"@type":"WebSite","@id":"https://marcialiluminacion.es/#website","url":"https://marcialiluminacion.es/","name":"","description":"","potentialAction":[{"@type":"SearchAction","target":{"@type":"EntryPoint","urlTemplate":"https://marcialiluminacion.es/?s={search_term_string}"},"query-input":{"@type":"PropertyValueSpecification","valueRequired":true,"valueName":"search_term_string"}}],"inLanguage":"es"}]}</script>
<!-- / Yoast SEO plugin. -->

Es una lámpara colgante de exterior tipo farol clásico, con un diseño elegante y ornamental.  Está fabricada en metal con acabado blanco, y se suspende mediante una cadena decorativa a juego, que refuerza su estética tradicional. El conjunto incluye un florón superior ornamentado para fijación al techo.  El cuerpo del farol presenta una forma troncopiramidal estilizada, con paneles translúcidos que suavizan la salida de la luz y evitan deslumbramientos. Los detalles en relieve en la parte superior e inferior aportan un carácter clásico y cuidado.  Es ideal para porches, entradas, terrazas o patios cubiertos, proporcionando una iluminación ambiental cálida y un toque señorial que encaja perfectamente en viviendas de estilo clásico o mediterráneo.
