{"id":695,"date":"2026-02-17T19:44:49","date_gmt":"2026-02-17T19:44:49","guid":{"rendered":"https:\/\/marcialiluminacion.es\/?post_type=product&#038;p=695"},"modified":"2026-02-21T10:31:34","modified_gmt":"2026-02-21T10:31:34","slug":"lampara-117","status":"publish","type":"product","link":"https:\/\/marcialiluminacion.es\/index.php\/producto\/lampara-117\/","title":{"rendered":"lampara 117"},"content":{"rendered":"","protected":false},"excerpt":{"rendered":"<p data-start=\"0\" data-end=\"85\">s una <strong data-start=\"7\" data-end=\"50\">l\u00e1mpara colgante de exterior tipo farol<\/strong>, de <strong data-start=\"55\" data-end=\"84\">estilo cl\u00e1sico y elegante<\/strong>.<\/p>\n<p data-start=\"87\" data-end=\"268\">Se suspende mediante una <strong data-start=\"112\" data-end=\"131\">cadena met\u00e1lica<\/strong> en acabado <strong data-start=\"143\" data-end=\"151\">gris<\/strong>, con un <strong data-start=\"160\" data-end=\"180\">soporte superior<\/strong> a juego para su fijaci\u00f3n al techo. El conjunto transmite solidez y un aire tradicional.<\/p>\n<p data-start=\"270\" data-end=\"492\">El cuerpo del farol es <strong data-start=\"293\" data-end=\"305\">met\u00e1lico<\/strong>, con <strong data-start=\"311\" data-end=\"340\">paneles de vidrio ahumado<\/strong> que suavizan la luz y reducen el deslumbramiento. Su forma es <strong data-start=\"403\" data-end=\"419\">troncoc\u00f3nica<\/strong>, con un <strong data-start=\"428\" data-end=\"458\">remate inferior decorativo<\/strong> que refuerza su est\u00e9tica cl\u00e1sica.<\/p>\n<p data-start=\"494\" data-end=\"743\" data-is-last-node=\"\" data-is-only-node=\"\">Est\u00e1 dise\u00f1ada para <strong data-start=\"513\" data-end=\"529\">uso exterior<\/strong>, siendo ideal para <strong data-start=\"549\" data-end=\"601\">porches, terrazas, entradas o balcones cubiertos<\/strong>, aportando una <strong data-start=\"617\" data-end=\"649\">iluminaci\u00f3n ambiental c\u00e1lida<\/strong> y un toque distinguido que encaja muy bien en viviendas de estilo tradicional o r\u00fastico.<\/p>\n","protected":false},"featured_media":201,"comment_status":"open","ping_status":"closed","template":"","meta":[],"product_brand":[],"product_cat":[15],"product_tag":[],"class_list":["post-695","product","type-product","status-publish","has-post-thumbnail","product_cat-sin-categorizar","first","instock","sale","shipping-taxable","purchasable","product-type-simple"],"yoast_head":"<!-- This site is optimized with the Yoast SEO plugin v27.2 - https:\/\/yoast.com\/product\/yoast-seo-wordpress\/ -->\n<title>lampara 117 -<\/title>\n<meta name=\"robots\" content=\"index, follow, max-snippet:-1, max-image-preview:large, max-video-preview:-1\" \/>\n<link rel=\"canonical\" href=\"https:\/\/marcialiluminacion.es\/index.php\/producto\/lampara-117\/\" \/>\n<meta property=\"og:locale\" content=\"es_ES\" \/>\n<meta property=\"og:type\" content=\"article\" \/>\n<meta property=\"og:title\" content=\"lampara 117 -\" \/>\n<meta property=\"og:description\" content=\"s una l\u00e1mpara colgante de exterior tipo farol, de estilo cl\u00e1sico y elegante.  Se suspende mediante una cadena met\u00e1lica en acabado gris, con un soporte superior a juego para su fijaci\u00f3n al techo. El conjunto transmite solidez y un aire tradicional.  El cuerpo del farol es met\u00e1lico, con paneles de vidrio ahumado que suavizan la luz y reducen el deslumbramiento. Su forma es troncoc\u00f3nica, con un remate inferior decorativo que refuerza su est\u00e9tica cl\u00e1sica.  Est\u00e1 dise\u00f1ada para uso exterior, siendo ideal para porches, terrazas, entradas o balcones cubiertos, aportando una iluminaci\u00f3n ambiental c\u00e1lida y un toque distinguido que encaja muy bien en viviendas de estilo tradicional o r\u00fastico.\" \/>\n<meta property=\"og:url\" content=\"https:\/\/marcialiluminacion.es\/index.php\/producto\/lampara-117\/\" \/>\n<meta property=\"article:modified_time\" content=\"2026-02-21T10:31:34+00:00\" \/>\n<meta name=\"twitter:card\" content=\"summary_large_image\" \/>\n<script type=\"application\/ld+json\" class=\"yoast-schema-graph\">{\"@context\":\"https:\/\/schema.org\",\"@graph\":[{\"@type\":\"WebPage\",\"@id\":\"https:\/\/marcialiluminacion.es\/index.php\/producto\/lampara-117\/\",\"url\":\"https:\/\/marcialiluminacion.es\/index.php\/producto\/lampara-117\/\",\"name\":\"lampara 117 -\",\"isPartOf\":{\"@id\":\"https:\/\/marcialiluminacion.es\/#website\"},\"primaryImageOfPage\":{\"@id\":\"https:\/\/marcialiluminacion.es\/index.php\/producto\/lampara-117\/#primaryimage\"},\"image\":{\"@id\":\"https:\/\/marcialiluminacion.es\/index.php\/producto\/lampara-117\/#primaryimage\"},\"thumbnailUrl\":\"https:\/\/marcialiluminacion.es\/wp-content\/uploads\/2026\/01\/20-52.jpg\",\"datePublished\":\"2026-02-17T19:44:49+00:00\",\"dateModified\":\"2026-02-21T10:31:34+00:00\",\"breadcrumb\":{\"@id\":\"https:\/\/marcialiluminacion.es\/index.php\/producto\/lampara-117\/#breadcrumb\"},\"inLanguage\":\"es\",\"potentialAction\":[{\"@type\":\"ReadAction\",\"target\":[\"https:\/\/marcialiluminacion.es\/index.php\/producto\/lampara-117\/\"]}]},{\"@type\":\"ImageObject\",\"inLanguage\":\"es\",\"@id\":\"https:\/\/marcialiluminacion.es\/index.php\/producto\/lampara-117\/#primaryimage\",\"url\":\"https:\/\/marcialiluminacion.es\/wp-content\/uploads\/2026\/01\/20-52.jpg\",\"contentUrl\":\"https:\/\/marcialiluminacion.es\/wp-content\/uploads\/2026\/01\/20-52.jpg\",\"width\":750,\"height\":1000},{\"@type\":\"BreadcrumbList\",\"@id\":\"https:\/\/marcialiluminacion.es\/index.php\/producto\/lampara-117\/#breadcrumb\",\"itemListElement\":[{\"@type\":\"ListItem\",\"position\":1,\"name\":\"Portada\",\"item\":\"https:\/\/marcialiluminacion.es\/\"},{\"@type\":\"ListItem\",\"position\":2,\"name\":\"Tienda\",\"item\":\"https:\/\/marcialiluminacion.es\/index.php\/tienda\/\"},{\"@type\":\"ListItem\",\"position\":3,\"name\":\"lampara 117\"}]},{\"@type\":\"WebSite\",\"@id\":\"https:\/\/marcialiluminacion.es\/#website\",\"url\":\"https:\/\/marcialiluminacion.es\/\",\"name\":\"\",\"description\":\"\",\"potentialAction\":[{\"@type\":\"SearchAction\",\"target\":{\"@type\":\"EntryPoint\",\"urlTemplate\":\"https:\/\/marcialiluminacion.es\/?s={search_term_string}\"},\"query-input\":{\"@type\":\"PropertyValueSpecification\",\"valueRequired\":true,\"valueName\":\"search_term_string\"}}],\"inLanguage\":\"es\"}]}<\/script>\n<!-- \/ Yoast SEO plugin. -->","yoast_head_json":{"title":"lampara 117 -","robots":{"index":"index","follow":"follow","max-snippet":"max-snippet:-1","max-image-preview":"max-image-preview:large","max-video-preview":"max-video-preview:-1"},"canonical":"https:\/\/marcialiluminacion.es\/index.php\/producto\/lampara-117\/","og_locale":"es_ES","og_type":"article","og_title":"lampara 117 -","og_description":"s una l\u00e1mpara colgante de exterior tipo farol, de estilo cl\u00e1sico y elegante.  Se suspende mediante una cadena met\u00e1lica en acabado gris, con un soporte superior a juego para su fijaci\u00f3n al techo. El conjunto transmite solidez y un aire tradicional.  El cuerpo del farol es met\u00e1lico, con paneles de vidrio ahumado que suavizan la luz y reducen el deslumbramiento. Su forma es troncoc\u00f3nica, con un remate inferior decorativo que refuerza su est\u00e9tica cl\u00e1sica.  Est\u00e1 dise\u00f1ada para uso exterior, siendo ideal para porches, terrazas, entradas o balcones cubiertos, aportando una iluminaci\u00f3n ambiental c\u00e1lida y un toque distinguido que encaja muy bien en viviendas de estilo tradicional o r\u00fastico.","og_url":"https:\/\/marcialiluminacion.es\/index.php\/producto\/lampara-117\/","article_modified_time":"2026-02-21T10:31:34+00:00","twitter_card":"summary_large_image","schema":{"@context":"https:\/\/schema.org","@graph":[{"@type":"WebPage","@id":"https:\/\/marcialiluminacion.es\/index.php\/producto\/lampara-117\/","url":"https:\/\/marcialiluminacion.es\/index.php\/producto\/lampara-117\/","name":"lampara 117 -","isPartOf":{"@id":"https:\/\/marcialiluminacion.es\/#website"},"primaryImageOfPage":{"@id":"https:\/\/marcialiluminacion.es\/index.php\/producto\/lampara-117\/#primaryimage"},"image":{"@id":"https:\/\/marcialiluminacion.es\/index.php\/producto\/lampara-117\/#primaryimage"},"thumbnailUrl":"https:\/\/marcialiluminacion.es\/wp-content\/uploads\/2026\/01\/20-52.jpg","datePublished":"2026-02-17T19:44:49+00:00","dateModified":"2026-02-21T10:31:34+00:00","breadcrumb":{"@id":"https:\/\/marcialiluminacion.es\/index.php\/producto\/lampara-117\/#breadcrumb"},"inLanguage":"es","potentialAction":[{"@type":"ReadAction","target":["https:\/\/marcialiluminacion.es\/index.php\/producto\/lampara-117\/"]}]},{"@type":"ImageObject","inLanguage":"es","@id":"https:\/\/marcialiluminacion.es\/index.php\/producto\/lampara-117\/#primaryimage","url":"https:\/\/marcialiluminacion.es\/wp-content\/uploads\/2026\/01\/20-52.jpg","contentUrl":"https:\/\/marcialiluminacion.es\/wp-content\/uploads\/2026\/01\/20-52.jpg","width":750,"height":1000},{"@type":"BreadcrumbList","@id":"https:\/\/marcialiluminacion.es\/index.php\/producto\/lampara-117\/#breadcrumb","itemListElement":[{"@type":"ListItem","position":1,"name":"Portada","item":"https:\/\/marcialiluminacion.es\/"},{"@type":"ListItem","position":2,"name":"Tienda","item":"https:\/\/marcialiluminacion.es\/index.php\/tienda\/"},{"@type":"ListItem","position":3,"name":"lampara 117"}]},{"@type":"WebSite","@id":"https:\/\/marcialiluminacion.es\/#website","url":"https:\/\/marcialiluminacion.es\/","name":"","description":"","potentialAction":[{"@type":"SearchAction","target":{"@type":"EntryPoint","urlTemplate":"https:\/\/marcialiluminacion.es\/?s={search_term_string}"},"query-input":{"@type":"PropertyValueSpecification","valueRequired":true,"valueName":"search_term_string"}}],"inLanguage":"es"}]}},"_links":{"self":[{"href":"https:\/\/marcialiluminacion.es\/index.php\/wp-json\/wp\/v2\/product\/695","targetHints":{"allow":["GET"]}}],"collection":[{"href":"https:\/\/marcialiluminacion.es\/index.php\/wp-json\/wp\/v2\/product"}],"about":[{"href":"https:\/\/marcialiluminacion.es\/index.php\/wp-json\/wp\/v2\/types\/product"}],"replies":[{"embeddable":true,"href":"https:\/\/marcialiluminacion.es\/index.php\/wp-json\/wp\/v2\/comments?post=695"}],"wp:featuredmedia":[{"embeddable":true,"href":"https:\/\/marcialiluminacion.es\/index.php\/wp-json\/wp\/v2\/media\/201"}],"wp:attachment":[{"href":"https:\/\/marcialiluminacion.es\/index.php\/wp-json\/wp\/v2\/media?parent=695"}],"wp:term":[{"taxonomy":"product_brand","embeddable":true,"href":"https:\/\/marcialiluminacion.es\/index.php\/wp-json\/wp\/v2\/product_brand?post=695"},{"taxonomy":"product_cat","embeddable":true,"href":"https:\/\/marcialiluminacion.es\/index.php\/wp-json\/wp\/v2\/product_cat?post=695"},{"taxonomy":"product_tag","embeddable":true,"href":"https:\/\/marcialiluminacion.es\/index.php\/wp-json\/wp\/v2\/product_tag?post=695"}],"curies":[{"name":"wp","href":"https:\/\/api.w.org\/{rel}","templated":true}]}}

<p data-start="0" data-end="85">s una <strong data-start="7" data-end="50">lámpara colgante de exterior tipo farol</strong>, de <strong data-start="55" data-end="84">estilo clásico y elegante</strong>.</p>
<p data-start="87" data-end="268">Se suspende mediante una <strong data-start="112" data-end="131">cadena metálica</strong> en acabado <strong data-start="143" data-end="151">gris</strong>, con un <strong data-start="160" data-end="180">soporte superior</strong> a juego para su fijación al techo. El conjunto transmite solidez y un aire tradicional.</p>
<p data-start="270" data-end="492">El cuerpo del farol es <strong data-start="293" data-end="305">metálico</strong>, con <strong data-start="311" data-end="340">paneles de vidrio ahumado</strong> que suavizan la luz y reducen el deslumbramiento. Su forma es <strong data-start="403" data-end="419">troncocónica</strong>, con un <strong data-start="428" data-end="458">remate inferior decorativo</strong> que refuerza su estética clásica.</p>
<p data-start="494" data-end="743" data-is-last-node="" data-is-only-node="">Está diseñada para <strong data-start="513" data-end="529">uso exterior</strong>, siendo ideal para <strong data-start="549" data-end="601">porches, terrazas, entradas o balcones cubiertos</strong>, aportando una <strong data-start="617" data-end="649">iluminación ambiental cálida</strong> y un toque distinguido que encaja muy bien en viviendas de estilo tradicional o rústico.</p>

<!-- This site is optimized with the Yoast SEO plugin v27.2 - https://yoast.com/product/yoast-seo-wordpress/ -->
<title>lampara 117 -</title>
<meta name="robots" content="index, follow, max-snippet:-1, max-image-preview:large, max-video-preview:-1" />
<link rel="canonical" href="https://marcialiluminacion.es/index.php/producto/lampara-117/" />
<meta property="og:locale" content="es_ES" />
<meta property="og:type" content="article" />
<meta property="og:title" content="lampara 117 -" />
<meta property="og:description" content="s una lámpara colgante de exterior tipo farol, de estilo clásico y elegante.  Se suspende mediante una cadena metálica en acabado gris, con un soporte superior a juego para su fijación al techo. El conjunto transmite solidez y un aire tradicional.  El cuerpo del farol es metálico, con paneles de vidrio ahumado que suavizan la luz y reducen el deslumbramiento. Su forma es troncocónica, con un remate inferior decorativo que refuerza su estética clásica.  Está diseñada para uso exterior, siendo ideal para porches, terrazas, entradas o balcones cubiertos, aportando una iluminación ambiental cálida y un toque distinguido que encaja muy bien en viviendas de estilo tradicional o rústico." />
<meta property="og:url" content="https://marcialiluminacion.es/index.php/producto/lampara-117/" />
<meta property="article:modified_time" content="2026-02-21T10:31:34+00:00" />
<meta name="twitter:card" content="summary_large_image" />
<script type="application/ld+json" class="yoast-schema-graph">{"@context":"https://schema.org","@graph":[{"@type":"WebPage","@id":"https://marcialiluminacion.es/index.php/producto/lampara-117/","url":"https://marcialiluminacion.es/index.php/producto/lampara-117/","name":"lampara 117 -","isPartOf":{"@id":"https://marcialiluminacion.es/#website"},"primaryImageOfPage":{"@id":"https://marcialiluminacion.es/index.php/producto/lampara-117/#primaryimage"},"image":{"@id":"https://marcialiluminacion.es/index.php/producto/lampara-117/#primaryimage"},"thumbnailUrl":"https://marcialiluminacion.es/wp-content/uploads/2026/01/20-52.jpg","datePublished":"2026-02-17T19:44:49+00:00","dateModified":"2026-02-21T10:31:34+00:00","breadcrumb":{"@id":"https://marcialiluminacion.es/index.php/producto/lampara-117/#breadcrumb"},"inLanguage":"es","potentialAction":[{"@type":"ReadAction","target":["https://marcialiluminacion.es/index.php/producto/lampara-117/"]}]},{"@type":"ImageObject","inLanguage":"es","@id":"https://marcialiluminacion.es/index.php/producto/lampara-117/#primaryimage","url":"https://marcialiluminacion.es/wp-content/uploads/2026/01/20-52.jpg","contentUrl":"https://marcialiluminacion.es/wp-content/uploads/2026/01/20-52.jpg","width":750,"height":1000},{"@type":"BreadcrumbList","@id":"https://marcialiluminacion.es/index.php/producto/lampara-117/#breadcrumb","itemListElement":[{"@type":"ListItem","position":1,"name":"Portada","item":"https://marcialiluminacion.es/"},{"@type":"ListItem","position":2,"name":"Tienda","item":"https://marcialiluminacion.es/index.php/tienda/"},{"@type":"ListItem","position":3,"name":"lampara 117"}]},{"@type":"WebSite","@id":"https://marcialiluminacion.es/#website","url":"https://marcialiluminacion.es/","name":"","description":"","potentialAction":[{"@type":"SearchAction","target":{"@type":"EntryPoint","urlTemplate":"https://marcialiluminacion.es/?s={search_term_string}"},"query-input":{"@type":"PropertyValueSpecification","valueRequired":true,"valueName":"search_term_string"}}],"inLanguage":"es"}]}</script>
<!-- / Yoast SEO plugin. -->

s una lámpara colgante de exterior tipo farol, de estilo clásico y elegante.  Se suspende mediante una cadena metálica en acabado gris, con un soporte superior a juego para su fijación al techo. El conjunto transmite solidez y un aire tradicional.  El cuerpo del farol es metálico, con paneles de vidrio ahumado que suavizan la luz y reducen el deslumbramiento. Su forma es troncocónica, con un remate inferior decorativo que refuerza su estética clásica.  Está diseñada para uso exterior, siendo ideal para porches, terrazas, entradas o balcones cubiertos, aportando una iluminación ambiental cálida y un toque distinguido que encaja muy bien en viviendas de estilo tradicional o rústico.
