{"id":694,"date":"2026-02-17T19:44:49","date_gmt":"2026-02-17T19:44:49","guid":{"rendered":"https:\/\/marcialiluminacion.es\/?post_type=product&#038;p=694"},"modified":"2026-02-21T10:31:34","modified_gmt":"2026-02-21T10:31:34","slug":"lampara-116","status":"publish","type":"product","link":"https:\/\/marcialiluminacion.es\/index.php\/producto\/lampara-116\/","title":{"rendered":"lampara 116"},"content":{"rendered":"","protected":false},"excerpt":{"rendered":"<p data-start=\"0\" data-end=\"88\">Es una <strong data-start=\"7\" data-end=\"50\">l\u00e1mpara colgante de exterior tipo farol<\/strong>, con un dise\u00f1o <strong data-start=\"66\" data-end=\"87\">cl\u00e1sico y robusto<\/strong>.<\/p>\n<p data-start=\"90\" data-end=\"299\">Se suspende mediante una <strong data-start=\"115\" data-end=\"134\">cadena met\u00e1lica<\/strong> en acabado <strong data-start=\"146\" data-end=\"154\">gris<\/strong>, que permite regular la altura y refuerza su est\u00e9tica tradicional. El conjunto incluye un <strong data-start=\"245\" data-end=\"264\">flor\u00f3n circular<\/strong> a juego para la fijaci\u00f3n al techo.<\/p>\n<p data-start=\"301\" data-end=\"583\">El cuerpo del farol es <strong data-start=\"324\" data-end=\"336\">met\u00e1lico<\/strong>, con <strong data-start=\"342\" data-end=\"376\">paneles de vidrio transparente<\/strong> ligeramente texturizado, que dejan ver la bombilla en el interior y crean un efecto de luz c\u00e1lido y decorativo. Su forma troncopiramidal y las l\u00edneas curvas laterales le dan un aspecto elegante y atemporal.<\/p>\n<p data-start=\"585\" data-end=\"807\" data-is-last-node=\"\" data-is-only-node=\"\">Est\u00e1 dise\u00f1ada para <strong data-start=\"604\" data-end=\"620\">uso exterior<\/strong>, ideal para <strong data-start=\"633\" data-end=\"685\">porches, terrazas, entradas o jardines cubiertos<\/strong>, aportando una <strong data-start=\"701\" data-end=\"726\">iluminaci\u00f3n ambiental<\/strong> y un toque cl\u00e1sico que combina bien con fachadas tradicionales o r\u00fasticas<\/p>\n","protected":false},"featured_media":199,"comment_status":"open","ping_status":"closed","template":"","meta":[],"product_brand":[],"product_cat":[15],"product_tag":[],"class_list":["post-694","product","type-product","status-publish","has-post-thumbnail","product_cat-sin-categorizar","first","instock","sale","shipping-taxable","purchasable","product-type-simple"],"yoast_head":"<!-- This site is optimized with the Yoast SEO plugin v27.2 - https:\/\/yoast.com\/product\/yoast-seo-wordpress\/ -->\n<title>lampara 116 -<\/title>\n<meta name=\"robots\" content=\"index, follow, max-snippet:-1, max-image-preview:large, max-video-preview:-1\" \/>\n<link rel=\"canonical\" href=\"https:\/\/marcialiluminacion.es\/index.php\/producto\/lampara-116\/\" \/>\n<meta property=\"og:locale\" content=\"es_ES\" \/>\n<meta property=\"og:type\" content=\"article\" \/>\n<meta property=\"og:title\" content=\"lampara 116 -\" \/>\n<meta property=\"og:description\" content=\"Es una l\u00e1mpara colgante de exterior tipo farol, con un dise\u00f1o cl\u00e1sico y robusto.  Se suspende mediante una cadena met\u00e1lica en acabado gris, que permite regular la altura y refuerza su est\u00e9tica tradicional. El conjunto incluye un flor\u00f3n circular a juego para la fijaci\u00f3n al techo.  El cuerpo del farol es met\u00e1lico, con paneles de vidrio transparente ligeramente texturizado, que dejan ver la bombilla en el interior y crean un efecto de luz c\u00e1lido y decorativo. Su forma troncopiramidal y las l\u00edneas curvas laterales le dan un aspecto elegante y atemporal.  Est\u00e1 dise\u00f1ada para uso exterior, ideal para porches, terrazas, entradas o jardines cubiertos, aportando una iluminaci\u00f3n ambiental y un toque cl\u00e1sico que combina bien con fachadas tradicionales o r\u00fasticas\" \/>\n<meta property=\"og:url\" content=\"https:\/\/marcialiluminacion.es\/index.php\/producto\/lampara-116\/\" \/>\n<meta property=\"article:modified_time\" content=\"2026-02-21T10:31:34+00:00\" \/>\n<meta name=\"twitter:card\" content=\"summary_large_image\" \/>\n<script type=\"application\/ld+json\" class=\"yoast-schema-graph\">{\"@context\":\"https:\/\/schema.org\",\"@graph\":[{\"@type\":\"WebPage\",\"@id\":\"https:\/\/marcialiluminacion.es\/index.php\/producto\/lampara-116\/\",\"url\":\"https:\/\/marcialiluminacion.es\/index.php\/producto\/lampara-116\/\",\"name\":\"lampara 116 -\",\"isPartOf\":{\"@id\":\"https:\/\/marcialiluminacion.es\/#website\"},\"primaryImageOfPage\":{\"@id\":\"https:\/\/marcialiluminacion.es\/index.php\/producto\/lampara-116\/#primaryimage\"},\"image\":{\"@id\":\"https:\/\/marcialiluminacion.es\/index.php\/producto\/lampara-116\/#primaryimage\"},\"thumbnailUrl\":\"https:\/\/marcialiluminacion.es\/wp-content\/uploads\/2026\/01\/20-51.jpg\",\"datePublished\":\"2026-02-17T19:44:49+00:00\",\"dateModified\":\"2026-02-21T10:31:34+00:00\",\"breadcrumb\":{\"@id\":\"https:\/\/marcialiluminacion.es\/index.php\/producto\/lampara-116\/#breadcrumb\"},\"inLanguage\":\"es\",\"potentialAction\":[{\"@type\":\"ReadAction\",\"target\":[\"https:\/\/marcialiluminacion.es\/index.php\/producto\/lampara-116\/\"]}]},{\"@type\":\"ImageObject\",\"inLanguage\":\"es\",\"@id\":\"https:\/\/marcialiluminacion.es\/index.php\/producto\/lampara-116\/#primaryimage\",\"url\":\"https:\/\/marcialiluminacion.es\/wp-content\/uploads\/2026\/01\/20-51.jpg\",\"contentUrl\":\"https:\/\/marcialiluminacion.es\/wp-content\/uploads\/2026\/01\/20-51.jpg\",\"width\":750,\"height\":1000},{\"@type\":\"BreadcrumbList\",\"@id\":\"https:\/\/marcialiluminacion.es\/index.php\/producto\/lampara-116\/#breadcrumb\",\"itemListElement\":[{\"@type\":\"ListItem\",\"position\":1,\"name\":\"Portada\",\"item\":\"https:\/\/marcialiluminacion.es\/\"},{\"@type\":\"ListItem\",\"position\":2,\"name\":\"Tienda\",\"item\":\"https:\/\/marcialiluminacion.es\/index.php\/tienda\/\"},{\"@type\":\"ListItem\",\"position\":3,\"name\":\"lampara 116\"}]},{\"@type\":\"WebSite\",\"@id\":\"https:\/\/marcialiluminacion.es\/#website\",\"url\":\"https:\/\/marcialiluminacion.es\/\",\"name\":\"\",\"description\":\"\",\"potentialAction\":[{\"@type\":\"SearchAction\",\"target\":{\"@type\":\"EntryPoint\",\"urlTemplate\":\"https:\/\/marcialiluminacion.es\/?s={search_term_string}\"},\"query-input\":{\"@type\":\"PropertyValueSpecification\",\"valueRequired\":true,\"valueName\":\"search_term_string\"}}],\"inLanguage\":\"es\"}]}<\/script>\n<!-- \/ Yoast SEO plugin. -->","yoast_head_json":{"title":"lampara 116 -","robots":{"index":"index","follow":"follow","max-snippet":"max-snippet:-1","max-image-preview":"max-image-preview:large","max-video-preview":"max-video-preview:-1"},"canonical":"https:\/\/marcialiluminacion.es\/index.php\/producto\/lampara-116\/","og_locale":"es_ES","og_type":"article","og_title":"lampara 116 -","og_description":"Es una l\u00e1mpara colgante de exterior tipo farol, con un dise\u00f1o cl\u00e1sico y robusto.  Se suspende mediante una cadena met\u00e1lica en acabado gris, que permite regular la altura y refuerza su est\u00e9tica tradicional. El conjunto incluye un flor\u00f3n circular a juego para la fijaci\u00f3n al techo.  El cuerpo del farol es met\u00e1lico, con paneles de vidrio transparente ligeramente texturizado, que dejan ver la bombilla en el interior y crean un efecto de luz c\u00e1lido y decorativo. Su forma troncopiramidal y las l\u00edneas curvas laterales le dan un aspecto elegante y atemporal.  Est\u00e1 dise\u00f1ada para uso exterior, ideal para porches, terrazas, entradas o jardines cubiertos, aportando una iluminaci\u00f3n ambiental y un toque cl\u00e1sico que combina bien con fachadas tradicionales o r\u00fasticas","og_url":"https:\/\/marcialiluminacion.es\/index.php\/producto\/lampara-116\/","article_modified_time":"2026-02-21T10:31:34+00:00","twitter_card":"summary_large_image","schema":{"@context":"https:\/\/schema.org","@graph":[{"@type":"WebPage","@id":"https:\/\/marcialiluminacion.es\/index.php\/producto\/lampara-116\/","url":"https:\/\/marcialiluminacion.es\/index.php\/producto\/lampara-116\/","name":"lampara 116 -","isPartOf":{"@id":"https:\/\/marcialiluminacion.es\/#website"},"primaryImageOfPage":{"@id":"https:\/\/marcialiluminacion.es\/index.php\/producto\/lampara-116\/#primaryimage"},"image":{"@id":"https:\/\/marcialiluminacion.es\/index.php\/producto\/lampara-116\/#primaryimage"},"thumbnailUrl":"https:\/\/marcialiluminacion.es\/wp-content\/uploads\/2026\/01\/20-51.jpg","datePublished":"2026-02-17T19:44:49+00:00","dateModified":"2026-02-21T10:31:34+00:00","breadcrumb":{"@id":"https:\/\/marcialiluminacion.es\/index.php\/producto\/lampara-116\/#breadcrumb"},"inLanguage":"es","potentialAction":[{"@type":"ReadAction","target":["https:\/\/marcialiluminacion.es\/index.php\/producto\/lampara-116\/"]}]},{"@type":"ImageObject","inLanguage":"es","@id":"https:\/\/marcialiluminacion.es\/index.php\/producto\/lampara-116\/#primaryimage","url":"https:\/\/marcialiluminacion.es\/wp-content\/uploads\/2026\/01\/20-51.jpg","contentUrl":"https:\/\/marcialiluminacion.es\/wp-content\/uploads\/2026\/01\/20-51.jpg","width":750,"height":1000},{"@type":"BreadcrumbList","@id":"https:\/\/marcialiluminacion.es\/index.php\/producto\/lampara-116\/#breadcrumb","itemListElement":[{"@type":"ListItem","position":1,"name":"Portada","item":"https:\/\/marcialiluminacion.es\/"},{"@type":"ListItem","position":2,"name":"Tienda","item":"https:\/\/marcialiluminacion.es\/index.php\/tienda\/"},{"@type":"ListItem","position":3,"name":"lampara 116"}]},{"@type":"WebSite","@id":"https:\/\/marcialiluminacion.es\/#website","url":"https:\/\/marcialiluminacion.es\/","name":"","description":"","potentialAction":[{"@type":"SearchAction","target":{"@type":"EntryPoint","urlTemplate":"https:\/\/marcialiluminacion.es\/?s={search_term_string}"},"query-input":{"@type":"PropertyValueSpecification","valueRequired":true,"valueName":"search_term_string"}}],"inLanguage":"es"}]}},"_links":{"self":[{"href":"https:\/\/marcialiluminacion.es\/index.php\/wp-json\/wp\/v2\/product\/694","targetHints":{"allow":["GET"]}}],"collection":[{"href":"https:\/\/marcialiluminacion.es\/index.php\/wp-json\/wp\/v2\/product"}],"about":[{"href":"https:\/\/marcialiluminacion.es\/index.php\/wp-json\/wp\/v2\/types\/product"}],"replies":[{"embeddable":true,"href":"https:\/\/marcialiluminacion.es\/index.php\/wp-json\/wp\/v2\/comments?post=694"}],"wp:featuredmedia":[{"embeddable":true,"href":"https:\/\/marcialiluminacion.es\/index.php\/wp-json\/wp\/v2\/media\/199"}],"wp:attachment":[{"href":"https:\/\/marcialiluminacion.es\/index.php\/wp-json\/wp\/v2\/media?parent=694"}],"wp:term":[{"taxonomy":"product_brand","embeddable":true,"href":"https:\/\/marcialiluminacion.es\/index.php\/wp-json\/wp\/v2\/product_brand?post=694"},{"taxonomy":"product_cat","embeddable":true,"href":"https:\/\/marcialiluminacion.es\/index.php\/wp-json\/wp\/v2\/product_cat?post=694"},{"taxonomy":"product_tag","embeddable":true,"href":"https:\/\/marcialiluminacion.es\/index.php\/wp-json\/wp\/v2\/product_tag?post=694"}],"curies":[{"name":"wp","href":"https:\/\/api.w.org\/{rel}","templated":true}]}}

<p data-start="0" data-end="88">Es una <strong data-start="7" data-end="50">lámpara colgante de exterior tipo farol</strong>, con un diseño <strong data-start="66" data-end="87">clásico y robusto</strong>.</p>
<p data-start="90" data-end="299">Se suspende mediante una <strong data-start="115" data-end="134">cadena metálica</strong> en acabado <strong data-start="146" data-end="154">gris</strong>, que permite regular la altura y refuerza su estética tradicional. El conjunto incluye un <strong data-start="245" data-end="264">florón circular</strong> a juego para la fijación al techo.</p>
<p data-start="301" data-end="583">El cuerpo del farol es <strong data-start="324" data-end="336">metálico</strong>, con <strong data-start="342" data-end="376">paneles de vidrio transparente</strong> ligeramente texturizado, que dejan ver la bombilla en el interior y crean un efecto de luz cálido y decorativo. Su forma troncopiramidal y las líneas curvas laterales le dan un aspecto elegante y atemporal.</p>
<p data-start="585" data-end="807" data-is-last-node="" data-is-only-node="">Está diseñada para <strong data-start="604" data-end="620">uso exterior</strong>, ideal para <strong data-start="633" data-end="685">porches, terrazas, entradas o jardines cubiertos</strong>, aportando una <strong data-start="701" data-end="726">iluminación ambiental</strong> y un toque clásico que combina bien con fachadas tradicionales o rústicas</p>

<!-- This site is optimized with the Yoast SEO plugin v27.2 - https://yoast.com/product/yoast-seo-wordpress/ -->
<title>lampara 116 -</title>
<meta name="robots" content="index, follow, max-snippet:-1, max-image-preview:large, max-video-preview:-1" />
<link rel="canonical" href="https://marcialiluminacion.es/index.php/producto/lampara-116/" />
<meta property="og:locale" content="es_ES" />
<meta property="og:type" content="article" />
<meta property="og:title" content="lampara 116 -" />
<meta property="og:description" content="Es una lámpara colgante de exterior tipo farol, con un diseño clásico y robusto.  Se suspende mediante una cadena metálica en acabado gris, que permite regular la altura y refuerza su estética tradicional. El conjunto incluye un florón circular a juego para la fijación al techo.  El cuerpo del farol es metálico, con paneles de vidrio transparente ligeramente texturizado, que dejan ver la bombilla en el interior y crean un efecto de luz cálido y decorativo. Su forma troncopiramidal y las líneas curvas laterales le dan un aspecto elegante y atemporal.  Está diseñada para uso exterior, ideal para porches, terrazas, entradas o jardines cubiertos, aportando una iluminación ambiental y un toque clásico que combina bien con fachadas tradicionales o rústicas" />
<meta property="og:url" content="https://marcialiluminacion.es/index.php/producto/lampara-116/" />
<meta property="article:modified_time" content="2026-02-21T10:31:34+00:00" />
<meta name="twitter:card" content="summary_large_image" />
<script type="application/ld+json" class="yoast-schema-graph">{"@context":"https://schema.org","@graph":[{"@type":"WebPage","@id":"https://marcialiluminacion.es/index.php/producto/lampara-116/","url":"https://marcialiluminacion.es/index.php/producto/lampara-116/","name":"lampara 116 -","isPartOf":{"@id":"https://marcialiluminacion.es/#website"},"primaryImageOfPage":{"@id":"https://marcialiluminacion.es/index.php/producto/lampara-116/#primaryimage"},"image":{"@id":"https://marcialiluminacion.es/index.php/producto/lampara-116/#primaryimage"},"thumbnailUrl":"https://marcialiluminacion.es/wp-content/uploads/2026/01/20-51.jpg","datePublished":"2026-02-17T19:44:49+00:00","dateModified":"2026-02-21T10:31:34+00:00","breadcrumb":{"@id":"https://marcialiluminacion.es/index.php/producto/lampara-116/#breadcrumb"},"inLanguage":"es","potentialAction":[{"@type":"ReadAction","target":["https://marcialiluminacion.es/index.php/producto/lampara-116/"]}]},{"@type":"ImageObject","inLanguage":"es","@id":"https://marcialiluminacion.es/index.php/producto/lampara-116/#primaryimage","url":"https://marcialiluminacion.es/wp-content/uploads/2026/01/20-51.jpg","contentUrl":"https://marcialiluminacion.es/wp-content/uploads/2026/01/20-51.jpg","width":750,"height":1000},{"@type":"BreadcrumbList","@id":"https://marcialiluminacion.es/index.php/producto/lampara-116/#breadcrumb","itemListElement":[{"@type":"ListItem","position":1,"name":"Portada","item":"https://marcialiluminacion.es/"},{"@type":"ListItem","position":2,"name":"Tienda","item":"https://marcialiluminacion.es/index.php/tienda/"},{"@type":"ListItem","position":3,"name":"lampara 116"}]},{"@type":"WebSite","@id":"https://marcialiluminacion.es/#website","url":"https://marcialiluminacion.es/","name":"","description":"","potentialAction":[{"@type":"SearchAction","target":{"@type":"EntryPoint","urlTemplate":"https://marcialiluminacion.es/?s={search_term_string}"},"query-input":{"@type":"PropertyValueSpecification","valueRequired":true,"valueName":"search_term_string"}}],"inLanguage":"es"}]}</script>
<!-- / Yoast SEO plugin. -->

Es una lámpara colgante de exterior tipo farol, con un diseño clásico y robusto.  Se suspende mediante una cadena metálica en acabado gris, que permite regular la altura y refuerza su estética tradicional. El conjunto incluye un florón circular a juego para la fijación al techo.  El cuerpo del farol es metálico, con paneles de vidrio transparente ligeramente texturizado, que dejan ver la bombilla en el interior y crean un efecto de luz cálido y decorativo. Su forma troncopiramidal y las líneas curvas laterales le dan un aspecto elegante y atemporal.  Está diseñada para uso exterior, ideal para porches, terrazas, entradas o jardines cubiertos, aportando una iluminación ambiental y un toque clásico que combina bien con fachadas tradicionales o rústicas
