{"id":693,"date":"2026-02-17T19:44:49","date_gmt":"2026-02-17T19:44:49","guid":{"rendered":"https:\/\/marcialiluminacion.es\/?post_type=product&#038;p=693"},"modified":"2026-02-21T10:31:34","modified_gmt":"2026-02-21T10:31:34","slug":"lampara-115","status":"publish","type":"product","link":"https:\/\/marcialiluminacion.es\/index.php\/producto\/lampara-115\/","title":{"rendered":"lampara 115"},"content":{"rendered":"","protected":false},"excerpt":{"rendered":"<p data-start=\"0\" data-end=\"90\">Es una <strong data-start=\"7\" data-end=\"39\">l\u00e1mpara colgante de exterior<\/strong>, con un dise\u00f1o <strong data-start=\"55\" data-end=\"78\">cl\u00e1sico y funcional<\/strong> tipo farol.<\/p>\n<p data-start=\"92\" data-end=\"387\">Est\u00e1 fabricada en <strong data-start=\"110\" data-end=\"133\">material resistente<\/strong> de color <strong data-start=\"143\" data-end=\"153\">blanco<\/strong>, pensada para soportar condiciones exteriores. Se suspende mediante una <strong data-start=\"226\" data-end=\"243\">cadena blanca<\/strong>, que aporta un estilo tradicional y permite ajustar la altura. En la parte superior incorpora un <strong data-start=\"341\" data-end=\"363\">soporte de anclaje<\/strong> para fijaci\u00f3n al techo.<\/p>\n<p data-start=\"389\" data-end=\"630\">La <strong data-start=\"392\" data-end=\"415\">pantalla tipo farol<\/strong> tiene forma <strong data-start=\"428\" data-end=\"444\">troncoc\u00f3nica<\/strong>, con <strong data-start=\"450\" data-end=\"474\">paneles transl\u00facidos<\/strong> protegidos por una estructura exterior, lo que difumina la luz y evita deslumbramientos. El dise\u00f1o recuerda a los <strong data-start=\"589\" data-end=\"629\">faroles cl\u00e1sicos de jard\u00edn o terraza<\/strong>.<\/p>\n<p data-start=\"632\" data-end=\"807\" data-is-last-node=\"\" data-is-only-node=\"\">Es ideal para <strong data-start=\"646\" data-end=\"716\">porches, terrazas, balcones, entradas o zonas exteriores cubiertas<\/strong>, aportando una <strong data-start=\"732\" data-end=\"767\">iluminaci\u00f3n ambiental agradable<\/strong> y un toque decorativo tradicional.<\/p>\n","protected":false},"featured_media":197,"comment_status":"open","ping_status":"closed","template":"","meta":[],"product_brand":[],"product_cat":[15],"product_tag":[],"class_list":["post-693","product","type-product","status-publish","has-post-thumbnail","product_cat-sin-categorizar","first","instock","sale","shipping-taxable","purchasable","product-type-simple"],"yoast_head":"<!-- This site is optimized with the Yoast SEO plugin v27.2 - https:\/\/yoast.com\/product\/yoast-seo-wordpress\/ -->\n<title>lampara 115 -<\/title>\n<meta name=\"robots\" content=\"index, follow, max-snippet:-1, max-image-preview:large, max-video-preview:-1\" \/>\n<link rel=\"canonical\" href=\"https:\/\/marcialiluminacion.es\/index.php\/producto\/lampara-115\/\" \/>\n<meta property=\"og:locale\" content=\"es_ES\" \/>\n<meta property=\"og:type\" content=\"article\" \/>\n<meta property=\"og:title\" content=\"lampara 115 -\" \/>\n<meta property=\"og:description\" content=\"Es una l\u00e1mpara colgante de exterior, con un dise\u00f1o cl\u00e1sico y funcional tipo farol.  Est\u00e1 fabricada en material resistente de color blanco, pensada para soportar condiciones exteriores. Se suspende mediante una cadena blanca, que aporta un estilo tradicional y permite ajustar la altura. En la parte superior incorpora un soporte de anclaje para fijaci\u00f3n al techo.  La pantalla tipo farol tiene forma troncoc\u00f3nica, con paneles transl\u00facidos protegidos por una estructura exterior, lo que difumina la luz y evita deslumbramientos. El dise\u00f1o recuerda a los faroles cl\u00e1sicos de jard\u00edn o terraza.  Es ideal para porches, terrazas, balcones, entradas o zonas exteriores cubiertas, aportando una iluminaci\u00f3n ambiental agradable y un toque decorativo tradicional.\" \/>\n<meta property=\"og:url\" content=\"https:\/\/marcialiluminacion.es\/index.php\/producto\/lampara-115\/\" \/>\n<meta property=\"article:modified_time\" content=\"2026-02-21T10:31:34+00:00\" \/>\n<meta name=\"twitter:card\" content=\"summary_large_image\" \/>\n<script type=\"application\/ld+json\" class=\"yoast-schema-graph\">{\"@context\":\"https:\/\/schema.org\",\"@graph\":[{\"@type\":\"WebPage\",\"@id\":\"https:\/\/marcialiluminacion.es\/index.php\/producto\/lampara-115\/\",\"url\":\"https:\/\/marcialiluminacion.es\/index.php\/producto\/lampara-115\/\",\"name\":\"lampara 115 -\",\"isPartOf\":{\"@id\":\"https:\/\/marcialiluminacion.es\/#website\"},\"primaryImageOfPage\":{\"@id\":\"https:\/\/marcialiluminacion.es\/index.php\/producto\/lampara-115\/#primaryimage\"},\"image\":{\"@id\":\"https:\/\/marcialiluminacion.es\/index.php\/producto\/lampara-115\/#primaryimage\"},\"thumbnailUrl\":\"https:\/\/marcialiluminacion.es\/wp-content\/uploads\/2026\/01\/20-49.jpg\",\"datePublished\":\"2026-02-17T19:44:49+00:00\",\"dateModified\":\"2026-02-21T10:31:34+00:00\",\"breadcrumb\":{\"@id\":\"https:\/\/marcialiluminacion.es\/index.php\/producto\/lampara-115\/#breadcrumb\"},\"inLanguage\":\"es\",\"potentialAction\":[{\"@type\":\"ReadAction\",\"target\":[\"https:\/\/marcialiluminacion.es\/index.php\/producto\/lampara-115\/\"]}]},{\"@type\":\"ImageObject\",\"inLanguage\":\"es\",\"@id\":\"https:\/\/marcialiluminacion.es\/index.php\/producto\/lampara-115\/#primaryimage\",\"url\":\"https:\/\/marcialiluminacion.es\/wp-content\/uploads\/2026\/01\/20-49.jpg\",\"contentUrl\":\"https:\/\/marcialiluminacion.es\/wp-content\/uploads\/2026\/01\/20-49.jpg\",\"width\":750,\"height\":1000},{\"@type\":\"BreadcrumbList\",\"@id\":\"https:\/\/marcialiluminacion.es\/index.php\/producto\/lampara-115\/#breadcrumb\",\"itemListElement\":[{\"@type\":\"ListItem\",\"position\":1,\"name\":\"Portada\",\"item\":\"https:\/\/marcialiluminacion.es\/\"},{\"@type\":\"ListItem\",\"position\":2,\"name\":\"Tienda\",\"item\":\"https:\/\/marcialiluminacion.es\/index.php\/tienda\/\"},{\"@type\":\"ListItem\",\"position\":3,\"name\":\"lampara 115\"}]},{\"@type\":\"WebSite\",\"@id\":\"https:\/\/marcialiluminacion.es\/#website\",\"url\":\"https:\/\/marcialiluminacion.es\/\",\"name\":\"\",\"description\":\"\",\"potentialAction\":[{\"@type\":\"SearchAction\",\"target\":{\"@type\":\"EntryPoint\",\"urlTemplate\":\"https:\/\/marcialiluminacion.es\/?s={search_term_string}\"},\"query-input\":{\"@type\":\"PropertyValueSpecification\",\"valueRequired\":true,\"valueName\":\"search_term_string\"}}],\"inLanguage\":\"es\"}]}<\/script>\n<!-- \/ Yoast SEO plugin. -->","yoast_head_json":{"title":"lampara 115 -","robots":{"index":"index","follow":"follow","max-snippet":"max-snippet:-1","max-image-preview":"max-image-preview:large","max-video-preview":"max-video-preview:-1"},"canonical":"https:\/\/marcialiluminacion.es\/index.php\/producto\/lampara-115\/","og_locale":"es_ES","og_type":"article","og_title":"lampara 115 -","og_description":"Es una l\u00e1mpara colgante de exterior, con un dise\u00f1o cl\u00e1sico y funcional tipo farol.  Est\u00e1 fabricada en material resistente de color blanco, pensada para soportar condiciones exteriores. Se suspende mediante una cadena blanca, que aporta un estilo tradicional y permite ajustar la altura. En la parte superior incorpora un soporte de anclaje para fijaci\u00f3n al techo.  La pantalla tipo farol tiene forma troncoc\u00f3nica, con paneles transl\u00facidos protegidos por una estructura exterior, lo que difumina la luz y evita deslumbramientos. El dise\u00f1o recuerda a los faroles cl\u00e1sicos de jard\u00edn o terraza.  Es ideal para porches, terrazas, balcones, entradas o zonas exteriores cubiertas, aportando una iluminaci\u00f3n ambiental agradable y un toque decorativo tradicional.","og_url":"https:\/\/marcialiluminacion.es\/index.php\/producto\/lampara-115\/","article_modified_time":"2026-02-21T10:31:34+00:00","twitter_card":"summary_large_image","schema":{"@context":"https:\/\/schema.org","@graph":[{"@type":"WebPage","@id":"https:\/\/marcialiluminacion.es\/index.php\/producto\/lampara-115\/","url":"https:\/\/marcialiluminacion.es\/index.php\/producto\/lampara-115\/","name":"lampara 115 -","isPartOf":{"@id":"https:\/\/marcialiluminacion.es\/#website"},"primaryImageOfPage":{"@id":"https:\/\/marcialiluminacion.es\/index.php\/producto\/lampara-115\/#primaryimage"},"image":{"@id":"https:\/\/marcialiluminacion.es\/index.php\/producto\/lampara-115\/#primaryimage"},"thumbnailUrl":"https:\/\/marcialiluminacion.es\/wp-content\/uploads\/2026\/01\/20-49.jpg","datePublished":"2026-02-17T19:44:49+00:00","dateModified":"2026-02-21T10:31:34+00:00","breadcrumb":{"@id":"https:\/\/marcialiluminacion.es\/index.php\/producto\/lampara-115\/#breadcrumb"},"inLanguage":"es","potentialAction":[{"@type":"ReadAction","target":["https:\/\/marcialiluminacion.es\/index.php\/producto\/lampara-115\/"]}]},{"@type":"ImageObject","inLanguage":"es","@id":"https:\/\/marcialiluminacion.es\/index.php\/producto\/lampara-115\/#primaryimage","url":"https:\/\/marcialiluminacion.es\/wp-content\/uploads\/2026\/01\/20-49.jpg","contentUrl":"https:\/\/marcialiluminacion.es\/wp-content\/uploads\/2026\/01\/20-49.jpg","width":750,"height":1000},{"@type":"BreadcrumbList","@id":"https:\/\/marcialiluminacion.es\/index.php\/producto\/lampara-115\/#breadcrumb","itemListElement":[{"@type":"ListItem","position":1,"name":"Portada","item":"https:\/\/marcialiluminacion.es\/"},{"@type":"ListItem","position":2,"name":"Tienda","item":"https:\/\/marcialiluminacion.es\/index.php\/tienda\/"},{"@type":"ListItem","position":3,"name":"lampara 115"}]},{"@type":"WebSite","@id":"https:\/\/marcialiluminacion.es\/#website","url":"https:\/\/marcialiluminacion.es\/","name":"","description":"","potentialAction":[{"@type":"SearchAction","target":{"@type":"EntryPoint","urlTemplate":"https:\/\/marcialiluminacion.es\/?s={search_term_string}"},"query-input":{"@type":"PropertyValueSpecification","valueRequired":true,"valueName":"search_term_string"}}],"inLanguage":"es"}]}},"_links":{"self":[{"href":"https:\/\/marcialiluminacion.es\/index.php\/wp-json\/wp\/v2\/product\/693","targetHints":{"allow":["GET"]}}],"collection":[{"href":"https:\/\/marcialiluminacion.es\/index.php\/wp-json\/wp\/v2\/product"}],"about":[{"href":"https:\/\/marcialiluminacion.es\/index.php\/wp-json\/wp\/v2\/types\/product"}],"replies":[{"embeddable":true,"href":"https:\/\/marcialiluminacion.es\/index.php\/wp-json\/wp\/v2\/comments?post=693"}],"wp:featuredmedia":[{"embeddable":true,"href":"https:\/\/marcialiluminacion.es\/index.php\/wp-json\/wp\/v2\/media\/197"}],"wp:attachment":[{"href":"https:\/\/marcialiluminacion.es\/index.php\/wp-json\/wp\/v2\/media?parent=693"}],"wp:term":[{"taxonomy":"product_brand","embeddable":true,"href":"https:\/\/marcialiluminacion.es\/index.php\/wp-json\/wp\/v2\/product_brand?post=693"},{"taxonomy":"product_cat","embeddable":true,"href":"https:\/\/marcialiluminacion.es\/index.php\/wp-json\/wp\/v2\/product_cat?post=693"},{"taxonomy":"product_tag","embeddable":true,"href":"https:\/\/marcialiluminacion.es\/index.php\/wp-json\/wp\/v2\/product_tag?post=693"}],"curies":[{"name":"wp","href":"https:\/\/api.w.org\/{rel}","templated":true}]}}

<p data-start="0" data-end="90">Es una <strong data-start="7" data-end="39">lámpara colgante de exterior</strong>, con un diseño <strong data-start="55" data-end="78">clásico y funcional</strong> tipo farol.</p>
<p data-start="92" data-end="387">Está fabricada en <strong data-start="110" data-end="133">material resistente</strong> de color <strong data-start="143" data-end="153">blanco</strong>, pensada para soportar condiciones exteriores. Se suspende mediante una <strong data-start="226" data-end="243">cadena blanca</strong>, que aporta un estilo tradicional y permite ajustar la altura. En la parte superior incorpora un <strong data-start="341" data-end="363">soporte de anclaje</strong> para fijación al techo.</p>
<p data-start="389" data-end="630">La <strong data-start="392" data-end="415">pantalla tipo farol</strong> tiene forma <strong data-start="428" data-end="444">troncocónica</strong>, con <strong data-start="450" data-end="474">paneles translúcidos</strong> protegidos por una estructura exterior, lo que difumina la luz y evita deslumbramientos. El diseño recuerda a los <strong data-start="589" data-end="629">faroles clásicos de jardín o terraza</strong>.</p>
<p data-start="632" data-end="807" data-is-last-node="" data-is-only-node="">Es ideal para <strong data-start="646" data-end="716">porches, terrazas, balcones, entradas o zonas exteriores cubiertas</strong>, aportando una <strong data-start="732" data-end="767">iluminación ambiental agradable</strong> y un toque decorativo tradicional.</p>

<!-- This site is optimized with the Yoast SEO plugin v27.2 - https://yoast.com/product/yoast-seo-wordpress/ -->
<title>lampara 115 -</title>
<meta name="robots" content="index, follow, max-snippet:-1, max-image-preview:large, max-video-preview:-1" />
<link rel="canonical" href="https://marcialiluminacion.es/index.php/producto/lampara-115/" />
<meta property="og:locale" content="es_ES" />
<meta property="og:type" content="article" />
<meta property="og:title" content="lampara 115 -" />
<meta property="og:description" content="Es una lámpara colgante de exterior, con un diseño clásico y funcional tipo farol.  Está fabricada en material resistente de color blanco, pensada para soportar condiciones exteriores. Se suspende mediante una cadena blanca, que aporta un estilo tradicional y permite ajustar la altura. En la parte superior incorpora un soporte de anclaje para fijación al techo.  La pantalla tipo farol tiene forma troncocónica, con paneles translúcidos protegidos por una estructura exterior, lo que difumina la luz y evita deslumbramientos. El diseño recuerda a los faroles clásicos de jardín o terraza.  Es ideal para porches, terrazas, balcones, entradas o zonas exteriores cubiertas, aportando una iluminación ambiental agradable y un toque decorativo tradicional." />
<meta property="og:url" content="https://marcialiluminacion.es/index.php/producto/lampara-115/" />
<meta property="article:modified_time" content="2026-02-21T10:31:34+00:00" />
<meta name="twitter:card" content="summary_large_image" />
<script type="application/ld+json" class="yoast-schema-graph">{"@context":"https://schema.org","@graph":[{"@type":"WebPage","@id":"https://marcialiluminacion.es/index.php/producto/lampara-115/","url":"https://marcialiluminacion.es/index.php/producto/lampara-115/","name":"lampara 115 -","isPartOf":{"@id":"https://marcialiluminacion.es/#website"},"primaryImageOfPage":{"@id":"https://marcialiluminacion.es/index.php/producto/lampara-115/#primaryimage"},"image":{"@id":"https://marcialiluminacion.es/index.php/producto/lampara-115/#primaryimage"},"thumbnailUrl":"https://marcialiluminacion.es/wp-content/uploads/2026/01/20-49.jpg","datePublished":"2026-02-17T19:44:49+00:00","dateModified":"2026-02-21T10:31:34+00:00","breadcrumb":{"@id":"https://marcialiluminacion.es/index.php/producto/lampara-115/#breadcrumb"},"inLanguage":"es","potentialAction":[{"@type":"ReadAction","target":["https://marcialiluminacion.es/index.php/producto/lampara-115/"]}]},{"@type":"ImageObject","inLanguage":"es","@id":"https://marcialiluminacion.es/index.php/producto/lampara-115/#primaryimage","url":"https://marcialiluminacion.es/wp-content/uploads/2026/01/20-49.jpg","contentUrl":"https://marcialiluminacion.es/wp-content/uploads/2026/01/20-49.jpg","width":750,"height":1000},{"@type":"BreadcrumbList","@id":"https://marcialiluminacion.es/index.php/producto/lampara-115/#breadcrumb","itemListElement":[{"@type":"ListItem","position":1,"name":"Portada","item":"https://marcialiluminacion.es/"},{"@type":"ListItem","position":2,"name":"Tienda","item":"https://marcialiluminacion.es/index.php/tienda/"},{"@type":"ListItem","position":3,"name":"lampara 115"}]},{"@type":"WebSite","@id":"https://marcialiluminacion.es/#website","url":"https://marcialiluminacion.es/","name":"","description":"","potentialAction":[{"@type":"SearchAction","target":{"@type":"EntryPoint","urlTemplate":"https://marcialiluminacion.es/?s={search_term_string}"},"query-input":{"@type":"PropertyValueSpecification","valueRequired":true,"valueName":"search_term_string"}}],"inLanguage":"es"}]}</script>
<!-- / Yoast SEO plugin. -->

Es una lámpara colgante de exterior, con un diseño clásico y funcional tipo farol.  Está fabricada en material resistente de color blanco, pensada para soportar condiciones exteriores. Se suspende mediante una cadena blanca, que aporta un estilo tradicional y permite ajustar la altura. En la parte superior incorpora un soporte de anclaje para fijación al techo.  La pantalla tipo farol tiene forma troncocónica, con paneles translúcidos protegidos por una estructura exterior, lo que difumina la luz y evita deslumbramientos. El diseño recuerda a los faroles clásicos de jardín o terraza.  Es ideal para porches, terrazas, balcones, entradas o zonas exteriores cubiertas, aportando una iluminación ambiental agradable y un toque decorativo tradicional.
