{"id":692,"date":"2026-02-17T19:44:49","date_gmt":"2026-02-17T19:44:49","guid":{"rendered":"https:\/\/marcialiluminacion.es\/?post_type=product&#038;p=692"},"modified":"2026-02-21T10:31:34","modified_gmt":"2026-02-21T10:31:34","slug":"lampara-114","status":"publish","type":"product","link":"https:\/\/marcialiluminacion.es\/index.php\/producto\/lampara-114\/","title":{"rendered":"lampara 114"},"content":{"rendered":"","protected":false},"excerpt":{"rendered":"<p data-start=\"0\" data-end=\"97\">Es una <strong data-start=\"7\" data-end=\"57\">l\u00e1mpara colgante de estilo moderno\u2013minimalista<\/strong>, con un dise\u00f1o elegante y muy depurado.<\/p>\n<p data-start=\"99\" data-end=\"370\">Presenta un <strong data-start=\"111\" data-end=\"136\">flor\u00f3n circular negro<\/strong> del que desciende un <strong data-start=\"158\" data-end=\"178\">cable fino negro<\/strong>. En la parte inferior cuelga una <strong data-start=\"212\" data-end=\"233\">pantalla met\u00e1lica<\/strong> de acabado <strong data-start=\"245\" data-end=\"259\">negro mate<\/strong>, con una forma org\u00e1nica tipo <strong data-start=\"289\" data-end=\"311\">campana estilizada<\/strong>, m\u00e1s ancha en la parte inferior y estrecha en la superior.<\/p>\n<p data-start=\"372\" data-end=\"571\">El dise\u00f1o cerrado dirige la luz principalmente <strong data-start=\"419\" data-end=\"434\">hacia abajo<\/strong>, creando una <strong data-start=\"448\" data-end=\"481\">iluminaci\u00f3n focal y acogedora<\/strong>, ideal para zonas concretas. Su color y forma le dan un aire sofisticado y contempor\u00e1neo.<\/p>\n<p data-start=\"573\" data-end=\"744\" data-is-last-node=\"\" data-is-only-node=\"\">Es perfecta para <strong data-start=\"590\" data-end=\"658\">comedores, barras, mesas auxiliares, cocinas o espacios modernos<\/strong>, funcionando muy bien tanto sola como en conjunto con varias unidades alineadas.<\/p>\n","protected":false},"featured_media":195,"comment_status":"open","ping_status":"closed","template":"","meta":[],"product_brand":[],"product_cat":[15],"product_tag":[],"class_list":["post-692","product","type-product","status-publish","has-post-thumbnail","product_cat-sin-categorizar","first","instock","sale","shipping-taxable","purchasable","product-type-simple"],"yoast_head":"<!-- This site is optimized with the Yoast SEO plugin v27.2 - https:\/\/yoast.com\/product\/yoast-seo-wordpress\/ -->\n<title>lampara 114 -<\/title>\n<meta name=\"robots\" content=\"index, follow, max-snippet:-1, max-image-preview:large, max-video-preview:-1\" \/>\n<link rel=\"canonical\" href=\"https:\/\/marcialiluminacion.es\/index.php\/producto\/lampara-114\/\" \/>\n<meta property=\"og:locale\" content=\"es_ES\" \/>\n<meta property=\"og:type\" content=\"article\" \/>\n<meta property=\"og:title\" content=\"lampara 114 -\" \/>\n<meta property=\"og:description\" content=\"Es una l\u00e1mpara colgante de estilo moderno\u2013minimalista, con un dise\u00f1o elegante y muy depurado.  Presenta un flor\u00f3n circular negro del que desciende un cable fino negro. En la parte inferior cuelga una pantalla met\u00e1lica de acabado negro mate, con una forma org\u00e1nica tipo campana estilizada, m\u00e1s ancha en la parte inferior y estrecha en la superior.  El dise\u00f1o cerrado dirige la luz principalmente hacia abajo, creando una iluminaci\u00f3n focal y acogedora, ideal para zonas concretas. Su color y forma le dan un aire sofisticado y contempor\u00e1neo.  Es perfecta para comedores, barras, mesas auxiliares, cocinas o espacios modernos, funcionando muy bien tanto sola como en conjunto con varias unidades alineadas.\" \/>\n<meta property=\"og:url\" content=\"https:\/\/marcialiluminacion.es\/index.php\/producto\/lampara-114\/\" \/>\n<meta property=\"article:modified_time\" content=\"2026-02-21T10:31:34+00:00\" \/>\n<meta name=\"twitter:card\" content=\"summary_large_image\" \/>\n<script type=\"application\/ld+json\" class=\"yoast-schema-graph\">{\"@context\":\"https:\/\/schema.org\",\"@graph\":[{\"@type\":\"WebPage\",\"@id\":\"https:\/\/marcialiluminacion.es\/index.php\/producto\/lampara-114\/\",\"url\":\"https:\/\/marcialiluminacion.es\/index.php\/producto\/lampara-114\/\",\"name\":\"lampara 114 -\",\"isPartOf\":{\"@id\":\"https:\/\/marcialiluminacion.es\/#website\"},\"primaryImageOfPage\":{\"@id\":\"https:\/\/marcialiluminacion.es\/index.php\/producto\/lampara-114\/#primaryimage\"},\"image\":{\"@id\":\"https:\/\/marcialiluminacion.es\/index.php\/producto\/lampara-114\/#primaryimage\"},\"thumbnailUrl\":\"https:\/\/marcialiluminacion.es\/wp-content\/uploads\/2026\/01\/20-32.jpg\",\"datePublished\":\"2026-02-17T19:44:49+00:00\",\"dateModified\":\"2026-02-21T10:31:34+00:00\",\"breadcrumb\":{\"@id\":\"https:\/\/marcialiluminacion.es\/index.php\/producto\/lampara-114\/#breadcrumb\"},\"inLanguage\":\"es\",\"potentialAction\":[{\"@type\":\"ReadAction\",\"target\":[\"https:\/\/marcialiluminacion.es\/index.php\/producto\/lampara-114\/\"]}]},{\"@type\":\"ImageObject\",\"inLanguage\":\"es\",\"@id\":\"https:\/\/marcialiluminacion.es\/index.php\/producto\/lampara-114\/#primaryimage\",\"url\":\"https:\/\/marcialiluminacion.es\/wp-content\/uploads\/2026\/01\/20-32.jpg\",\"contentUrl\":\"https:\/\/marcialiluminacion.es\/wp-content\/uploads\/2026\/01\/20-32.jpg\",\"width\":762,\"height\":1000},{\"@type\":\"BreadcrumbList\",\"@id\":\"https:\/\/marcialiluminacion.es\/index.php\/producto\/lampara-114\/#breadcrumb\",\"itemListElement\":[{\"@type\":\"ListItem\",\"position\":1,\"name\":\"Portada\",\"item\":\"https:\/\/marcialiluminacion.es\/\"},{\"@type\":\"ListItem\",\"position\":2,\"name\":\"Tienda\",\"item\":\"https:\/\/marcialiluminacion.es\/index.php\/tienda\/\"},{\"@type\":\"ListItem\",\"position\":3,\"name\":\"lampara 114\"}]},{\"@type\":\"WebSite\",\"@id\":\"https:\/\/marcialiluminacion.es\/#website\",\"url\":\"https:\/\/marcialiluminacion.es\/\",\"name\":\"\",\"description\":\"\",\"potentialAction\":[{\"@type\":\"SearchAction\",\"target\":{\"@type\":\"EntryPoint\",\"urlTemplate\":\"https:\/\/marcialiluminacion.es\/?s={search_term_string}\"},\"query-input\":{\"@type\":\"PropertyValueSpecification\",\"valueRequired\":true,\"valueName\":\"search_term_string\"}}],\"inLanguage\":\"es\"}]}<\/script>\n<!-- \/ Yoast SEO plugin. -->","yoast_head_json":{"title":"lampara 114 -","robots":{"index":"index","follow":"follow","max-snippet":"max-snippet:-1","max-image-preview":"max-image-preview:large","max-video-preview":"max-video-preview:-1"},"canonical":"https:\/\/marcialiluminacion.es\/index.php\/producto\/lampara-114\/","og_locale":"es_ES","og_type":"article","og_title":"lampara 114 -","og_description":"Es una l\u00e1mpara colgante de estilo moderno\u2013minimalista, con un dise\u00f1o elegante y muy depurado.  Presenta un flor\u00f3n circular negro del que desciende un cable fino negro. En la parte inferior cuelga una pantalla met\u00e1lica de acabado negro mate, con una forma org\u00e1nica tipo campana estilizada, m\u00e1s ancha en la parte inferior y estrecha en la superior.  El dise\u00f1o cerrado dirige la luz principalmente hacia abajo, creando una iluminaci\u00f3n focal y acogedora, ideal para zonas concretas. Su color y forma le dan un aire sofisticado y contempor\u00e1neo.  Es perfecta para comedores, barras, mesas auxiliares, cocinas o espacios modernos, funcionando muy bien tanto sola como en conjunto con varias unidades alineadas.","og_url":"https:\/\/marcialiluminacion.es\/index.php\/producto\/lampara-114\/","article_modified_time":"2026-02-21T10:31:34+00:00","twitter_card":"summary_large_image","schema":{"@context":"https:\/\/schema.org","@graph":[{"@type":"WebPage","@id":"https:\/\/marcialiluminacion.es\/index.php\/producto\/lampara-114\/","url":"https:\/\/marcialiluminacion.es\/index.php\/producto\/lampara-114\/","name":"lampara 114 -","isPartOf":{"@id":"https:\/\/marcialiluminacion.es\/#website"},"primaryImageOfPage":{"@id":"https:\/\/marcialiluminacion.es\/index.php\/producto\/lampara-114\/#primaryimage"},"image":{"@id":"https:\/\/marcialiluminacion.es\/index.php\/producto\/lampara-114\/#primaryimage"},"thumbnailUrl":"https:\/\/marcialiluminacion.es\/wp-content\/uploads\/2026\/01\/20-32.jpg","datePublished":"2026-02-17T19:44:49+00:00","dateModified":"2026-02-21T10:31:34+00:00","breadcrumb":{"@id":"https:\/\/marcialiluminacion.es\/index.php\/producto\/lampara-114\/#breadcrumb"},"inLanguage":"es","potentialAction":[{"@type":"ReadAction","target":["https:\/\/marcialiluminacion.es\/index.php\/producto\/lampara-114\/"]}]},{"@type":"ImageObject","inLanguage":"es","@id":"https:\/\/marcialiluminacion.es\/index.php\/producto\/lampara-114\/#primaryimage","url":"https:\/\/marcialiluminacion.es\/wp-content\/uploads\/2026\/01\/20-32.jpg","contentUrl":"https:\/\/marcialiluminacion.es\/wp-content\/uploads\/2026\/01\/20-32.jpg","width":762,"height":1000},{"@type":"BreadcrumbList","@id":"https:\/\/marcialiluminacion.es\/index.php\/producto\/lampara-114\/#breadcrumb","itemListElement":[{"@type":"ListItem","position":1,"name":"Portada","item":"https:\/\/marcialiluminacion.es\/"},{"@type":"ListItem","position":2,"name":"Tienda","item":"https:\/\/marcialiluminacion.es\/index.php\/tienda\/"},{"@type":"ListItem","position":3,"name":"lampara 114"}]},{"@type":"WebSite","@id":"https:\/\/marcialiluminacion.es\/#website","url":"https:\/\/marcialiluminacion.es\/","name":"","description":"","potentialAction":[{"@type":"SearchAction","target":{"@type":"EntryPoint","urlTemplate":"https:\/\/marcialiluminacion.es\/?s={search_term_string}"},"query-input":{"@type":"PropertyValueSpecification","valueRequired":true,"valueName":"search_term_string"}}],"inLanguage":"es"}]}},"_links":{"self":[{"href":"https:\/\/marcialiluminacion.es\/index.php\/wp-json\/wp\/v2\/product\/692","targetHints":{"allow":["GET"]}}],"collection":[{"href":"https:\/\/marcialiluminacion.es\/index.php\/wp-json\/wp\/v2\/product"}],"about":[{"href":"https:\/\/marcialiluminacion.es\/index.php\/wp-json\/wp\/v2\/types\/product"}],"replies":[{"embeddable":true,"href":"https:\/\/marcialiluminacion.es\/index.php\/wp-json\/wp\/v2\/comments?post=692"}],"wp:featuredmedia":[{"embeddable":true,"href":"https:\/\/marcialiluminacion.es\/index.php\/wp-json\/wp\/v2\/media\/195"}],"wp:attachment":[{"href":"https:\/\/marcialiluminacion.es\/index.php\/wp-json\/wp\/v2\/media?parent=692"}],"wp:term":[{"taxonomy":"product_brand","embeddable":true,"href":"https:\/\/marcialiluminacion.es\/index.php\/wp-json\/wp\/v2\/product_brand?post=692"},{"taxonomy":"product_cat","embeddable":true,"href":"https:\/\/marcialiluminacion.es\/index.php\/wp-json\/wp\/v2\/product_cat?post=692"},{"taxonomy":"product_tag","embeddable":true,"href":"https:\/\/marcialiluminacion.es\/index.php\/wp-json\/wp\/v2\/product_tag?post=692"}],"curies":[{"name":"wp","href":"https:\/\/api.w.org\/{rel}","templated":true}]}}

<p data-start="0" data-end="97">Es una <strong data-start="7" data-end="57">lámpara colgante de estilo moderno–minimalista</strong>, con un diseño elegante y muy depurado.</p>
<p data-start="99" data-end="370">Presenta un <strong data-start="111" data-end="136">florón circular negro</strong> del que desciende un <strong data-start="158" data-end="178">cable fino negro</strong>. En la parte inferior cuelga una <strong data-start="212" data-end="233">pantalla metálica</strong> de acabado <strong data-start="245" data-end="259">negro mate</strong>, con una forma orgánica tipo <strong data-start="289" data-end="311">campana estilizada</strong>, más ancha en la parte inferior y estrecha en la superior.</p>
<p data-start="372" data-end="571">El diseño cerrado dirige la luz principalmente <strong data-start="419" data-end="434">hacia abajo</strong>, creando una <strong data-start="448" data-end="481">iluminación focal y acogedora</strong>, ideal para zonas concretas. Su color y forma le dan un aire sofisticado y contemporáneo.</p>
<p data-start="573" data-end="744" data-is-last-node="" data-is-only-node="">Es perfecta para <strong data-start="590" data-end="658">comedores, barras, mesas auxiliares, cocinas o espacios modernos</strong>, funcionando muy bien tanto sola como en conjunto con varias unidades alineadas.</p>

<!-- This site is optimized with the Yoast SEO plugin v27.2 - https://yoast.com/product/yoast-seo-wordpress/ -->
<title>lampara 114 -</title>
<meta name="robots" content="index, follow, max-snippet:-1, max-image-preview:large, max-video-preview:-1" />
<link rel="canonical" href="https://marcialiluminacion.es/index.php/producto/lampara-114/" />
<meta property="og:locale" content="es_ES" />
<meta property="og:type" content="article" />
<meta property="og:title" content="lampara 114 -" />
<meta property="og:description" content="Es una lámpara colgante de estilo moderno–minimalista, con un diseño elegante y muy depurado.  Presenta un florón circular negro del que desciende un cable fino negro. En la parte inferior cuelga una pantalla metálica de acabado negro mate, con una forma orgánica tipo campana estilizada, más ancha en la parte inferior y estrecha en la superior.  El diseño cerrado dirige la luz principalmente hacia abajo, creando una iluminación focal y acogedora, ideal para zonas concretas. Su color y forma le dan un aire sofisticado y contemporáneo.  Es perfecta para comedores, barras, mesas auxiliares, cocinas o espacios modernos, funcionando muy bien tanto sola como en conjunto con varias unidades alineadas." />
<meta property="og:url" content="https://marcialiluminacion.es/index.php/producto/lampara-114/" />
<meta property="article:modified_time" content="2026-02-21T10:31:34+00:00" />
<meta name="twitter:card" content="summary_large_image" />
<script type="application/ld+json" class="yoast-schema-graph">{"@context":"https://schema.org","@graph":[{"@type":"WebPage","@id":"https://marcialiluminacion.es/index.php/producto/lampara-114/","url":"https://marcialiluminacion.es/index.php/producto/lampara-114/","name":"lampara 114 -","isPartOf":{"@id":"https://marcialiluminacion.es/#website"},"primaryImageOfPage":{"@id":"https://marcialiluminacion.es/index.php/producto/lampara-114/#primaryimage"},"image":{"@id":"https://marcialiluminacion.es/index.php/producto/lampara-114/#primaryimage"},"thumbnailUrl":"https://marcialiluminacion.es/wp-content/uploads/2026/01/20-32.jpg","datePublished":"2026-02-17T19:44:49+00:00","dateModified":"2026-02-21T10:31:34+00:00","breadcrumb":{"@id":"https://marcialiluminacion.es/index.php/producto/lampara-114/#breadcrumb"},"inLanguage":"es","potentialAction":[{"@type":"ReadAction","target":["https://marcialiluminacion.es/index.php/producto/lampara-114/"]}]},{"@type":"ImageObject","inLanguage":"es","@id":"https://marcialiluminacion.es/index.php/producto/lampara-114/#primaryimage","url":"https://marcialiluminacion.es/wp-content/uploads/2026/01/20-32.jpg","contentUrl":"https://marcialiluminacion.es/wp-content/uploads/2026/01/20-32.jpg","width":762,"height":1000},{"@type":"BreadcrumbList","@id":"https://marcialiluminacion.es/index.php/producto/lampara-114/#breadcrumb","itemListElement":[{"@type":"ListItem","position":1,"name":"Portada","item":"https://marcialiluminacion.es/"},{"@type":"ListItem","position":2,"name":"Tienda","item":"https://marcialiluminacion.es/index.php/tienda/"},{"@type":"ListItem","position":3,"name":"lampara 114"}]},{"@type":"WebSite","@id":"https://marcialiluminacion.es/#website","url":"https://marcialiluminacion.es/","name":"","description":"","potentialAction":[{"@type":"SearchAction","target":{"@type":"EntryPoint","urlTemplate":"https://marcialiluminacion.es/?s={search_term_string}"},"query-input":{"@type":"PropertyValueSpecification","valueRequired":true,"valueName":"search_term_string"}}],"inLanguage":"es"}]}</script>
<!-- / Yoast SEO plugin. -->

Es una lámpara colgante de estilo moderno–minimalista, con un diseño elegante y muy depurado.  Presenta un florón circular negro del que desciende un cable fino negro. En la parte inferior cuelga una pantalla metálica de acabado negro mate, con una forma orgánica tipo campana estilizada, más ancha en la parte inferior y estrecha en la superior.  El diseño cerrado dirige la luz principalmente hacia abajo, creando una iluminación focal y acogedora, ideal para zonas concretas. Su color y forma le dan un aire sofisticado y contemporáneo.  Es perfecta para comedores, barras, mesas auxiliares, cocinas o espacios modernos, funcionando muy bien tanto sola como en conjunto con varias unidades alineadas.
