{"id":691,"date":"2026-02-17T19:44:49","date_gmt":"2026-02-17T19:44:49","guid":{"rendered":"https:\/\/marcialiluminacion.es\/?post_type=product&#038;p=691"},"modified":"2026-02-21T10:31:34","modified_gmt":"2026-02-21T10:31:34","slug":"lampara-113","status":"publish","type":"product","link":"https:\/\/marcialiluminacion.es\/index.php\/producto\/lampara-113\/","title":{"rendered":"lampara 113"},"content":{"rendered":"","protected":false},"excerpt":{"rendered":"<div class=\"flex flex-col text-sm pb-25\">\n<article class=\"text-token-text-primary w-full focus:outline-none [--shadow-height:45px] has-data-writing-block:pointer-events-none has-data-writing-block:-mt-(--shadow-height) has-data-writing-block:pt-(--shadow-height) [&#038;amp,:has([data-writing-block])&#038;gt,*]:pointer-events-auto scroll-mt-[calc(var(--header-height)+min(200px,max(70px,20svh)))]\" dir=\"auto\" data-turn-id=\"86578d83-0e84-41db-9ff9-047bf863843b\" data-testid=\"conversation-turn-26\" data-scroll-anchor=\"true\" data-turn=\"assistant\" tabindex=\"-1\">\n<div class=\"text-base my-auto mx-auto pb-10 [--thread-content-margin:--spacing(4)] @w-sm\/main:[--thread-content-margin:--spacing(6)] @w-lg\/main:[--thread-content-margin:--spacing(16)] px-(--thread-content-margin)\">\n<div class=\"[--thread-content-max-width:40rem] @w-lg\/main:[--thread-content-max-width:48rem] mx-auto max-w-(--thread-content-max-width) flex-1 group\/turn-messages focus-visible:outline-hidden relative flex w-full min-w-0 flex-col agent-turn\" tabindex=\"-1\">\n<div class=\"flex max-w-full flex-col grow\">\n<div data-message-author-role=\"assistant\" data-message-id=\"b26c822b-5394-467b-8dbc-ff297446f5ab\" dir=\"auto\" class=\"min-h-8 text-message relative flex w-full flex-col items-end gap-2 text-start break-words whitespace-normal [.text-message+&#038;amp,]:mt-1\" data-message-model-slug=\"gpt-5-2\">\n<div class=\"flex w-full flex-col gap-1 empty:hidden first:pt-[1px]\">\n<div class=\"markdown prose dark:prose-invert w-full wrap-break-word light markdown-new-styling\">\n<p data-start=\"0\" data-end=\"93\">Es una <strong data-start=\"7\" data-end=\"53\">l\u00e1mpara colgante de estilo cl\u00e1sico\u2013moderno<\/strong>, con un dise\u00f1o equilibrado y atemporal.<\/p>\n<p data-start=\"95\" data-end=\"381\">Cuenta con un <strong data-start=\"109\" data-end=\"137\">flor\u00f3n circular met\u00e1lico<\/strong> y una <strong data-start=\"144\" data-end=\"160\">barra r\u00edgida<\/strong> en acabado <strong data-start=\"172\" data-end=\"184\">satinado<\/strong>, que aportan solidez y una est\u00e9tica limpia. En la parte inferior incorpora una <strong data-start=\"264\" data-end=\"291\">pantalla de vidrio opal<\/strong> en forma de <strong data-start=\"304\" data-end=\"325\">campana invertida<\/strong>, con un cuello estrecho y una silueta suave y elegante.<\/p>\n<p data-start=\"383\" data-end=\"541\">El vidrio opal <strong data-start=\"398\" data-end=\"436\">difumina la luz de manera uniforme<\/strong>, creando una <strong data-start=\"450\" data-end=\"484\">iluminaci\u00f3n c\u00e1lida y agradable<\/strong>, ideal tanto para luz general como para zonas concretas.<\/p>\n<p data-start=\"543\" data-end=\"722\" data-is-last-node=\"\" data-is-only-node=\"\">Es una l\u00e1mpara muy vers\u00e1til, perfecta para <strong data-start=\"586\" data-end=\"636\">comedores, cocinas, salones o espacios comunes<\/strong>, y encaja bien en ambientes <strong data-start=\"665\" data-end=\"718\">cl\u00e1sicos, contempor\u00e1neos o de estilo transicional<\/strong>.<\/p>\n<\/div>\n<\/div>\n<\/div>\n<\/div>\n<div class=\"z-0 flex min-h-[46px] justify-start\"><\/div>\n<div class=\"mt-3 w-full empty:hidden\">\n<div class=\"text-center\"><\/div>\n<\/div>\n<\/div>\n<\/div>\n<\/article>\n<\/div>\n","protected":false},"featured_media":193,"comment_status":"open","ping_status":"closed","template":"","meta":[],"product_brand":[],"product_cat":[15],"product_tag":[],"class_list":["post-691","product","type-product","status-publish","has-post-thumbnail","product_cat-sin-categorizar","first","instock","sale","shipping-taxable","purchasable","product-type-simple"],"yoast_head":"<!-- This site is optimized with the Yoast SEO plugin v27.2 - https:\/\/yoast.com\/product\/yoast-seo-wordpress\/ -->\n<title>lampara 113 -<\/title>\n<meta name=\"robots\" content=\"index, follow, max-snippet:-1, max-image-preview:large, max-video-preview:-1\" \/>\n<link rel=\"canonical\" href=\"https:\/\/marcialiluminacion.es\/index.php\/producto\/lampara-113\/\" \/>\n<meta property=\"og:locale\" content=\"es_ES\" \/>\n<meta property=\"og:type\" content=\"article\" \/>\n<meta property=\"og:title\" content=\"lampara 113 -\" \/>\n<meta property=\"og:description\" content=\"Es una l\u00e1mpara colgante de estilo cl\u00e1sico\u2013moderno, con un dise\u00f1o equilibrado y atemporal.  Cuenta con un flor\u00f3n circular met\u00e1lico y una barra r\u00edgida en acabado satinado, que aportan solidez y una est\u00e9tica limpia. En la parte inferior incorpora una pantalla de vidrio opal en forma de campana invertida, con un cuello estrecho y una silueta suave y elegante.  El vidrio opal difumina la luz de manera uniforme, creando una iluminaci\u00f3n c\u00e1lida y agradable, ideal tanto para luz general como para zonas concretas.  Es una l\u00e1mpara muy vers\u00e1til, perfecta para comedores, cocinas, salones o espacios comunes, y encaja bien en ambientes cl\u00e1sicos, contempor\u00e1neos o de estilo transicional.\" \/>\n<meta property=\"og:url\" content=\"https:\/\/marcialiluminacion.es\/index.php\/producto\/lampara-113\/\" \/>\n<meta property=\"article:modified_time\" content=\"2026-02-21T10:31:34+00:00\" \/>\n<meta name=\"twitter:card\" content=\"summary_large_image\" \/>\n<script type=\"application\/ld+json\" class=\"yoast-schema-graph\">{\"@context\":\"https:\/\/schema.org\",\"@graph\":[{\"@type\":\"WebPage\",\"@id\":\"https:\/\/marcialiluminacion.es\/index.php\/producto\/lampara-113\/\",\"url\":\"https:\/\/marcialiluminacion.es\/index.php\/producto\/lampara-113\/\",\"name\":\"lampara 113 -\",\"isPartOf\":{\"@id\":\"https:\/\/marcialiluminacion.es\/#website\"},\"primaryImageOfPage\":{\"@id\":\"https:\/\/marcialiluminacion.es\/index.php\/producto\/lampara-113\/#primaryimage\"},\"image\":{\"@id\":\"https:\/\/marcialiluminacion.es\/index.php\/producto\/lampara-113\/#primaryimage\"},\"thumbnailUrl\":\"https:\/\/marcialiluminacion.es\/wp-content\/uploads\/2026\/01\/20-29.jpg\",\"datePublished\":\"2026-02-17T19:44:49+00:00\",\"dateModified\":\"2026-02-21T10:31:34+00:00\",\"breadcrumb\":{\"@id\":\"https:\/\/marcialiluminacion.es\/index.php\/producto\/lampara-113\/#breadcrumb\"},\"inLanguage\":\"es\",\"potentialAction\":[{\"@type\":\"ReadAction\",\"target\":[\"https:\/\/marcialiluminacion.es\/index.php\/producto\/lampara-113\/\"]}]},{\"@type\":\"ImageObject\",\"inLanguage\":\"es\",\"@id\":\"https:\/\/marcialiluminacion.es\/index.php\/producto\/lampara-113\/#primaryimage\",\"url\":\"https:\/\/marcialiluminacion.es\/wp-content\/uploads\/2026\/01\/20-29.jpg\",\"contentUrl\":\"https:\/\/marcialiluminacion.es\/wp-content\/uploads\/2026\/01\/20-29.jpg\",\"width\":750,\"height\":1000},{\"@type\":\"BreadcrumbList\",\"@id\":\"https:\/\/marcialiluminacion.es\/index.php\/producto\/lampara-113\/#breadcrumb\",\"itemListElement\":[{\"@type\":\"ListItem\",\"position\":1,\"name\":\"Portada\",\"item\":\"https:\/\/marcialiluminacion.es\/\"},{\"@type\":\"ListItem\",\"position\":2,\"name\":\"Tienda\",\"item\":\"https:\/\/marcialiluminacion.es\/index.php\/tienda\/\"},{\"@type\":\"ListItem\",\"position\":3,\"name\":\"lampara 113\"}]},{\"@type\":\"WebSite\",\"@id\":\"https:\/\/marcialiluminacion.es\/#website\",\"url\":\"https:\/\/marcialiluminacion.es\/\",\"name\":\"\",\"description\":\"\",\"potentialAction\":[{\"@type\":\"SearchAction\",\"target\":{\"@type\":\"EntryPoint\",\"urlTemplate\":\"https:\/\/marcialiluminacion.es\/?s={search_term_string}\"},\"query-input\":{\"@type\":\"PropertyValueSpecification\",\"valueRequired\":true,\"valueName\":\"search_term_string\"}}],\"inLanguage\":\"es\"}]}<\/script>\n<!-- \/ Yoast SEO plugin. -->","yoast_head_json":{"title":"lampara 113 -","robots":{"index":"index","follow":"follow","max-snippet":"max-snippet:-1","max-image-preview":"max-image-preview:large","max-video-preview":"max-video-preview:-1"},"canonical":"https:\/\/marcialiluminacion.es\/index.php\/producto\/lampara-113\/","og_locale":"es_ES","og_type":"article","og_title":"lampara 113 -","og_description":"Es una l\u00e1mpara colgante de estilo cl\u00e1sico\u2013moderno, con un dise\u00f1o equilibrado y atemporal.  Cuenta con un flor\u00f3n circular met\u00e1lico y una barra r\u00edgida en acabado satinado, que aportan solidez y una est\u00e9tica limpia. En la parte inferior incorpora una pantalla de vidrio opal en forma de campana invertida, con un cuello estrecho y una silueta suave y elegante.  El vidrio opal difumina la luz de manera uniforme, creando una iluminaci\u00f3n c\u00e1lida y agradable, ideal tanto para luz general como para zonas concretas.  Es una l\u00e1mpara muy vers\u00e1til, perfecta para comedores, cocinas, salones o espacios comunes, y encaja bien en ambientes cl\u00e1sicos, contempor\u00e1neos o de estilo transicional.","og_url":"https:\/\/marcialiluminacion.es\/index.php\/producto\/lampara-113\/","article_modified_time":"2026-02-21T10:31:34+00:00","twitter_card":"summary_large_image","schema":{"@context":"https:\/\/schema.org","@graph":[{"@type":"WebPage","@id":"https:\/\/marcialiluminacion.es\/index.php\/producto\/lampara-113\/","url":"https:\/\/marcialiluminacion.es\/index.php\/producto\/lampara-113\/","name":"lampara 113 -","isPartOf":{"@id":"https:\/\/marcialiluminacion.es\/#website"},"primaryImageOfPage":{"@id":"https:\/\/marcialiluminacion.es\/index.php\/producto\/lampara-113\/#primaryimage"},"image":{"@id":"https:\/\/marcialiluminacion.es\/index.php\/producto\/lampara-113\/#primaryimage"},"thumbnailUrl":"https:\/\/marcialiluminacion.es\/wp-content\/uploads\/2026\/01\/20-29.jpg","datePublished":"2026-02-17T19:44:49+00:00","dateModified":"2026-02-21T10:31:34+00:00","breadcrumb":{"@id":"https:\/\/marcialiluminacion.es\/index.php\/producto\/lampara-113\/#breadcrumb"},"inLanguage":"es","potentialAction":[{"@type":"ReadAction","target":["https:\/\/marcialiluminacion.es\/index.php\/producto\/lampara-113\/"]}]},{"@type":"ImageObject","inLanguage":"es","@id":"https:\/\/marcialiluminacion.es\/index.php\/producto\/lampara-113\/#primaryimage","url":"https:\/\/marcialiluminacion.es\/wp-content\/uploads\/2026\/01\/20-29.jpg","contentUrl":"https:\/\/marcialiluminacion.es\/wp-content\/uploads\/2026\/01\/20-29.jpg","width":750,"height":1000},{"@type":"BreadcrumbList","@id":"https:\/\/marcialiluminacion.es\/index.php\/producto\/lampara-113\/#breadcrumb","itemListElement":[{"@type":"ListItem","position":1,"name":"Portada","item":"https:\/\/marcialiluminacion.es\/"},{"@type":"ListItem","position":2,"name":"Tienda","item":"https:\/\/marcialiluminacion.es\/index.php\/tienda\/"},{"@type":"ListItem","position":3,"name":"lampara 113"}]},{"@type":"WebSite","@id":"https:\/\/marcialiluminacion.es\/#website","url":"https:\/\/marcialiluminacion.es\/","name":"","description":"","potentialAction":[{"@type":"SearchAction","target":{"@type":"EntryPoint","urlTemplate":"https:\/\/marcialiluminacion.es\/?s={search_term_string}"},"query-input":{"@type":"PropertyValueSpecification","valueRequired":true,"valueName":"search_term_string"}}],"inLanguage":"es"}]}},"_links":{"self":[{"href":"https:\/\/marcialiluminacion.es\/index.php\/wp-json\/wp\/v2\/product\/691","targetHints":{"allow":["GET"]}}],"collection":[{"href":"https:\/\/marcialiluminacion.es\/index.php\/wp-json\/wp\/v2\/product"}],"about":[{"href":"https:\/\/marcialiluminacion.es\/index.php\/wp-json\/wp\/v2\/types\/product"}],"replies":[{"embeddable":true,"href":"https:\/\/marcialiluminacion.es\/index.php\/wp-json\/wp\/v2\/comments?post=691"}],"wp:featuredmedia":[{"embeddable":true,"href":"https:\/\/marcialiluminacion.es\/index.php\/wp-json\/wp\/v2\/media\/193"}],"wp:attachment":[{"href":"https:\/\/marcialiluminacion.es\/index.php\/wp-json\/wp\/v2\/media?parent=691"}],"wp:term":[{"taxonomy":"product_brand","embeddable":true,"href":"https:\/\/marcialiluminacion.es\/index.php\/wp-json\/wp\/v2\/product_brand?post=691"},{"taxonomy":"product_cat","embeddable":true,"href":"https:\/\/marcialiluminacion.es\/index.php\/wp-json\/wp\/v2\/product_cat?post=691"},{"taxonomy":"product_tag","embeddable":true,"href":"https:\/\/marcialiluminacion.es\/index.php\/wp-json\/wp\/v2\/product_tag?post=691"}],"curies":[{"name":"wp","href":"https:\/\/api.w.org\/{rel}","templated":true}]}}

<div class="flex flex-col text-sm pb-25">
<article class="text-token-text-primary w-full focus:outline-none [--shadow-height:45px] has-data-writing-block:pointer-events-none has-data-writing-block:-mt-(--shadow-height) has-data-writing-block:pt-(--shadow-height) [&#038;amp,:has([data-writing-block])&#038;gt,*]:pointer-events-auto scroll-mt-[calc(var(--header-height)+min(200px,max(70px,20svh)))]" dir="auto" data-turn-id="86578d83-0e84-41db-9ff9-047bf863843b" data-testid="conversation-turn-26" data-scroll-anchor="true" data-turn="assistant" tabindex="-1">
<div class="text-base my-auto mx-auto pb-10 [--thread-content-margin:--spacing(4)] @w-sm/main:[--thread-content-margin:--spacing(6)] @w-lg/main:[--thread-content-margin:--spacing(16)] px-(--thread-content-margin)">
<div class="[--thread-content-max-width:40rem] @w-lg/main:[--thread-content-max-width:48rem] mx-auto max-w-(--thread-content-max-width) flex-1 group/turn-messages focus-visible:outline-hidden relative flex w-full min-w-0 flex-col agent-turn" tabindex="-1">
<div class="flex max-w-full flex-col grow">
<div data-message-author-role="assistant" data-message-id="b26c822b-5394-467b-8dbc-ff297446f5ab" dir="auto" class="min-h-8 text-message relative flex w-full flex-col items-end gap-2 text-start break-words whitespace-normal [.text-message+&#038;amp,]:mt-1" data-message-model-slug="gpt-5-2">
<div class="flex w-full flex-col gap-1 empty:hidden first:pt-[1px]">
<div class="markdown prose dark:prose-invert w-full wrap-break-word light markdown-new-styling">
<p data-start="0" data-end="93">Es una <strong data-start="7" data-end="53">lámpara colgante de estilo clásico–moderno</strong>, con un diseño equilibrado y atemporal.</p>
<p data-start="95" data-end="381">Cuenta con un <strong data-start="109" data-end="137">florón circular metálico</strong> y una <strong data-start="144" data-end="160">barra rígida</strong> en acabado <strong data-start="172" data-end="184">satinado</strong>, que aportan solidez y una estética limpia. En la parte inferior incorpora una <strong data-start="264" data-end="291">pantalla de vidrio opal</strong> en forma de <strong data-start="304" data-end="325">campana invertida</strong>, con un cuello estrecho y una silueta suave y elegante.</p>
<p data-start="383" data-end="541">El vidrio opal <strong data-start="398" data-end="436">difumina la luz de manera uniforme</strong>, creando una <strong data-start="450" data-end="484">iluminación cálida y agradable</strong>, ideal tanto para luz general como para zonas concretas.</p>
<p data-start="543" data-end="722" data-is-last-node="" data-is-only-node="">Es una lámpara muy versátil, perfecta para <strong data-start="586" data-end="636">comedores, cocinas, salones o espacios comunes</strong>, y encaja bien en ambientes <strong data-start="665" data-end="718">clásicos, contemporáneos o de estilo transicional</strong>.</p>
</div>
</div>
</div>
</div>
<div class="z-0 flex min-h-[46px] justify-start"></div>
<div class="mt-3 w-full empty:hidden">
<div class="text-center"></div>
</div>
</div>
</div>
</article>
</div>

<!-- This site is optimized with the Yoast SEO plugin v27.2 - https://yoast.com/product/yoast-seo-wordpress/ -->
<title>lampara 113 -</title>
<meta name="robots" content="index, follow, max-snippet:-1, max-image-preview:large, max-video-preview:-1" />
<link rel="canonical" href="https://marcialiluminacion.es/index.php/producto/lampara-113/" />
<meta property="og:locale" content="es_ES" />
<meta property="og:type" content="article" />
<meta property="og:title" content="lampara 113 -" />
<meta property="og:description" content="Es una lámpara colgante de estilo clásico–moderno, con un diseño equilibrado y atemporal.  Cuenta con un florón circular metálico y una barra rígida en acabado satinado, que aportan solidez y una estética limpia. En la parte inferior incorpora una pantalla de vidrio opal en forma de campana invertida, con un cuello estrecho y una silueta suave y elegante.  El vidrio opal difumina la luz de manera uniforme, creando una iluminación cálida y agradable, ideal tanto para luz general como para zonas concretas.  Es una lámpara muy versátil, perfecta para comedores, cocinas, salones o espacios comunes, y encaja bien en ambientes clásicos, contemporáneos o de estilo transicional." />
<meta property="og:url" content="https://marcialiluminacion.es/index.php/producto/lampara-113/" />
<meta property="article:modified_time" content="2026-02-21T10:31:34+00:00" />
<meta name="twitter:card" content="summary_large_image" />
<script type="application/ld+json" class="yoast-schema-graph">{"@context":"https://schema.org","@graph":[{"@type":"WebPage","@id":"https://marcialiluminacion.es/index.php/producto/lampara-113/","url":"https://marcialiluminacion.es/index.php/producto/lampara-113/","name":"lampara 113 -","isPartOf":{"@id":"https://marcialiluminacion.es/#website"},"primaryImageOfPage":{"@id":"https://marcialiluminacion.es/index.php/producto/lampara-113/#primaryimage"},"image":{"@id":"https://marcialiluminacion.es/index.php/producto/lampara-113/#primaryimage"},"thumbnailUrl":"https://marcialiluminacion.es/wp-content/uploads/2026/01/20-29.jpg","datePublished":"2026-02-17T19:44:49+00:00","dateModified":"2026-02-21T10:31:34+00:00","breadcrumb":{"@id":"https://marcialiluminacion.es/index.php/producto/lampara-113/#breadcrumb"},"inLanguage":"es","potentialAction":[{"@type":"ReadAction","target":["https://marcialiluminacion.es/index.php/producto/lampara-113/"]}]},{"@type":"ImageObject","inLanguage":"es","@id":"https://marcialiluminacion.es/index.php/producto/lampara-113/#primaryimage","url":"https://marcialiluminacion.es/wp-content/uploads/2026/01/20-29.jpg","contentUrl":"https://marcialiluminacion.es/wp-content/uploads/2026/01/20-29.jpg","width":750,"height":1000},{"@type":"BreadcrumbList","@id":"https://marcialiluminacion.es/index.php/producto/lampara-113/#breadcrumb","itemListElement":[{"@type":"ListItem","position":1,"name":"Portada","item":"https://marcialiluminacion.es/"},{"@type":"ListItem","position":2,"name":"Tienda","item":"https://marcialiluminacion.es/index.php/tienda/"},{"@type":"ListItem","position":3,"name":"lampara 113"}]},{"@type":"WebSite","@id":"https://marcialiluminacion.es/#website","url":"https://marcialiluminacion.es/","name":"","description":"","potentialAction":[{"@type":"SearchAction","target":{"@type":"EntryPoint","urlTemplate":"https://marcialiluminacion.es/?s={search_term_string}"},"query-input":{"@type":"PropertyValueSpecification","valueRequired":true,"valueName":"search_term_string"}}],"inLanguage":"es"}]}</script>
<!-- / Yoast SEO plugin. -->

Es una lámpara colgante de estilo clásico–moderno, con un diseño equilibrado y atemporal.  Cuenta con un florón circular metálico y una barra rígida en acabado satinado, que aportan solidez y una estética limpia. En la parte inferior incorpora una pantalla de vidrio opal en forma de campana invertida, con un cuello estrecho y una silueta suave y elegante.  El vidrio opal difumina la luz de manera uniforme, creando una iluminación cálida y agradable, ideal tanto para luz general como para zonas concretas.  Es una lámpara muy versátil, perfecta para comedores, cocinas, salones o espacios comunes, y encaja bien en ambientes clásicos, contemporáneos o de estilo transicional.
