{"id":690,"date":"2026-02-17T19:44:49","date_gmt":"2026-02-17T19:44:49","guid":{"rendered":"https:\/\/marcialiluminacion.es\/?post_type=product&#038;p=690"},"modified":"2026-02-21T10:31:34","modified_gmt":"2026-02-21T10:31:34","slug":"lampara-112","status":"publish","type":"product","link":"https:\/\/marcialiluminacion.es\/index.php\/producto\/lampara-112\/","title":{"rendered":"lampara 112"},"content":{"rendered":"","protected":false},"excerpt":{"rendered":"<p data-start=\"0\" data-end=\"93\">Es una <strong data-start=\"7\" data-end=\"65\">l\u00e1mpara colgante de estilo moderno e industrial ligero<\/strong>, muy sencilla y decorativa.<\/p>\n<p data-start=\"95\" data-end=\"313\">Tiene un <strong data-start=\"104\" data-end=\"132\">flor\u00f3n circular met\u00e1lico<\/strong> en acabado <strong data-start=\"144\" data-end=\"162\">lat\u00f3n satinado<\/strong>, del que baja un <strong data-start=\"180\" data-end=\"194\">cable fino<\/strong> en tono gris verdoso. En el extremo inferior incorpora un <strong data-start=\"253\" data-end=\"290\">portal\u00e1mparas cil\u00edndrico met\u00e1lico<\/strong> a juego con el flor\u00f3n.<\/p>\n<p data-start=\"315\" data-end=\"547\">La bombilla es <strong data-start=\"330\" data-end=\"370\">esf\u00e9rica, visible y de cristal \u00e1mbar<\/strong>, tipo decorativa, lo que aporta una <strong data-start=\"407\" data-end=\"421\">luz c\u00e1lida<\/strong> y un aire acogedor cuando est\u00e1 encendida. Al no llevar pantalla, el dise\u00f1o se centra en la bombilla y los acabados met\u00e1licos.<\/p>\n<p data-start=\"549\" data-end=\"721\" data-is-last-node=\"\" data-is-only-node=\"\">Es ideal para <strong data-start=\"563\" data-end=\"629\">barras, mesas de comedor, cocinas, pasillos o locales modernos<\/strong>, funcionando muy bien sola o en <strong data-start=\"662\" data-end=\"696\">composici\u00f3n de varias unidades<\/strong> a distintas alturas.<\/p>\n","protected":false},"featured_media":191,"comment_status":"open","ping_status":"closed","template":"","meta":[],"product_brand":[],"product_cat":[15],"product_tag":[],"class_list":["post-690","product","type-product","status-publish","has-post-thumbnail","product_cat-sin-categorizar","first","instock","sale","shipping-taxable","purchasable","product-type-simple"],"yoast_head":"<!-- This site is optimized with the Yoast SEO plugin v27.2 - https:\/\/yoast.com\/product\/yoast-seo-wordpress\/ -->\n<title>lampara 112 -<\/title>\n<meta name=\"robots\" content=\"index, follow, max-snippet:-1, max-image-preview:large, max-video-preview:-1\" \/>\n<link rel=\"canonical\" href=\"https:\/\/marcialiluminacion.es\/index.php\/producto\/lampara-112\/\" \/>\n<meta property=\"og:locale\" content=\"es_ES\" \/>\n<meta property=\"og:type\" content=\"article\" \/>\n<meta property=\"og:title\" content=\"lampara 112 -\" \/>\n<meta property=\"og:description\" content=\"Es una l\u00e1mpara colgante de estilo moderno e industrial ligero, muy sencilla y decorativa.  Tiene un flor\u00f3n circular met\u00e1lico en acabado lat\u00f3n satinado, del que baja un cable fino en tono gris verdoso. En el extremo inferior incorpora un portal\u00e1mparas cil\u00edndrico met\u00e1lico a juego con el flor\u00f3n.  La bombilla es esf\u00e9rica, visible y de cristal \u00e1mbar, tipo decorativa, lo que aporta una luz c\u00e1lida y un aire acogedor cuando est\u00e1 encendida. Al no llevar pantalla, el dise\u00f1o se centra en la bombilla y los acabados met\u00e1licos.  Es ideal para barras, mesas de comedor, cocinas, pasillos o locales modernos, funcionando muy bien sola o en composici\u00f3n de varias unidades a distintas alturas.\" \/>\n<meta property=\"og:url\" content=\"https:\/\/marcialiluminacion.es\/index.php\/producto\/lampara-112\/\" \/>\n<meta property=\"article:modified_time\" content=\"2026-02-21T10:31:34+00:00\" \/>\n<meta name=\"twitter:card\" content=\"summary_large_image\" \/>\n<script type=\"application\/ld+json\" class=\"yoast-schema-graph\">{\"@context\":\"https:\/\/schema.org\",\"@graph\":[{\"@type\":\"WebPage\",\"@id\":\"https:\/\/marcialiluminacion.es\/index.php\/producto\/lampara-112\/\",\"url\":\"https:\/\/marcialiluminacion.es\/index.php\/producto\/lampara-112\/\",\"name\":\"lampara 112 -\",\"isPartOf\":{\"@id\":\"https:\/\/marcialiluminacion.es\/#website\"},\"primaryImageOfPage\":{\"@id\":\"https:\/\/marcialiluminacion.es\/index.php\/producto\/lampara-112\/#primaryimage\"},\"image\":{\"@id\":\"https:\/\/marcialiluminacion.es\/index.php\/producto\/lampara-112\/#primaryimage\"},\"thumbnailUrl\":\"https:\/\/marcialiluminacion.es\/wp-content\/uploads\/2026\/01\/20-31.jpg\",\"datePublished\":\"2026-02-17T19:44:49+00:00\",\"dateModified\":\"2026-02-21T10:31:34+00:00\",\"breadcrumb\":{\"@id\":\"https:\/\/marcialiluminacion.es\/index.php\/producto\/lampara-112\/#breadcrumb\"},\"inLanguage\":\"es\",\"potentialAction\":[{\"@type\":\"ReadAction\",\"target\":[\"https:\/\/marcialiluminacion.es\/index.php\/producto\/lampara-112\/\"]}]},{\"@type\":\"ImageObject\",\"inLanguage\":\"es\",\"@id\":\"https:\/\/marcialiluminacion.es\/index.php\/producto\/lampara-112\/#primaryimage\",\"url\":\"https:\/\/marcialiluminacion.es\/wp-content\/uploads\/2026\/01\/20-31.jpg\",\"contentUrl\":\"https:\/\/marcialiluminacion.es\/wp-content\/uploads\/2026\/01\/20-31.jpg\",\"width\":750,\"height\":1000},{\"@type\":\"BreadcrumbList\",\"@id\":\"https:\/\/marcialiluminacion.es\/index.php\/producto\/lampara-112\/#breadcrumb\",\"itemListElement\":[{\"@type\":\"ListItem\",\"position\":1,\"name\":\"Portada\",\"item\":\"https:\/\/marcialiluminacion.es\/\"},{\"@type\":\"ListItem\",\"position\":2,\"name\":\"Tienda\",\"item\":\"https:\/\/marcialiluminacion.es\/index.php\/tienda\/\"},{\"@type\":\"ListItem\",\"position\":3,\"name\":\"lampara 112\"}]},{\"@type\":\"WebSite\",\"@id\":\"https:\/\/marcialiluminacion.es\/#website\",\"url\":\"https:\/\/marcialiluminacion.es\/\",\"name\":\"\",\"description\":\"\",\"potentialAction\":[{\"@type\":\"SearchAction\",\"target\":{\"@type\":\"EntryPoint\",\"urlTemplate\":\"https:\/\/marcialiluminacion.es\/?s={search_term_string}\"},\"query-input\":{\"@type\":\"PropertyValueSpecification\",\"valueRequired\":true,\"valueName\":\"search_term_string\"}}],\"inLanguage\":\"es\"}]}<\/script>\n<!-- \/ Yoast SEO plugin. -->","yoast_head_json":{"title":"lampara 112 -","robots":{"index":"index","follow":"follow","max-snippet":"max-snippet:-1","max-image-preview":"max-image-preview:large","max-video-preview":"max-video-preview:-1"},"canonical":"https:\/\/marcialiluminacion.es\/index.php\/producto\/lampara-112\/","og_locale":"es_ES","og_type":"article","og_title":"lampara 112 -","og_description":"Es una l\u00e1mpara colgante de estilo moderno e industrial ligero, muy sencilla y decorativa.  Tiene un flor\u00f3n circular met\u00e1lico en acabado lat\u00f3n satinado, del que baja un cable fino en tono gris verdoso. En el extremo inferior incorpora un portal\u00e1mparas cil\u00edndrico met\u00e1lico a juego con el flor\u00f3n.  La bombilla es esf\u00e9rica, visible y de cristal \u00e1mbar, tipo decorativa, lo que aporta una luz c\u00e1lida y un aire acogedor cuando est\u00e1 encendida. Al no llevar pantalla, el dise\u00f1o se centra en la bombilla y los acabados met\u00e1licos.  Es ideal para barras, mesas de comedor, cocinas, pasillos o locales modernos, funcionando muy bien sola o en composici\u00f3n de varias unidades a distintas alturas.","og_url":"https:\/\/marcialiluminacion.es\/index.php\/producto\/lampara-112\/","article_modified_time":"2026-02-21T10:31:34+00:00","twitter_card":"summary_large_image","schema":{"@context":"https:\/\/schema.org","@graph":[{"@type":"WebPage","@id":"https:\/\/marcialiluminacion.es\/index.php\/producto\/lampara-112\/","url":"https:\/\/marcialiluminacion.es\/index.php\/producto\/lampara-112\/","name":"lampara 112 -","isPartOf":{"@id":"https:\/\/marcialiluminacion.es\/#website"},"primaryImageOfPage":{"@id":"https:\/\/marcialiluminacion.es\/index.php\/producto\/lampara-112\/#primaryimage"},"image":{"@id":"https:\/\/marcialiluminacion.es\/index.php\/producto\/lampara-112\/#primaryimage"},"thumbnailUrl":"https:\/\/marcialiluminacion.es\/wp-content\/uploads\/2026\/01\/20-31.jpg","datePublished":"2026-02-17T19:44:49+00:00","dateModified":"2026-02-21T10:31:34+00:00","breadcrumb":{"@id":"https:\/\/marcialiluminacion.es\/index.php\/producto\/lampara-112\/#breadcrumb"},"inLanguage":"es","potentialAction":[{"@type":"ReadAction","target":["https:\/\/marcialiluminacion.es\/index.php\/producto\/lampara-112\/"]}]},{"@type":"ImageObject","inLanguage":"es","@id":"https:\/\/marcialiluminacion.es\/index.php\/producto\/lampara-112\/#primaryimage","url":"https:\/\/marcialiluminacion.es\/wp-content\/uploads\/2026\/01\/20-31.jpg","contentUrl":"https:\/\/marcialiluminacion.es\/wp-content\/uploads\/2026\/01\/20-31.jpg","width":750,"height":1000},{"@type":"BreadcrumbList","@id":"https:\/\/marcialiluminacion.es\/index.php\/producto\/lampara-112\/#breadcrumb","itemListElement":[{"@type":"ListItem","position":1,"name":"Portada","item":"https:\/\/marcialiluminacion.es\/"},{"@type":"ListItem","position":2,"name":"Tienda","item":"https:\/\/marcialiluminacion.es\/index.php\/tienda\/"},{"@type":"ListItem","position":3,"name":"lampara 112"}]},{"@type":"WebSite","@id":"https:\/\/marcialiluminacion.es\/#website","url":"https:\/\/marcialiluminacion.es\/","name":"","description":"","potentialAction":[{"@type":"SearchAction","target":{"@type":"EntryPoint","urlTemplate":"https:\/\/marcialiluminacion.es\/?s={search_term_string}"},"query-input":{"@type":"PropertyValueSpecification","valueRequired":true,"valueName":"search_term_string"}}],"inLanguage":"es"}]}},"_links":{"self":[{"href":"https:\/\/marcialiluminacion.es\/index.php\/wp-json\/wp\/v2\/product\/690","targetHints":{"allow":["GET"]}}],"collection":[{"href":"https:\/\/marcialiluminacion.es\/index.php\/wp-json\/wp\/v2\/product"}],"about":[{"href":"https:\/\/marcialiluminacion.es\/index.php\/wp-json\/wp\/v2\/types\/product"}],"replies":[{"embeddable":true,"href":"https:\/\/marcialiluminacion.es\/index.php\/wp-json\/wp\/v2\/comments?post=690"}],"wp:featuredmedia":[{"embeddable":true,"href":"https:\/\/marcialiluminacion.es\/index.php\/wp-json\/wp\/v2\/media\/191"}],"wp:attachment":[{"href":"https:\/\/marcialiluminacion.es\/index.php\/wp-json\/wp\/v2\/media?parent=690"}],"wp:term":[{"taxonomy":"product_brand","embeddable":true,"href":"https:\/\/marcialiluminacion.es\/index.php\/wp-json\/wp\/v2\/product_brand?post=690"},{"taxonomy":"product_cat","embeddable":true,"href":"https:\/\/marcialiluminacion.es\/index.php\/wp-json\/wp\/v2\/product_cat?post=690"},{"taxonomy":"product_tag","embeddable":true,"href":"https:\/\/marcialiluminacion.es\/index.php\/wp-json\/wp\/v2\/product_tag?post=690"}],"curies":[{"name":"wp","href":"https:\/\/api.w.org\/{rel}","templated":true}]}}

<p data-start="0" data-end="93">Es una <strong data-start="7" data-end="65">lámpara colgante de estilo moderno e industrial ligero</strong>, muy sencilla y decorativa.</p>
<p data-start="95" data-end="313">Tiene un <strong data-start="104" data-end="132">florón circular metálico</strong> en acabado <strong data-start="144" data-end="162">latón satinado</strong>, del que baja un <strong data-start="180" data-end="194">cable fino</strong> en tono gris verdoso. En el extremo inferior incorpora un <strong data-start="253" data-end="290">portalámparas cilíndrico metálico</strong> a juego con el florón.</p>
<p data-start="315" data-end="547">La bombilla es <strong data-start="330" data-end="370">esférica, visible y de cristal ámbar</strong>, tipo decorativa, lo que aporta una <strong data-start="407" data-end="421">luz cálida</strong> y un aire acogedor cuando está encendida. Al no llevar pantalla, el diseño se centra en la bombilla y los acabados metálicos.</p>
<p data-start="549" data-end="721" data-is-last-node="" data-is-only-node="">Es ideal para <strong data-start="563" data-end="629">barras, mesas de comedor, cocinas, pasillos o locales modernos</strong>, funcionando muy bien sola o en <strong data-start="662" data-end="696">composición de varias unidades</strong> a distintas alturas.</p>

<!-- This site is optimized with the Yoast SEO plugin v27.2 - https://yoast.com/product/yoast-seo-wordpress/ -->
<title>lampara 112 -</title>
<meta name="robots" content="index, follow, max-snippet:-1, max-image-preview:large, max-video-preview:-1" />
<link rel="canonical" href="https://marcialiluminacion.es/index.php/producto/lampara-112/" />
<meta property="og:locale" content="es_ES" />
<meta property="og:type" content="article" />
<meta property="og:title" content="lampara 112 -" />
<meta property="og:description" content="Es una lámpara colgante de estilo moderno e industrial ligero, muy sencilla y decorativa.  Tiene un florón circular metálico en acabado latón satinado, del que baja un cable fino en tono gris verdoso. En el extremo inferior incorpora un portalámparas cilíndrico metálico a juego con el florón.  La bombilla es esférica, visible y de cristal ámbar, tipo decorativa, lo que aporta una luz cálida y un aire acogedor cuando está encendida. Al no llevar pantalla, el diseño se centra en la bombilla y los acabados metálicos.  Es ideal para barras, mesas de comedor, cocinas, pasillos o locales modernos, funcionando muy bien sola o en composición de varias unidades a distintas alturas." />
<meta property="og:url" content="https://marcialiluminacion.es/index.php/producto/lampara-112/" />
<meta property="article:modified_time" content="2026-02-21T10:31:34+00:00" />
<meta name="twitter:card" content="summary_large_image" />
<script type="application/ld+json" class="yoast-schema-graph">{"@context":"https://schema.org","@graph":[{"@type":"WebPage","@id":"https://marcialiluminacion.es/index.php/producto/lampara-112/","url":"https://marcialiluminacion.es/index.php/producto/lampara-112/","name":"lampara 112 -","isPartOf":{"@id":"https://marcialiluminacion.es/#website"},"primaryImageOfPage":{"@id":"https://marcialiluminacion.es/index.php/producto/lampara-112/#primaryimage"},"image":{"@id":"https://marcialiluminacion.es/index.php/producto/lampara-112/#primaryimage"},"thumbnailUrl":"https://marcialiluminacion.es/wp-content/uploads/2026/01/20-31.jpg","datePublished":"2026-02-17T19:44:49+00:00","dateModified":"2026-02-21T10:31:34+00:00","breadcrumb":{"@id":"https://marcialiluminacion.es/index.php/producto/lampara-112/#breadcrumb"},"inLanguage":"es","potentialAction":[{"@type":"ReadAction","target":["https://marcialiluminacion.es/index.php/producto/lampara-112/"]}]},{"@type":"ImageObject","inLanguage":"es","@id":"https://marcialiluminacion.es/index.php/producto/lampara-112/#primaryimage","url":"https://marcialiluminacion.es/wp-content/uploads/2026/01/20-31.jpg","contentUrl":"https://marcialiluminacion.es/wp-content/uploads/2026/01/20-31.jpg","width":750,"height":1000},{"@type":"BreadcrumbList","@id":"https://marcialiluminacion.es/index.php/producto/lampara-112/#breadcrumb","itemListElement":[{"@type":"ListItem","position":1,"name":"Portada","item":"https://marcialiluminacion.es/"},{"@type":"ListItem","position":2,"name":"Tienda","item":"https://marcialiluminacion.es/index.php/tienda/"},{"@type":"ListItem","position":3,"name":"lampara 112"}]},{"@type":"WebSite","@id":"https://marcialiluminacion.es/#website","url":"https://marcialiluminacion.es/","name":"","description":"","potentialAction":[{"@type":"SearchAction","target":{"@type":"EntryPoint","urlTemplate":"https://marcialiluminacion.es/?s={search_term_string}"},"query-input":{"@type":"PropertyValueSpecification","valueRequired":true,"valueName":"search_term_string"}}],"inLanguage":"es"}]}</script>
<!-- / Yoast SEO plugin. -->

Es una lámpara colgante de estilo moderno e industrial ligero, muy sencilla y decorativa.  Tiene un florón circular metálico en acabado latón satinado, del que baja un cable fino en tono gris verdoso. En el extremo inferior incorpora un portalámparas cilíndrico metálico a juego con el florón.  La bombilla es esférica, visible y de cristal ámbar, tipo decorativa, lo que aporta una luz cálida y un aire acogedor cuando está encendida. Al no llevar pantalla, el diseño se centra en la bombilla y los acabados metálicos.  Es ideal para barras, mesas de comedor, cocinas, pasillos o locales modernos, funcionando muy bien sola o en composición de varias unidades a distintas alturas.
