{"id":689,"date":"2026-02-17T19:44:49","date_gmt":"2026-02-17T19:44:49","guid":{"rendered":"https:\/\/marcialiluminacion.es\/?post_type=product&#038;p=689"},"modified":"2026-02-21T10:31:34","modified_gmt":"2026-02-21T10:31:34","slug":"lampara-111","status":"publish","type":"product","link":"https:\/\/marcialiluminacion.es\/index.php\/producto\/lampara-111\/","title":{"rendered":"lampara 111"},"content":{"rendered":"","protected":false},"excerpt":{"rendered":"<p data-start=\"0\" data-end=\"81\">Es una <strong data-start=\"7\" data-end=\"57\">l\u00e1mpara colgante de estilo n\u00f3rdico\u2013minimalista<\/strong>, muy limpia y elegante.<\/p>\n<p data-start=\"83\" data-end=\"356\">Presenta un <strong data-start=\"95\" data-end=\"121\">flor\u00f3n circular blanco<\/strong> del que desciende un <strong data-start=\"143\" data-end=\"164\">cable fino blanco<\/strong>. En el extremo inferior cuelga una <strong data-start=\"200\" data-end=\"232\">pantalla cil\u00edndrica alargada<\/strong>, tambi\u00e9n en <strong data-start=\"245\" data-end=\"266\">color blanco mate<\/strong>, con un <strong data-start=\"275\" data-end=\"313\">detalle inferior en madera natural<\/strong>, que aporta calidez y contraste al dise\u00f1o.<\/p>\n<p data-start=\"358\" data-end=\"559\">Su forma estilizada la hace perfecta para ofrecer <strong data-start=\"408\" data-end=\"454\">iluminaci\u00f3n puntual y dirigida hacia abajo<\/strong>, creando un ambiente acogedor sin deslumbrar. El conjunto transmite sencillez, equilibrio y naturalidad.<\/p>\n<p data-start=\"561\" data-end=\"729\" data-is-last-node=\"\" data-is-only-node=\"\">Es ideal para <strong data-start=\"575\" data-end=\"668\">comedores, barras, mesillas, pasillos o espacios de estilo escandinavo, moderno o minimal<\/strong>, especialmente colocada en serie o a distintas alturas.<\/p>\n","protected":false},"featured_media":189,"comment_status":"open","ping_status":"closed","template":"","meta":[],"product_brand":[],"product_cat":[15],"product_tag":[],"class_list":["post-689","product","type-product","status-publish","has-post-thumbnail","product_cat-sin-categorizar","first","instock","sale","shipping-taxable","purchasable","product-type-simple"],"yoast_head":"<!-- This site is optimized with the Yoast SEO plugin v27.2 - https:\/\/yoast.com\/product\/yoast-seo-wordpress\/ -->\n<title>lampara 111 -<\/title>\n<meta name=\"robots\" content=\"index, follow, max-snippet:-1, max-image-preview:large, max-video-preview:-1\" \/>\n<link rel=\"canonical\" href=\"https:\/\/marcialiluminacion.es\/index.php\/producto\/lampara-111\/\" \/>\n<meta property=\"og:locale\" content=\"es_ES\" \/>\n<meta property=\"og:type\" content=\"article\" \/>\n<meta property=\"og:title\" content=\"lampara 111 -\" \/>\n<meta property=\"og:description\" content=\"Es una l\u00e1mpara colgante de estilo n\u00f3rdico\u2013minimalista, muy limpia y elegante.  Presenta un flor\u00f3n circular blanco del que desciende un cable fino blanco. En el extremo inferior cuelga una pantalla cil\u00edndrica alargada, tambi\u00e9n en color blanco mate, con un detalle inferior en madera natural, que aporta calidez y contraste al dise\u00f1o.  Su forma estilizada la hace perfecta para ofrecer iluminaci\u00f3n puntual y dirigida hacia abajo, creando un ambiente acogedor sin deslumbrar. El conjunto transmite sencillez, equilibrio y naturalidad.  Es ideal para comedores, barras, mesillas, pasillos o espacios de estilo escandinavo, moderno o minimal, especialmente colocada en serie o a distintas alturas.\" \/>\n<meta property=\"og:url\" content=\"https:\/\/marcialiluminacion.es\/index.php\/producto\/lampara-111\/\" \/>\n<meta property=\"article:modified_time\" content=\"2026-02-21T10:31:34+00:00\" \/>\n<meta name=\"twitter:card\" content=\"summary_large_image\" \/>\n<script type=\"application\/ld+json\" class=\"yoast-schema-graph\">{\"@context\":\"https:\/\/schema.org\",\"@graph\":[{\"@type\":\"WebPage\",\"@id\":\"https:\/\/marcialiluminacion.es\/index.php\/producto\/lampara-111\/\",\"url\":\"https:\/\/marcialiluminacion.es\/index.php\/producto\/lampara-111\/\",\"name\":\"lampara 111 -\",\"isPartOf\":{\"@id\":\"https:\/\/marcialiluminacion.es\/#website\"},\"primaryImageOfPage\":{\"@id\":\"https:\/\/marcialiluminacion.es\/index.php\/producto\/lampara-111\/#primaryimage\"},\"image\":{\"@id\":\"https:\/\/marcialiluminacion.es\/index.php\/producto\/lampara-111\/#primaryimage\"},\"thumbnailUrl\":\"https:\/\/marcialiluminacion.es\/wp-content\/uploads\/2026\/01\/20-30.jpg\",\"datePublished\":\"2026-02-17T19:44:49+00:00\",\"dateModified\":\"2026-02-21T10:31:34+00:00\",\"breadcrumb\":{\"@id\":\"https:\/\/marcialiluminacion.es\/index.php\/producto\/lampara-111\/#breadcrumb\"},\"inLanguage\":\"es\",\"potentialAction\":[{\"@type\":\"ReadAction\",\"target\":[\"https:\/\/marcialiluminacion.es\/index.php\/producto\/lampara-111\/\"]}]},{\"@type\":\"ImageObject\",\"inLanguage\":\"es\",\"@id\":\"https:\/\/marcialiluminacion.es\/index.php\/producto\/lampara-111\/#primaryimage\",\"url\":\"https:\/\/marcialiluminacion.es\/wp-content\/uploads\/2026\/01\/20-30.jpg\",\"contentUrl\":\"https:\/\/marcialiluminacion.es\/wp-content\/uploads\/2026\/01\/20-30.jpg\",\"width\":719,\"height\":1000},{\"@type\":\"BreadcrumbList\",\"@id\":\"https:\/\/marcialiluminacion.es\/index.php\/producto\/lampara-111\/#breadcrumb\",\"itemListElement\":[{\"@type\":\"ListItem\",\"position\":1,\"name\":\"Portada\",\"item\":\"https:\/\/marcialiluminacion.es\/\"},{\"@type\":\"ListItem\",\"position\":2,\"name\":\"Tienda\",\"item\":\"https:\/\/marcialiluminacion.es\/index.php\/tienda\/\"},{\"@type\":\"ListItem\",\"position\":3,\"name\":\"lampara 111\"}]},{\"@type\":\"WebSite\",\"@id\":\"https:\/\/marcialiluminacion.es\/#website\",\"url\":\"https:\/\/marcialiluminacion.es\/\",\"name\":\"\",\"description\":\"\",\"potentialAction\":[{\"@type\":\"SearchAction\",\"target\":{\"@type\":\"EntryPoint\",\"urlTemplate\":\"https:\/\/marcialiluminacion.es\/?s={search_term_string}\"},\"query-input\":{\"@type\":\"PropertyValueSpecification\",\"valueRequired\":true,\"valueName\":\"search_term_string\"}}],\"inLanguage\":\"es\"}]}<\/script>\n<!-- \/ Yoast SEO plugin. -->","yoast_head_json":{"title":"lampara 111 -","robots":{"index":"index","follow":"follow","max-snippet":"max-snippet:-1","max-image-preview":"max-image-preview:large","max-video-preview":"max-video-preview:-1"},"canonical":"https:\/\/marcialiluminacion.es\/index.php\/producto\/lampara-111\/","og_locale":"es_ES","og_type":"article","og_title":"lampara 111 -","og_description":"Es una l\u00e1mpara colgante de estilo n\u00f3rdico\u2013minimalista, muy limpia y elegante.  Presenta un flor\u00f3n circular blanco del que desciende un cable fino blanco. En el extremo inferior cuelga una pantalla cil\u00edndrica alargada, tambi\u00e9n en color blanco mate, con un detalle inferior en madera natural, que aporta calidez y contraste al dise\u00f1o.  Su forma estilizada la hace perfecta para ofrecer iluminaci\u00f3n puntual y dirigida hacia abajo, creando un ambiente acogedor sin deslumbrar. El conjunto transmite sencillez, equilibrio y naturalidad.  Es ideal para comedores, barras, mesillas, pasillos o espacios de estilo escandinavo, moderno o minimal, especialmente colocada en serie o a distintas alturas.","og_url":"https:\/\/marcialiluminacion.es\/index.php\/producto\/lampara-111\/","article_modified_time":"2026-02-21T10:31:34+00:00","twitter_card":"summary_large_image","schema":{"@context":"https:\/\/schema.org","@graph":[{"@type":"WebPage","@id":"https:\/\/marcialiluminacion.es\/index.php\/producto\/lampara-111\/","url":"https:\/\/marcialiluminacion.es\/index.php\/producto\/lampara-111\/","name":"lampara 111 -","isPartOf":{"@id":"https:\/\/marcialiluminacion.es\/#website"},"primaryImageOfPage":{"@id":"https:\/\/marcialiluminacion.es\/index.php\/producto\/lampara-111\/#primaryimage"},"image":{"@id":"https:\/\/marcialiluminacion.es\/index.php\/producto\/lampara-111\/#primaryimage"},"thumbnailUrl":"https:\/\/marcialiluminacion.es\/wp-content\/uploads\/2026\/01\/20-30.jpg","datePublished":"2026-02-17T19:44:49+00:00","dateModified":"2026-02-21T10:31:34+00:00","breadcrumb":{"@id":"https:\/\/marcialiluminacion.es\/index.php\/producto\/lampara-111\/#breadcrumb"},"inLanguage":"es","potentialAction":[{"@type":"ReadAction","target":["https:\/\/marcialiluminacion.es\/index.php\/producto\/lampara-111\/"]}]},{"@type":"ImageObject","inLanguage":"es","@id":"https:\/\/marcialiluminacion.es\/index.php\/producto\/lampara-111\/#primaryimage","url":"https:\/\/marcialiluminacion.es\/wp-content\/uploads\/2026\/01\/20-30.jpg","contentUrl":"https:\/\/marcialiluminacion.es\/wp-content\/uploads\/2026\/01\/20-30.jpg","width":719,"height":1000},{"@type":"BreadcrumbList","@id":"https:\/\/marcialiluminacion.es\/index.php\/producto\/lampara-111\/#breadcrumb","itemListElement":[{"@type":"ListItem","position":1,"name":"Portada","item":"https:\/\/marcialiluminacion.es\/"},{"@type":"ListItem","position":2,"name":"Tienda","item":"https:\/\/marcialiluminacion.es\/index.php\/tienda\/"},{"@type":"ListItem","position":3,"name":"lampara 111"}]},{"@type":"WebSite","@id":"https:\/\/marcialiluminacion.es\/#website","url":"https:\/\/marcialiluminacion.es\/","name":"","description":"","potentialAction":[{"@type":"SearchAction","target":{"@type":"EntryPoint","urlTemplate":"https:\/\/marcialiluminacion.es\/?s={search_term_string}"},"query-input":{"@type":"PropertyValueSpecification","valueRequired":true,"valueName":"search_term_string"}}],"inLanguage":"es"}]}},"_links":{"self":[{"href":"https:\/\/marcialiluminacion.es\/index.php\/wp-json\/wp\/v2\/product\/689","targetHints":{"allow":["GET"]}}],"collection":[{"href":"https:\/\/marcialiluminacion.es\/index.php\/wp-json\/wp\/v2\/product"}],"about":[{"href":"https:\/\/marcialiluminacion.es\/index.php\/wp-json\/wp\/v2\/types\/product"}],"replies":[{"embeddable":true,"href":"https:\/\/marcialiluminacion.es\/index.php\/wp-json\/wp\/v2\/comments?post=689"}],"wp:featuredmedia":[{"embeddable":true,"href":"https:\/\/marcialiluminacion.es\/index.php\/wp-json\/wp\/v2\/media\/189"}],"wp:attachment":[{"href":"https:\/\/marcialiluminacion.es\/index.php\/wp-json\/wp\/v2\/media?parent=689"}],"wp:term":[{"taxonomy":"product_brand","embeddable":true,"href":"https:\/\/marcialiluminacion.es\/index.php\/wp-json\/wp\/v2\/product_brand?post=689"},{"taxonomy":"product_cat","embeddable":true,"href":"https:\/\/marcialiluminacion.es\/index.php\/wp-json\/wp\/v2\/product_cat?post=689"},{"taxonomy":"product_tag","embeddable":true,"href":"https:\/\/marcialiluminacion.es\/index.php\/wp-json\/wp\/v2\/product_tag?post=689"}],"curies":[{"name":"wp","href":"https:\/\/api.w.org\/{rel}","templated":true}]}}

<p data-start="0" data-end="81">Es una <strong data-start="7" data-end="57">lámpara colgante de estilo nórdico–minimalista</strong>, muy limpia y elegante.</p>
<p data-start="83" data-end="356">Presenta un <strong data-start="95" data-end="121">florón circular blanco</strong> del que desciende un <strong data-start="143" data-end="164">cable fino blanco</strong>. En el extremo inferior cuelga una <strong data-start="200" data-end="232">pantalla cilíndrica alargada</strong>, también en <strong data-start="245" data-end="266">color blanco mate</strong>, con un <strong data-start="275" data-end="313">detalle inferior en madera natural</strong>, que aporta calidez y contraste al diseño.</p>
<p data-start="358" data-end="559">Su forma estilizada la hace perfecta para ofrecer <strong data-start="408" data-end="454">iluminación puntual y dirigida hacia abajo</strong>, creando un ambiente acogedor sin deslumbrar. El conjunto transmite sencillez, equilibrio y naturalidad.</p>
<p data-start="561" data-end="729" data-is-last-node="" data-is-only-node="">Es ideal para <strong data-start="575" data-end="668">comedores, barras, mesillas, pasillos o espacios de estilo escandinavo, moderno o minimal</strong>, especialmente colocada en serie o a distintas alturas.</p>

<!-- This site is optimized with the Yoast SEO plugin v27.2 - https://yoast.com/product/yoast-seo-wordpress/ -->
<title>lampara 111 -</title>
<meta name="robots" content="index, follow, max-snippet:-1, max-image-preview:large, max-video-preview:-1" />
<link rel="canonical" href="https://marcialiluminacion.es/index.php/producto/lampara-111/" />
<meta property="og:locale" content="es_ES" />
<meta property="og:type" content="article" />
<meta property="og:title" content="lampara 111 -" />
<meta property="og:description" content="Es una lámpara colgante de estilo nórdico–minimalista, muy limpia y elegante.  Presenta un florón circular blanco del que desciende un cable fino blanco. En el extremo inferior cuelga una pantalla cilíndrica alargada, también en color blanco mate, con un detalle inferior en madera natural, que aporta calidez y contraste al diseño.  Su forma estilizada la hace perfecta para ofrecer iluminación puntual y dirigida hacia abajo, creando un ambiente acogedor sin deslumbrar. El conjunto transmite sencillez, equilibrio y naturalidad.  Es ideal para comedores, barras, mesillas, pasillos o espacios de estilo escandinavo, moderno o minimal, especialmente colocada en serie o a distintas alturas." />
<meta property="og:url" content="https://marcialiluminacion.es/index.php/producto/lampara-111/" />
<meta property="article:modified_time" content="2026-02-21T10:31:34+00:00" />
<meta name="twitter:card" content="summary_large_image" />
<script type="application/ld+json" class="yoast-schema-graph">{"@context":"https://schema.org","@graph":[{"@type":"WebPage","@id":"https://marcialiluminacion.es/index.php/producto/lampara-111/","url":"https://marcialiluminacion.es/index.php/producto/lampara-111/","name":"lampara 111 -","isPartOf":{"@id":"https://marcialiluminacion.es/#website"},"primaryImageOfPage":{"@id":"https://marcialiluminacion.es/index.php/producto/lampara-111/#primaryimage"},"image":{"@id":"https://marcialiluminacion.es/index.php/producto/lampara-111/#primaryimage"},"thumbnailUrl":"https://marcialiluminacion.es/wp-content/uploads/2026/01/20-30.jpg","datePublished":"2026-02-17T19:44:49+00:00","dateModified":"2026-02-21T10:31:34+00:00","breadcrumb":{"@id":"https://marcialiluminacion.es/index.php/producto/lampara-111/#breadcrumb"},"inLanguage":"es","potentialAction":[{"@type":"ReadAction","target":["https://marcialiluminacion.es/index.php/producto/lampara-111/"]}]},{"@type":"ImageObject","inLanguage":"es","@id":"https://marcialiluminacion.es/index.php/producto/lampara-111/#primaryimage","url":"https://marcialiluminacion.es/wp-content/uploads/2026/01/20-30.jpg","contentUrl":"https://marcialiluminacion.es/wp-content/uploads/2026/01/20-30.jpg","width":719,"height":1000},{"@type":"BreadcrumbList","@id":"https://marcialiluminacion.es/index.php/producto/lampara-111/#breadcrumb","itemListElement":[{"@type":"ListItem","position":1,"name":"Portada","item":"https://marcialiluminacion.es/"},{"@type":"ListItem","position":2,"name":"Tienda","item":"https://marcialiluminacion.es/index.php/tienda/"},{"@type":"ListItem","position":3,"name":"lampara 111"}]},{"@type":"WebSite","@id":"https://marcialiluminacion.es/#website","url":"https://marcialiluminacion.es/","name":"","description":"","potentialAction":[{"@type":"SearchAction","target":{"@type":"EntryPoint","urlTemplate":"https://marcialiluminacion.es/?s={search_term_string}"},"query-input":{"@type":"PropertyValueSpecification","valueRequired":true,"valueName":"search_term_string"}}],"inLanguage":"es"}]}</script>
<!-- / Yoast SEO plugin. -->

Es una lámpara colgante de estilo nórdico–minimalista, muy limpia y elegante.  Presenta un florón circular blanco del que desciende un cable fino blanco. En el extremo inferior cuelga una pantalla cilíndrica alargada, también en color blanco mate, con un detalle inferior en madera natural, que aporta calidez y contraste al diseño.  Su forma estilizada la hace perfecta para ofrecer iluminación puntual y dirigida hacia abajo, creando un ambiente acogedor sin deslumbrar. El conjunto transmite sencillez, equilibrio y naturalidad.  Es ideal para comedores, barras, mesillas, pasillos o espacios de estilo escandinavo, moderno o minimal, especialmente colocada en serie o a distintas alturas.
