{"id":688,"date":"2026-02-17T19:44:49","date_gmt":"2026-02-17T19:44:49","guid":{"rendered":"https:\/\/marcialiluminacion.es\/?post_type=product&#038;p=688"},"modified":"2026-02-21T10:31:34","modified_gmt":"2026-02-21T10:31:34","slug":"lampara-110","status":"publish","type":"product","link":"https:\/\/marcialiluminacion.es\/index.php\/producto\/lampara-110\/","title":{"rendered":"lampara 110"},"content":{"rendered":"","protected":false},"excerpt":{"rendered":"<p data-start=\"0\" data-end=\"96\">Es una <strong data-start=\"7\" data-end=\"59\">l\u00e1mpara colgante de estilo moderno y minimalista<\/strong>, con una est\u00e9tica sobria y elegante.<\/p>\n<p data-start=\"98\" data-end=\"396\">Cuenta con un <strong data-start=\"112\" data-end=\"140\">flor\u00f3n circular met\u00e1lico<\/strong> en acabado <strong data-start=\"152\" data-end=\"170\">cromo satinado<\/strong>, del que desciende un <strong data-start=\"193\" data-end=\"216\">cable fino met\u00e1lico<\/strong>. En la parte inferior incorpora una <strong data-start=\"253\" data-end=\"276\">pantalla cil\u00edndrica<\/strong> de material <strong data-start=\"289\" data-end=\"323\">transl\u00facido con textura rugosa<\/strong>, en tonos <strong data-start=\"334\" data-end=\"348\">gris claro<\/strong>, que difumina la luz de forma suave y uniforme.<\/p>\n<p data-start=\"398\" data-end=\"590\">El dise\u00f1o es <strong data-start=\"411\" data-end=\"435\">simple y equilibrado<\/strong>, pensado para aportar <strong data-start=\"458\" data-end=\"483\">iluminaci\u00f3n ambiental<\/strong> sin recargar el espacio. Su acabado neutro permite integrarla f\u00e1cilmente en distintos estilos decorativos.<\/p>\n<p data-start=\"592\" data-end=\"790\" data-is-last-node=\"\" data-is-only-node=\"\">Es ideal para <strong data-start=\"606\" data-end=\"652\">salones, comedores, dormitorios o pasillos<\/strong>, y funciona especialmente bien colocada sola o en <strong data-start=\"703\" data-end=\"737\">composici\u00f3n de varias unidades<\/strong> a diferentes alturas en ambientes contempor\u00e1neos.<\/p>\n","protected":false},"featured_media":187,"comment_status":"open","ping_status":"closed","template":"","meta":[],"product_brand":[],"product_cat":[15],"product_tag":[],"class_list":["post-688","product","type-product","status-publish","has-post-thumbnail","product_cat-sin-categorizar","first","instock","sale","shipping-taxable","purchasable","product-type-simple"],"yoast_head":"<!-- This site is optimized with the Yoast SEO plugin v27.2 - https:\/\/yoast.com\/product\/yoast-seo-wordpress\/ -->\n<title>lampara 110 -<\/title>\n<meta name=\"robots\" content=\"index, follow, max-snippet:-1, max-image-preview:large, max-video-preview:-1\" \/>\n<link rel=\"canonical\" href=\"https:\/\/marcialiluminacion.es\/index.php\/producto\/lampara-110\/\" \/>\n<meta property=\"og:locale\" content=\"es_ES\" \/>\n<meta property=\"og:type\" content=\"article\" \/>\n<meta property=\"og:title\" content=\"lampara 110 -\" \/>\n<meta property=\"og:description\" content=\"Es una l\u00e1mpara colgante de estilo moderno y minimalista, con una est\u00e9tica sobria y elegante.  Cuenta con un flor\u00f3n circular met\u00e1lico en acabado cromo satinado, del que desciende un cable fino met\u00e1lico. En la parte inferior incorpora una pantalla cil\u00edndrica de material transl\u00facido con textura rugosa, en tonos gris claro, que difumina la luz de forma suave y uniforme.  El dise\u00f1o es simple y equilibrado, pensado para aportar iluminaci\u00f3n ambiental sin recargar el espacio. Su acabado neutro permite integrarla f\u00e1cilmente en distintos estilos decorativos.  Es ideal para salones, comedores, dormitorios o pasillos, y funciona especialmente bien colocada sola o en composici\u00f3n de varias unidades a diferentes alturas en ambientes contempor\u00e1neos.\" \/>\n<meta property=\"og:url\" content=\"https:\/\/marcialiluminacion.es\/index.php\/producto\/lampara-110\/\" \/>\n<meta property=\"article:modified_time\" content=\"2026-02-21T10:31:34+00:00\" \/>\n<meta name=\"twitter:card\" content=\"summary_large_image\" \/>\n<script type=\"application\/ld+json\" class=\"yoast-schema-graph\">{\"@context\":\"https:\/\/schema.org\",\"@graph\":[{\"@type\":\"WebPage\",\"@id\":\"https:\/\/marcialiluminacion.es\/index.php\/producto\/lampara-110\/\",\"url\":\"https:\/\/marcialiluminacion.es\/index.php\/producto\/lampara-110\/\",\"name\":\"lampara 110 -\",\"isPartOf\":{\"@id\":\"https:\/\/marcialiluminacion.es\/#website\"},\"primaryImageOfPage\":{\"@id\":\"https:\/\/marcialiluminacion.es\/index.php\/producto\/lampara-110\/#primaryimage\"},\"image\":{\"@id\":\"https:\/\/marcialiluminacion.es\/index.php\/producto\/lampara-110\/#primaryimage\"},\"thumbnailUrl\":\"https:\/\/marcialiluminacion.es\/wp-content\/uploads\/2026\/01\/20-18.jpg\",\"datePublished\":\"2026-02-17T19:44:49+00:00\",\"dateModified\":\"2026-02-21T10:31:34+00:00\",\"breadcrumb\":{\"@id\":\"https:\/\/marcialiluminacion.es\/index.php\/producto\/lampara-110\/#breadcrumb\"},\"inLanguage\":\"es\",\"potentialAction\":[{\"@type\":\"ReadAction\",\"target\":[\"https:\/\/marcialiluminacion.es\/index.php\/producto\/lampara-110\/\"]}]},{\"@type\":\"ImageObject\",\"inLanguage\":\"es\",\"@id\":\"https:\/\/marcialiluminacion.es\/index.php\/producto\/lampara-110\/#primaryimage\",\"url\":\"https:\/\/marcialiluminacion.es\/wp-content\/uploads\/2026\/01\/20-18.jpg\",\"contentUrl\":\"https:\/\/marcialiluminacion.es\/wp-content\/uploads\/2026\/01\/20-18.jpg\",\"width\":750,\"height\":1000},{\"@type\":\"BreadcrumbList\",\"@id\":\"https:\/\/marcialiluminacion.es\/index.php\/producto\/lampara-110\/#breadcrumb\",\"itemListElement\":[{\"@type\":\"ListItem\",\"position\":1,\"name\":\"Portada\",\"item\":\"https:\/\/marcialiluminacion.es\/\"},{\"@type\":\"ListItem\",\"position\":2,\"name\":\"Tienda\",\"item\":\"https:\/\/marcialiluminacion.es\/index.php\/tienda\/\"},{\"@type\":\"ListItem\",\"position\":3,\"name\":\"lampara 110\"}]},{\"@type\":\"WebSite\",\"@id\":\"https:\/\/marcialiluminacion.es\/#website\",\"url\":\"https:\/\/marcialiluminacion.es\/\",\"name\":\"\",\"description\":\"\",\"potentialAction\":[{\"@type\":\"SearchAction\",\"target\":{\"@type\":\"EntryPoint\",\"urlTemplate\":\"https:\/\/marcialiluminacion.es\/?s={search_term_string}\"},\"query-input\":{\"@type\":\"PropertyValueSpecification\",\"valueRequired\":true,\"valueName\":\"search_term_string\"}}],\"inLanguage\":\"es\"}]}<\/script>\n<!-- \/ Yoast SEO plugin. -->","yoast_head_json":{"title":"lampara 110 -","robots":{"index":"index","follow":"follow","max-snippet":"max-snippet:-1","max-image-preview":"max-image-preview:large","max-video-preview":"max-video-preview:-1"},"canonical":"https:\/\/marcialiluminacion.es\/index.php\/producto\/lampara-110\/","og_locale":"es_ES","og_type":"article","og_title":"lampara 110 -","og_description":"Es una l\u00e1mpara colgante de estilo moderno y minimalista, con una est\u00e9tica sobria y elegante.  Cuenta con un flor\u00f3n circular met\u00e1lico en acabado cromo satinado, del que desciende un cable fino met\u00e1lico. En la parte inferior incorpora una pantalla cil\u00edndrica de material transl\u00facido con textura rugosa, en tonos gris claro, que difumina la luz de forma suave y uniforme.  El dise\u00f1o es simple y equilibrado, pensado para aportar iluminaci\u00f3n ambiental sin recargar el espacio. Su acabado neutro permite integrarla f\u00e1cilmente en distintos estilos decorativos.  Es ideal para salones, comedores, dormitorios o pasillos, y funciona especialmente bien colocada sola o en composici\u00f3n de varias unidades a diferentes alturas en ambientes contempor\u00e1neos.","og_url":"https:\/\/marcialiluminacion.es\/index.php\/producto\/lampara-110\/","article_modified_time":"2026-02-21T10:31:34+00:00","twitter_card":"summary_large_image","schema":{"@context":"https:\/\/schema.org","@graph":[{"@type":"WebPage","@id":"https:\/\/marcialiluminacion.es\/index.php\/producto\/lampara-110\/","url":"https:\/\/marcialiluminacion.es\/index.php\/producto\/lampara-110\/","name":"lampara 110 -","isPartOf":{"@id":"https:\/\/marcialiluminacion.es\/#website"},"primaryImageOfPage":{"@id":"https:\/\/marcialiluminacion.es\/index.php\/producto\/lampara-110\/#primaryimage"},"image":{"@id":"https:\/\/marcialiluminacion.es\/index.php\/producto\/lampara-110\/#primaryimage"},"thumbnailUrl":"https:\/\/marcialiluminacion.es\/wp-content\/uploads\/2026\/01\/20-18.jpg","datePublished":"2026-02-17T19:44:49+00:00","dateModified":"2026-02-21T10:31:34+00:00","breadcrumb":{"@id":"https:\/\/marcialiluminacion.es\/index.php\/producto\/lampara-110\/#breadcrumb"},"inLanguage":"es","potentialAction":[{"@type":"ReadAction","target":["https:\/\/marcialiluminacion.es\/index.php\/producto\/lampara-110\/"]}]},{"@type":"ImageObject","inLanguage":"es","@id":"https:\/\/marcialiluminacion.es\/index.php\/producto\/lampara-110\/#primaryimage","url":"https:\/\/marcialiluminacion.es\/wp-content\/uploads\/2026\/01\/20-18.jpg","contentUrl":"https:\/\/marcialiluminacion.es\/wp-content\/uploads\/2026\/01\/20-18.jpg","width":750,"height":1000},{"@type":"BreadcrumbList","@id":"https:\/\/marcialiluminacion.es\/index.php\/producto\/lampara-110\/#breadcrumb","itemListElement":[{"@type":"ListItem","position":1,"name":"Portada","item":"https:\/\/marcialiluminacion.es\/"},{"@type":"ListItem","position":2,"name":"Tienda","item":"https:\/\/marcialiluminacion.es\/index.php\/tienda\/"},{"@type":"ListItem","position":3,"name":"lampara 110"}]},{"@type":"WebSite","@id":"https:\/\/marcialiluminacion.es\/#website","url":"https:\/\/marcialiluminacion.es\/","name":"","description":"","potentialAction":[{"@type":"SearchAction","target":{"@type":"EntryPoint","urlTemplate":"https:\/\/marcialiluminacion.es\/?s={search_term_string}"},"query-input":{"@type":"PropertyValueSpecification","valueRequired":true,"valueName":"search_term_string"}}],"inLanguage":"es"}]}},"_links":{"self":[{"href":"https:\/\/marcialiluminacion.es\/index.php\/wp-json\/wp\/v2\/product\/688","targetHints":{"allow":["GET"]}}],"collection":[{"href":"https:\/\/marcialiluminacion.es\/index.php\/wp-json\/wp\/v2\/product"}],"about":[{"href":"https:\/\/marcialiluminacion.es\/index.php\/wp-json\/wp\/v2\/types\/product"}],"replies":[{"embeddable":true,"href":"https:\/\/marcialiluminacion.es\/index.php\/wp-json\/wp\/v2\/comments?post=688"}],"wp:featuredmedia":[{"embeddable":true,"href":"https:\/\/marcialiluminacion.es\/index.php\/wp-json\/wp\/v2\/media\/187"}],"wp:attachment":[{"href":"https:\/\/marcialiluminacion.es\/index.php\/wp-json\/wp\/v2\/media?parent=688"}],"wp:term":[{"taxonomy":"product_brand","embeddable":true,"href":"https:\/\/marcialiluminacion.es\/index.php\/wp-json\/wp\/v2\/product_brand?post=688"},{"taxonomy":"product_cat","embeddable":true,"href":"https:\/\/marcialiluminacion.es\/index.php\/wp-json\/wp\/v2\/product_cat?post=688"},{"taxonomy":"product_tag","embeddable":true,"href":"https:\/\/marcialiluminacion.es\/index.php\/wp-json\/wp\/v2\/product_tag?post=688"}],"curies":[{"name":"wp","href":"https:\/\/api.w.org\/{rel}","templated":true}]}}

<p data-start="0" data-end="96">Es una <strong data-start="7" data-end="59">lámpara colgante de estilo moderno y minimalista</strong>, con una estética sobria y elegante.</p>
<p data-start="98" data-end="396">Cuenta con un <strong data-start="112" data-end="140">florón circular metálico</strong> en acabado <strong data-start="152" data-end="170">cromo satinado</strong>, del que desciende un <strong data-start="193" data-end="216">cable fino metálico</strong>. En la parte inferior incorpora una <strong data-start="253" data-end="276">pantalla cilíndrica</strong> de material <strong data-start="289" data-end="323">translúcido con textura rugosa</strong>, en tonos <strong data-start="334" data-end="348">gris claro</strong>, que difumina la luz de forma suave y uniforme.</p>
<p data-start="398" data-end="590">El diseño es <strong data-start="411" data-end="435">simple y equilibrado</strong>, pensado para aportar <strong data-start="458" data-end="483">iluminación ambiental</strong> sin recargar el espacio. Su acabado neutro permite integrarla fácilmente en distintos estilos decorativos.</p>
<p data-start="592" data-end="790" data-is-last-node="" data-is-only-node="">Es ideal para <strong data-start="606" data-end="652">salones, comedores, dormitorios o pasillos</strong>, y funciona especialmente bien colocada sola o en <strong data-start="703" data-end="737">composición de varias unidades</strong> a diferentes alturas en ambientes contemporáneos.</p>

<!-- This site is optimized with the Yoast SEO plugin v27.2 - https://yoast.com/product/yoast-seo-wordpress/ -->
<title>lampara 110 -</title>
<meta name="robots" content="index, follow, max-snippet:-1, max-image-preview:large, max-video-preview:-1" />
<link rel="canonical" href="https://marcialiluminacion.es/index.php/producto/lampara-110/" />
<meta property="og:locale" content="es_ES" />
<meta property="og:type" content="article" />
<meta property="og:title" content="lampara 110 -" />
<meta property="og:description" content="Es una lámpara colgante de estilo moderno y minimalista, con una estética sobria y elegante.  Cuenta con un florón circular metálico en acabado cromo satinado, del que desciende un cable fino metálico. En la parte inferior incorpora una pantalla cilíndrica de material translúcido con textura rugosa, en tonos gris claro, que difumina la luz de forma suave y uniforme.  El diseño es simple y equilibrado, pensado para aportar iluminación ambiental sin recargar el espacio. Su acabado neutro permite integrarla fácilmente en distintos estilos decorativos.  Es ideal para salones, comedores, dormitorios o pasillos, y funciona especialmente bien colocada sola o en composición de varias unidades a diferentes alturas en ambientes contemporáneos." />
<meta property="og:url" content="https://marcialiluminacion.es/index.php/producto/lampara-110/" />
<meta property="article:modified_time" content="2026-02-21T10:31:34+00:00" />
<meta name="twitter:card" content="summary_large_image" />
<script type="application/ld+json" class="yoast-schema-graph">{"@context":"https://schema.org","@graph":[{"@type":"WebPage","@id":"https://marcialiluminacion.es/index.php/producto/lampara-110/","url":"https://marcialiluminacion.es/index.php/producto/lampara-110/","name":"lampara 110 -","isPartOf":{"@id":"https://marcialiluminacion.es/#website"},"primaryImageOfPage":{"@id":"https://marcialiluminacion.es/index.php/producto/lampara-110/#primaryimage"},"image":{"@id":"https://marcialiluminacion.es/index.php/producto/lampara-110/#primaryimage"},"thumbnailUrl":"https://marcialiluminacion.es/wp-content/uploads/2026/01/20-18.jpg","datePublished":"2026-02-17T19:44:49+00:00","dateModified":"2026-02-21T10:31:34+00:00","breadcrumb":{"@id":"https://marcialiluminacion.es/index.php/producto/lampara-110/#breadcrumb"},"inLanguage":"es","potentialAction":[{"@type":"ReadAction","target":["https://marcialiluminacion.es/index.php/producto/lampara-110/"]}]},{"@type":"ImageObject","inLanguage":"es","@id":"https://marcialiluminacion.es/index.php/producto/lampara-110/#primaryimage","url":"https://marcialiluminacion.es/wp-content/uploads/2026/01/20-18.jpg","contentUrl":"https://marcialiluminacion.es/wp-content/uploads/2026/01/20-18.jpg","width":750,"height":1000},{"@type":"BreadcrumbList","@id":"https://marcialiluminacion.es/index.php/producto/lampara-110/#breadcrumb","itemListElement":[{"@type":"ListItem","position":1,"name":"Portada","item":"https://marcialiluminacion.es/"},{"@type":"ListItem","position":2,"name":"Tienda","item":"https://marcialiluminacion.es/index.php/tienda/"},{"@type":"ListItem","position":3,"name":"lampara 110"}]},{"@type":"WebSite","@id":"https://marcialiluminacion.es/#website","url":"https://marcialiluminacion.es/","name":"","description":"","potentialAction":[{"@type":"SearchAction","target":{"@type":"EntryPoint","urlTemplate":"https://marcialiluminacion.es/?s={search_term_string}"},"query-input":{"@type":"PropertyValueSpecification","valueRequired":true,"valueName":"search_term_string"}}],"inLanguage":"es"}]}</script>
<!-- / Yoast SEO plugin. -->

Es una lámpara colgante de estilo moderno y minimalista, con una estética sobria y elegante.  Cuenta con un florón circular metálico en acabado cromo satinado, del que desciende un cable fino metálico. En la parte inferior incorpora una pantalla cilíndrica de material translúcido con textura rugosa, en tonos gris claro, que difumina la luz de forma suave y uniforme.  El diseño es simple y equilibrado, pensado para aportar iluminación ambiental sin recargar el espacio. Su acabado neutro permite integrarla fácilmente en distintos estilos decorativos.  Es ideal para salones, comedores, dormitorios o pasillos, y funciona especialmente bien colocada sola o en composición de varias unidades a diferentes alturas en ambientes contemporáneos.
