{"id":685,"date":"2026-02-17T19:44:49","date_gmt":"2026-02-17T19:44:49","guid":{"rendered":"https:\/\/marcialiluminacion.es\/?post_type=product&#038;p=685"},"modified":"2026-02-21T10:31:33","modified_gmt":"2026-02-21T10:31:33","slug":"lampara-107","status":"publish","type":"product","link":"https:\/\/marcialiluminacion.es\/index.php\/producto\/lampara-107\/","title":{"rendered":"lampara 107"},"content":{"rendered":"","protected":false},"excerpt":{"rendered":"<p data-start=\"0\" data-end=\"95\">Es una <strong data-start=\"7\" data-end=\"60\">l\u00e1mpara colgante de estilo industrial\u2013minimalista<\/strong> con un dise\u00f1o muy limpio y actual.<\/p>\n<p data-start=\"97\" data-end=\"334\">Est\u00e1 formada por un <strong data-start=\"117\" data-end=\"143\">flor\u00f3n circular blanco<\/strong> del que desciende un <strong data-start=\"165\" data-end=\"179\">cable fino<\/strong> en tono claro. En el extremo inferior incorpora un <strong data-start=\"231\" data-end=\"255\">portal\u00e1mparas c\u00fabico<\/strong> de acabado <strong data-start=\"267\" data-end=\"288\">gris tipo cemento<\/strong>, que aporta un car\u00e1cter moderno e industrial.<\/p>\n<p data-start=\"336\" data-end=\"571\">La bombilla es <strong data-start=\"351\" data-end=\"391\">esf\u00e9rica, visible y de cristal \u00e1mbar<\/strong>, lo que refuerza la est\u00e9tica decorativa y genera una <strong data-start=\"445\" data-end=\"471\">luz c\u00e1lida y acogedora<\/strong> cuando est\u00e1 encendida. Al no llevar pantalla, la bombilla se convierte en el foco visual principal.<\/p>\n<p data-start=\"573\" data-end=\"786\" data-is-last-node=\"\" data-is-only-node=\"\">Es una l\u00e1mpara ideal para <strong data-start=\"599\" data-end=\"688\">ambientes modernos, lofts, cocinas, barras, comedores o espacios de estilo industrial<\/strong>, tanto instalada de forma individual como en conjunto con varias unidades a distintas alturas<\/p>\n","protected":false},"featured_media":176,"comment_status":"open","ping_status":"closed","template":"","meta":[],"product_brand":[],"product_cat":[15],"product_tag":[],"class_list":["post-685","product","type-product","status-publish","has-post-thumbnail","product_cat-sin-categorizar","first","instock","sale","shipping-taxable","purchasable","product-type-simple"],"yoast_head":"<!-- This site is optimized with the Yoast SEO plugin v27.2 - https:\/\/yoast.com\/product\/yoast-seo-wordpress\/ -->\n<title>lampara 107 -<\/title>\n<meta name=\"robots\" content=\"index, follow, max-snippet:-1, max-image-preview:large, max-video-preview:-1\" \/>\n<link rel=\"canonical\" href=\"https:\/\/marcialiluminacion.es\/index.php\/producto\/lampara-107\/\" \/>\n<meta property=\"og:locale\" content=\"es_ES\" \/>\n<meta property=\"og:type\" content=\"article\" \/>\n<meta property=\"og:title\" content=\"lampara 107 -\" \/>\n<meta property=\"og:description\" content=\"Es una l\u00e1mpara colgante de estilo industrial\u2013minimalista con un dise\u00f1o muy limpio y actual.  Est\u00e1 formada por un flor\u00f3n circular blanco del que desciende un cable fino en tono claro. En el extremo inferior incorpora un portal\u00e1mparas c\u00fabico de acabado gris tipo cemento, que aporta un car\u00e1cter moderno e industrial.  La bombilla es esf\u00e9rica, visible y de cristal \u00e1mbar, lo que refuerza la est\u00e9tica decorativa y genera una luz c\u00e1lida y acogedora cuando est\u00e1 encendida. Al no llevar pantalla, la bombilla se convierte en el foco visual principal.  Es una l\u00e1mpara ideal para ambientes modernos, lofts, cocinas, barras, comedores o espacios de estilo industrial, tanto instalada de forma individual como en conjunto con varias unidades a distintas alturas\" \/>\n<meta property=\"og:url\" content=\"https:\/\/marcialiluminacion.es\/index.php\/producto\/lampara-107\/\" \/>\n<meta property=\"article:modified_time\" content=\"2026-02-21T10:31:33+00:00\" \/>\n<meta name=\"twitter:card\" content=\"summary_large_image\" \/>\n<script type=\"application\/ld+json\" class=\"yoast-schema-graph\">{\"@context\":\"https:\/\/schema.org\",\"@graph\":[{\"@type\":\"WebPage\",\"@id\":\"https:\/\/marcialiluminacion.es\/index.php\/producto\/lampara-107\/\",\"url\":\"https:\/\/marcialiluminacion.es\/index.php\/producto\/lampara-107\/\",\"name\":\"lampara 107 -\",\"isPartOf\":{\"@id\":\"https:\/\/marcialiluminacion.es\/#website\"},\"primaryImageOfPage\":{\"@id\":\"https:\/\/marcialiluminacion.es\/index.php\/producto\/lampara-107\/#primaryimage\"},\"image\":{\"@id\":\"https:\/\/marcialiluminacion.es\/index.php\/producto\/lampara-107\/#primaryimage\"},\"thumbnailUrl\":\"https:\/\/marcialiluminacion.es\/wp-content\/uploads\/2026\/01\/15-3.jpg\",\"datePublished\":\"2026-02-17T19:44:49+00:00\",\"dateModified\":\"2026-02-21T10:31:33+00:00\",\"breadcrumb\":{\"@id\":\"https:\/\/marcialiluminacion.es\/index.php\/producto\/lampara-107\/#breadcrumb\"},\"inLanguage\":\"es\",\"potentialAction\":[{\"@type\":\"ReadAction\",\"target\":[\"https:\/\/marcialiluminacion.es\/index.php\/producto\/lampara-107\/\"]}]},{\"@type\":\"ImageObject\",\"inLanguage\":\"es\",\"@id\":\"https:\/\/marcialiluminacion.es\/index.php\/producto\/lampara-107\/#primaryimage\",\"url\":\"https:\/\/marcialiluminacion.es\/wp-content\/uploads\/2026\/01\/15-3.jpg\",\"contentUrl\":\"https:\/\/marcialiluminacion.es\/wp-content\/uploads\/2026\/01\/15-3.jpg\",\"width\":780,\"height\":1000},{\"@type\":\"BreadcrumbList\",\"@id\":\"https:\/\/marcialiluminacion.es\/index.php\/producto\/lampara-107\/#breadcrumb\",\"itemListElement\":[{\"@type\":\"ListItem\",\"position\":1,\"name\":\"Portada\",\"item\":\"https:\/\/marcialiluminacion.es\/\"},{\"@type\":\"ListItem\",\"position\":2,\"name\":\"Tienda\",\"item\":\"https:\/\/marcialiluminacion.es\/index.php\/tienda\/\"},{\"@type\":\"ListItem\",\"position\":3,\"name\":\"lampara 107\"}]},{\"@type\":\"WebSite\",\"@id\":\"https:\/\/marcialiluminacion.es\/#website\",\"url\":\"https:\/\/marcialiluminacion.es\/\",\"name\":\"\",\"description\":\"\",\"potentialAction\":[{\"@type\":\"SearchAction\",\"target\":{\"@type\":\"EntryPoint\",\"urlTemplate\":\"https:\/\/marcialiluminacion.es\/?s={search_term_string}\"},\"query-input\":{\"@type\":\"PropertyValueSpecification\",\"valueRequired\":true,\"valueName\":\"search_term_string\"}}],\"inLanguage\":\"es\"}]}<\/script>\n<!-- \/ Yoast SEO plugin. -->","yoast_head_json":{"title":"lampara 107 -","robots":{"index":"index","follow":"follow","max-snippet":"max-snippet:-1","max-image-preview":"max-image-preview:large","max-video-preview":"max-video-preview:-1"},"canonical":"https:\/\/marcialiluminacion.es\/index.php\/producto\/lampara-107\/","og_locale":"es_ES","og_type":"article","og_title":"lampara 107 -","og_description":"Es una l\u00e1mpara colgante de estilo industrial\u2013minimalista con un dise\u00f1o muy limpio y actual.  Est\u00e1 formada por un flor\u00f3n circular blanco del que desciende un cable fino en tono claro. En el extremo inferior incorpora un portal\u00e1mparas c\u00fabico de acabado gris tipo cemento, que aporta un car\u00e1cter moderno e industrial.  La bombilla es esf\u00e9rica, visible y de cristal \u00e1mbar, lo que refuerza la est\u00e9tica decorativa y genera una luz c\u00e1lida y acogedora cuando est\u00e1 encendida. Al no llevar pantalla, la bombilla se convierte en el foco visual principal.  Es una l\u00e1mpara ideal para ambientes modernos, lofts, cocinas, barras, comedores o espacios de estilo industrial, tanto instalada de forma individual como en conjunto con varias unidades a distintas alturas","og_url":"https:\/\/marcialiluminacion.es\/index.php\/producto\/lampara-107\/","article_modified_time":"2026-02-21T10:31:33+00:00","twitter_card":"summary_large_image","schema":{"@context":"https:\/\/schema.org","@graph":[{"@type":"WebPage","@id":"https:\/\/marcialiluminacion.es\/index.php\/producto\/lampara-107\/","url":"https:\/\/marcialiluminacion.es\/index.php\/producto\/lampara-107\/","name":"lampara 107 -","isPartOf":{"@id":"https:\/\/marcialiluminacion.es\/#website"},"primaryImageOfPage":{"@id":"https:\/\/marcialiluminacion.es\/index.php\/producto\/lampara-107\/#primaryimage"},"image":{"@id":"https:\/\/marcialiluminacion.es\/index.php\/producto\/lampara-107\/#primaryimage"},"thumbnailUrl":"https:\/\/marcialiluminacion.es\/wp-content\/uploads\/2026\/01\/15-3.jpg","datePublished":"2026-02-17T19:44:49+00:00","dateModified":"2026-02-21T10:31:33+00:00","breadcrumb":{"@id":"https:\/\/marcialiluminacion.es\/index.php\/producto\/lampara-107\/#breadcrumb"},"inLanguage":"es","potentialAction":[{"@type":"ReadAction","target":["https:\/\/marcialiluminacion.es\/index.php\/producto\/lampara-107\/"]}]},{"@type":"ImageObject","inLanguage":"es","@id":"https:\/\/marcialiluminacion.es\/index.php\/producto\/lampara-107\/#primaryimage","url":"https:\/\/marcialiluminacion.es\/wp-content\/uploads\/2026\/01\/15-3.jpg","contentUrl":"https:\/\/marcialiluminacion.es\/wp-content\/uploads\/2026\/01\/15-3.jpg","width":780,"height":1000},{"@type":"BreadcrumbList","@id":"https:\/\/marcialiluminacion.es\/index.php\/producto\/lampara-107\/#breadcrumb","itemListElement":[{"@type":"ListItem","position":1,"name":"Portada","item":"https:\/\/marcialiluminacion.es\/"},{"@type":"ListItem","position":2,"name":"Tienda","item":"https:\/\/marcialiluminacion.es\/index.php\/tienda\/"},{"@type":"ListItem","position":3,"name":"lampara 107"}]},{"@type":"WebSite","@id":"https:\/\/marcialiluminacion.es\/#website","url":"https:\/\/marcialiluminacion.es\/","name":"","description":"","potentialAction":[{"@type":"SearchAction","target":{"@type":"EntryPoint","urlTemplate":"https:\/\/marcialiluminacion.es\/?s={search_term_string}"},"query-input":{"@type":"PropertyValueSpecification","valueRequired":true,"valueName":"search_term_string"}}],"inLanguage":"es"}]}},"_links":{"self":[{"href":"https:\/\/marcialiluminacion.es\/index.php\/wp-json\/wp\/v2\/product\/685","targetHints":{"allow":["GET"]}}],"collection":[{"href":"https:\/\/marcialiluminacion.es\/index.php\/wp-json\/wp\/v2\/product"}],"about":[{"href":"https:\/\/marcialiluminacion.es\/index.php\/wp-json\/wp\/v2\/types\/product"}],"replies":[{"embeddable":true,"href":"https:\/\/marcialiluminacion.es\/index.php\/wp-json\/wp\/v2\/comments?post=685"}],"wp:featuredmedia":[{"embeddable":true,"href":"https:\/\/marcialiluminacion.es\/index.php\/wp-json\/wp\/v2\/media\/176"}],"wp:attachment":[{"href":"https:\/\/marcialiluminacion.es\/index.php\/wp-json\/wp\/v2\/media?parent=685"}],"wp:term":[{"taxonomy":"product_brand","embeddable":true,"href":"https:\/\/marcialiluminacion.es\/index.php\/wp-json\/wp\/v2\/product_brand?post=685"},{"taxonomy":"product_cat","embeddable":true,"href":"https:\/\/marcialiluminacion.es\/index.php\/wp-json\/wp\/v2\/product_cat?post=685"},{"taxonomy":"product_tag","embeddable":true,"href":"https:\/\/marcialiluminacion.es\/index.php\/wp-json\/wp\/v2\/product_tag?post=685"}],"curies":[{"name":"wp","href":"https:\/\/api.w.org\/{rel}","templated":true}]}}

<p data-start="0" data-end="95">Es una <strong data-start="7" data-end="60">lámpara colgante de estilo industrial–minimalista</strong> con un diseño muy limpio y actual.</p>
<p data-start="97" data-end="334">Está formada por un <strong data-start="117" data-end="143">florón circular blanco</strong> del que desciende un <strong data-start="165" data-end="179">cable fino</strong> en tono claro. En el extremo inferior incorpora un <strong data-start="231" data-end="255">portalámparas cúbico</strong> de acabado <strong data-start="267" data-end="288">gris tipo cemento</strong>, que aporta un carácter moderno e industrial.</p>
<p data-start="336" data-end="571">La bombilla es <strong data-start="351" data-end="391">esférica, visible y de cristal ámbar</strong>, lo que refuerza la estética decorativa y genera una <strong data-start="445" data-end="471">luz cálida y acogedora</strong> cuando está encendida. Al no llevar pantalla, la bombilla se convierte en el foco visual principal.</p>
<p data-start="573" data-end="786" data-is-last-node="" data-is-only-node="">Es una lámpara ideal para <strong data-start="599" data-end="688">ambientes modernos, lofts, cocinas, barras, comedores o espacios de estilo industrial</strong>, tanto instalada de forma individual como en conjunto con varias unidades a distintas alturas</p>

<!-- This site is optimized with the Yoast SEO plugin v27.2 - https://yoast.com/product/yoast-seo-wordpress/ -->
<title>lampara 107 -</title>
<meta name="robots" content="index, follow, max-snippet:-1, max-image-preview:large, max-video-preview:-1" />
<link rel="canonical" href="https://marcialiluminacion.es/index.php/producto/lampara-107/" />
<meta property="og:locale" content="es_ES" />
<meta property="og:type" content="article" />
<meta property="og:title" content="lampara 107 -" />
<meta property="og:description" content="Es una lámpara colgante de estilo industrial–minimalista con un diseño muy limpio y actual.  Está formada por un florón circular blanco del que desciende un cable fino en tono claro. En el extremo inferior incorpora un portalámparas cúbico de acabado gris tipo cemento, que aporta un carácter moderno e industrial.  La bombilla es esférica, visible y de cristal ámbar, lo que refuerza la estética decorativa y genera una luz cálida y acogedora cuando está encendida. Al no llevar pantalla, la bombilla se convierte en el foco visual principal.  Es una lámpara ideal para ambientes modernos, lofts, cocinas, barras, comedores o espacios de estilo industrial, tanto instalada de forma individual como en conjunto con varias unidades a distintas alturas" />
<meta property="og:url" content="https://marcialiluminacion.es/index.php/producto/lampara-107/" />
<meta property="article:modified_time" content="2026-02-21T10:31:33+00:00" />
<meta name="twitter:card" content="summary_large_image" />
<script type="application/ld+json" class="yoast-schema-graph">{"@context":"https://schema.org","@graph":[{"@type":"WebPage","@id":"https://marcialiluminacion.es/index.php/producto/lampara-107/","url":"https://marcialiluminacion.es/index.php/producto/lampara-107/","name":"lampara 107 -","isPartOf":{"@id":"https://marcialiluminacion.es/#website"},"primaryImageOfPage":{"@id":"https://marcialiluminacion.es/index.php/producto/lampara-107/#primaryimage"},"image":{"@id":"https://marcialiluminacion.es/index.php/producto/lampara-107/#primaryimage"},"thumbnailUrl":"https://marcialiluminacion.es/wp-content/uploads/2026/01/15-3.jpg","datePublished":"2026-02-17T19:44:49+00:00","dateModified":"2026-02-21T10:31:33+00:00","breadcrumb":{"@id":"https://marcialiluminacion.es/index.php/producto/lampara-107/#breadcrumb"},"inLanguage":"es","potentialAction":[{"@type":"ReadAction","target":["https://marcialiluminacion.es/index.php/producto/lampara-107/"]}]},{"@type":"ImageObject","inLanguage":"es","@id":"https://marcialiluminacion.es/index.php/producto/lampara-107/#primaryimage","url":"https://marcialiluminacion.es/wp-content/uploads/2026/01/15-3.jpg","contentUrl":"https://marcialiluminacion.es/wp-content/uploads/2026/01/15-3.jpg","width":780,"height":1000},{"@type":"BreadcrumbList","@id":"https://marcialiluminacion.es/index.php/producto/lampara-107/#breadcrumb","itemListElement":[{"@type":"ListItem","position":1,"name":"Portada","item":"https://marcialiluminacion.es/"},{"@type":"ListItem","position":2,"name":"Tienda","item":"https://marcialiluminacion.es/index.php/tienda/"},{"@type":"ListItem","position":3,"name":"lampara 107"}]},{"@type":"WebSite","@id":"https://marcialiluminacion.es/#website","url":"https://marcialiluminacion.es/","name":"","description":"","potentialAction":[{"@type":"SearchAction","target":{"@type":"EntryPoint","urlTemplate":"https://marcialiluminacion.es/?s={search_term_string}"},"query-input":{"@type":"PropertyValueSpecification","valueRequired":true,"valueName":"search_term_string"}}],"inLanguage":"es"}]}</script>
<!-- / Yoast SEO plugin. -->

Es una lámpara colgante de estilo industrial–minimalista con un diseño muy limpio y actual.  Está formada por un florón circular blanco del que desciende un cable fino en tono claro. En el extremo inferior incorpora un portalámparas cúbico de acabado gris tipo cemento, que aporta un carácter moderno e industrial.  La bombilla es esférica, visible y de cristal ámbar, lo que refuerza la estética decorativa y genera una luz cálida y acogedora cuando está encendida. Al no llevar pantalla, la bombilla se convierte en el foco visual principal.  Es una lámpara ideal para ambientes modernos, lofts, cocinas, barras, comedores o espacios de estilo industrial, tanto instalada de forma individual como en conjunto con varias unidades a distintas alturas
