{"id":684,"date":"2026-02-17T19:44:48","date_gmt":"2026-02-17T19:44:48","guid":{"rendered":"https:\/\/marcialiluminacion.es\/?post_type=product&#038;p=684"},"modified":"2026-02-21T10:31:33","modified_gmt":"2026-02-21T10:31:33","slug":"lampara-106","status":"publish","type":"product","link":"https:\/\/marcialiluminacion.es\/index.php\/producto\/lampara-106\/","title":{"rendered":"lampara 106"},"content":{"rendered":"","protected":false},"excerpt":{"rendered":"<p data-start=\"0\" data-end=\"95\">Es una <strong data-start=\"7\" data-end=\"56\">l\u00e1mpara colgante de estilo moderno y elegante<\/strong>, con un dise\u00f1o sencillo pero refinado.<\/p>\n<p data-start=\"97\" data-end=\"462\">Presenta un <strong data-start=\"109\" data-end=\"137\">flor\u00f3n circular met\u00e1lico<\/strong> en acabado <strong data-start=\"149\" data-end=\"167\">cromo\/satinado<\/strong>, del que desciende un <strong data-start=\"190\" data-end=\"204\">cable fino<\/strong> con un tramo decorativo ondulado que aporta un toque din\u00e1mico al conjunto. En la parte inferior cuelga una <strong data-start=\"312\" data-end=\"335\">pantalla cil\u00edndrica<\/strong> de color <strong data-start=\"345\" data-end=\"360\">verde oliva<\/strong>, con textura textil, protegida con <strong data-start=\"396\" data-end=\"421\">pl\u00e1stico transparente<\/strong> (aparenta estar nueva o sin desembalar).<\/p>\n<p data-start=\"464\" data-end=\"729\" data-is-last-node=\"\" data-is-only-node=\"\">La forma alargada de la pantalla concentra la luz hacia abajo, creando una <strong data-start=\"539\" data-end=\"582\">iluminaci\u00f3n ambiental suave y acogedora<\/strong>. Es ideal para <strong data-start=\"598\" data-end=\"651\">salones, dormitorios, pasillos o zonas de comedor<\/strong>, y encaja muy bien en interiores <strong data-start=\"685\" data-end=\"723\">contempor\u00e1neos o de estilo natural<\/strong>.<\/p>\n","protected":false},"featured_media":177,"comment_status":"open","ping_status":"closed","template":"","meta":[],"product_brand":[],"product_cat":[15],"product_tag":[],"class_list":["post-684","product","type-product","status-publish","has-post-thumbnail","product_cat-sin-categorizar","first","instock","sale","shipping-taxable","purchasable","product-type-simple"],"yoast_head":"<!-- This site is optimized with the Yoast SEO plugin v27.2 - https:\/\/yoast.com\/product\/yoast-seo-wordpress\/ -->\n<title>lampara 106 -<\/title>\n<meta name=\"robots\" content=\"index, follow, max-snippet:-1, max-image-preview:large, max-video-preview:-1\" \/>\n<link rel=\"canonical\" href=\"https:\/\/marcialiluminacion.es\/index.php\/producto\/lampara-106\/\" \/>\n<meta property=\"og:locale\" content=\"es_ES\" \/>\n<meta property=\"og:type\" content=\"article\" \/>\n<meta property=\"og:title\" content=\"lampara 106 -\" \/>\n<meta property=\"og:description\" content=\"Es una l\u00e1mpara colgante de estilo moderno y elegante, con un dise\u00f1o sencillo pero refinado.  Presenta un flor\u00f3n circular met\u00e1lico en acabado cromo\/satinado, del que desciende un cable fino con un tramo decorativo ondulado que aporta un toque din\u00e1mico al conjunto. En la parte inferior cuelga una pantalla cil\u00edndrica de color verde oliva, con textura textil, protegida con pl\u00e1stico transparente (aparenta estar nueva o sin desembalar).  La forma alargada de la pantalla concentra la luz hacia abajo, creando una iluminaci\u00f3n ambiental suave y acogedora. Es ideal para salones, dormitorios, pasillos o zonas de comedor, y encaja muy bien en interiores contempor\u00e1neos o de estilo natural.\" \/>\n<meta property=\"og:url\" content=\"https:\/\/marcialiluminacion.es\/index.php\/producto\/lampara-106\/\" \/>\n<meta property=\"article:modified_time\" content=\"2026-02-21T10:31:33+00:00\" \/>\n<meta name=\"twitter:card\" content=\"summary_large_image\" \/>\n<script type=\"application\/ld+json\" class=\"yoast-schema-graph\">{\"@context\":\"https:\/\/schema.org\",\"@graph\":[{\"@type\":\"WebPage\",\"@id\":\"https:\/\/marcialiluminacion.es\/index.php\/producto\/lampara-106\/\",\"url\":\"https:\/\/marcialiluminacion.es\/index.php\/producto\/lampara-106\/\",\"name\":\"lampara 106 -\",\"isPartOf\":{\"@id\":\"https:\/\/marcialiluminacion.es\/#website\"},\"primaryImageOfPage\":{\"@id\":\"https:\/\/marcialiluminacion.es\/index.php\/producto\/lampara-106\/#primaryimage\"},\"image\":{\"@id\":\"https:\/\/marcialiluminacion.es\/index.php\/producto\/lampara-106\/#primaryimage\"},\"thumbnailUrl\":\"https:\/\/marcialiluminacion.es\/wp-content\/uploads\/2026\/01\/15-4.jpg\",\"datePublished\":\"2026-02-17T19:44:48+00:00\",\"dateModified\":\"2026-02-21T10:31:33+00:00\",\"breadcrumb\":{\"@id\":\"https:\/\/marcialiluminacion.es\/index.php\/producto\/lampara-106\/#breadcrumb\"},\"inLanguage\":\"es\",\"potentialAction\":[{\"@type\":\"ReadAction\",\"target\":[\"https:\/\/marcialiluminacion.es\/index.php\/producto\/lampara-106\/\"]}]},{\"@type\":\"ImageObject\",\"inLanguage\":\"es\",\"@id\":\"https:\/\/marcialiluminacion.es\/index.php\/producto\/lampara-106\/#primaryimage\",\"url\":\"https:\/\/marcialiluminacion.es\/wp-content\/uploads\/2026\/01\/15-4.jpg\",\"contentUrl\":\"https:\/\/marcialiluminacion.es\/wp-content\/uploads\/2026\/01\/15-4.jpg\",\"width\":750,\"height\":1000},{\"@type\":\"BreadcrumbList\",\"@id\":\"https:\/\/marcialiluminacion.es\/index.php\/producto\/lampara-106\/#breadcrumb\",\"itemListElement\":[{\"@type\":\"ListItem\",\"position\":1,\"name\":\"Portada\",\"item\":\"https:\/\/marcialiluminacion.es\/\"},{\"@type\":\"ListItem\",\"position\":2,\"name\":\"Tienda\",\"item\":\"https:\/\/marcialiluminacion.es\/index.php\/tienda\/\"},{\"@type\":\"ListItem\",\"position\":3,\"name\":\"lampara 106\"}]},{\"@type\":\"WebSite\",\"@id\":\"https:\/\/marcialiluminacion.es\/#website\",\"url\":\"https:\/\/marcialiluminacion.es\/\",\"name\":\"\",\"description\":\"\",\"potentialAction\":[{\"@type\":\"SearchAction\",\"target\":{\"@type\":\"EntryPoint\",\"urlTemplate\":\"https:\/\/marcialiluminacion.es\/?s={search_term_string}\"},\"query-input\":{\"@type\":\"PropertyValueSpecification\",\"valueRequired\":true,\"valueName\":\"search_term_string\"}}],\"inLanguage\":\"es\"}]}<\/script>\n<!-- \/ Yoast SEO plugin. -->","yoast_head_json":{"title":"lampara 106 -","robots":{"index":"index","follow":"follow","max-snippet":"max-snippet:-1","max-image-preview":"max-image-preview:large","max-video-preview":"max-video-preview:-1"},"canonical":"https:\/\/marcialiluminacion.es\/index.php\/producto\/lampara-106\/","og_locale":"es_ES","og_type":"article","og_title":"lampara 106 -","og_description":"Es una l\u00e1mpara colgante de estilo moderno y elegante, con un dise\u00f1o sencillo pero refinado.  Presenta un flor\u00f3n circular met\u00e1lico en acabado cromo\/satinado, del que desciende un cable fino con un tramo decorativo ondulado que aporta un toque din\u00e1mico al conjunto. En la parte inferior cuelga una pantalla cil\u00edndrica de color verde oliva, con textura textil, protegida con pl\u00e1stico transparente (aparenta estar nueva o sin desembalar).  La forma alargada de la pantalla concentra la luz hacia abajo, creando una iluminaci\u00f3n ambiental suave y acogedora. Es ideal para salones, dormitorios, pasillos o zonas de comedor, y encaja muy bien en interiores contempor\u00e1neos o de estilo natural.","og_url":"https:\/\/marcialiluminacion.es\/index.php\/producto\/lampara-106\/","article_modified_time":"2026-02-21T10:31:33+00:00","twitter_card":"summary_large_image","schema":{"@context":"https:\/\/schema.org","@graph":[{"@type":"WebPage","@id":"https:\/\/marcialiluminacion.es\/index.php\/producto\/lampara-106\/","url":"https:\/\/marcialiluminacion.es\/index.php\/producto\/lampara-106\/","name":"lampara 106 -","isPartOf":{"@id":"https:\/\/marcialiluminacion.es\/#website"},"primaryImageOfPage":{"@id":"https:\/\/marcialiluminacion.es\/index.php\/producto\/lampara-106\/#primaryimage"},"image":{"@id":"https:\/\/marcialiluminacion.es\/index.php\/producto\/lampara-106\/#primaryimage"},"thumbnailUrl":"https:\/\/marcialiluminacion.es\/wp-content\/uploads\/2026\/01\/15-4.jpg","datePublished":"2026-02-17T19:44:48+00:00","dateModified":"2026-02-21T10:31:33+00:00","breadcrumb":{"@id":"https:\/\/marcialiluminacion.es\/index.php\/producto\/lampara-106\/#breadcrumb"},"inLanguage":"es","potentialAction":[{"@type":"ReadAction","target":["https:\/\/marcialiluminacion.es\/index.php\/producto\/lampara-106\/"]}]},{"@type":"ImageObject","inLanguage":"es","@id":"https:\/\/marcialiluminacion.es\/index.php\/producto\/lampara-106\/#primaryimage","url":"https:\/\/marcialiluminacion.es\/wp-content\/uploads\/2026\/01\/15-4.jpg","contentUrl":"https:\/\/marcialiluminacion.es\/wp-content\/uploads\/2026\/01\/15-4.jpg","width":750,"height":1000},{"@type":"BreadcrumbList","@id":"https:\/\/marcialiluminacion.es\/index.php\/producto\/lampara-106\/#breadcrumb","itemListElement":[{"@type":"ListItem","position":1,"name":"Portada","item":"https:\/\/marcialiluminacion.es\/"},{"@type":"ListItem","position":2,"name":"Tienda","item":"https:\/\/marcialiluminacion.es\/index.php\/tienda\/"},{"@type":"ListItem","position":3,"name":"lampara 106"}]},{"@type":"WebSite","@id":"https:\/\/marcialiluminacion.es\/#website","url":"https:\/\/marcialiluminacion.es\/","name":"","description":"","potentialAction":[{"@type":"SearchAction","target":{"@type":"EntryPoint","urlTemplate":"https:\/\/marcialiluminacion.es\/?s={search_term_string}"},"query-input":{"@type":"PropertyValueSpecification","valueRequired":true,"valueName":"search_term_string"}}],"inLanguage":"es"}]}},"_links":{"self":[{"href":"https:\/\/marcialiluminacion.es\/index.php\/wp-json\/wp\/v2\/product\/684","targetHints":{"allow":["GET"]}}],"collection":[{"href":"https:\/\/marcialiluminacion.es\/index.php\/wp-json\/wp\/v2\/product"}],"about":[{"href":"https:\/\/marcialiluminacion.es\/index.php\/wp-json\/wp\/v2\/types\/product"}],"replies":[{"embeddable":true,"href":"https:\/\/marcialiluminacion.es\/index.php\/wp-json\/wp\/v2\/comments?post=684"}],"wp:featuredmedia":[{"embeddable":true,"href":"https:\/\/marcialiluminacion.es\/index.php\/wp-json\/wp\/v2\/media\/177"}],"wp:attachment":[{"href":"https:\/\/marcialiluminacion.es\/index.php\/wp-json\/wp\/v2\/media?parent=684"}],"wp:term":[{"taxonomy":"product_brand","embeddable":true,"href":"https:\/\/marcialiluminacion.es\/index.php\/wp-json\/wp\/v2\/product_brand?post=684"},{"taxonomy":"product_cat","embeddable":true,"href":"https:\/\/marcialiluminacion.es\/index.php\/wp-json\/wp\/v2\/product_cat?post=684"},{"taxonomy":"product_tag","embeddable":true,"href":"https:\/\/marcialiluminacion.es\/index.php\/wp-json\/wp\/v2\/product_tag?post=684"}],"curies":[{"name":"wp","href":"https:\/\/api.w.org\/{rel}","templated":true}]}}

<p data-start="0" data-end="95">Es una <strong data-start="7" data-end="56">lámpara colgante de estilo moderno y elegante</strong>, con un diseño sencillo pero refinado.</p>
<p data-start="97" data-end="462">Presenta un <strong data-start="109" data-end="137">florón circular metálico</strong> en acabado <strong data-start="149" data-end="167">cromo/satinado</strong>, del que desciende un <strong data-start="190" data-end="204">cable fino</strong> con un tramo decorativo ondulado que aporta un toque dinámico al conjunto. En la parte inferior cuelga una <strong data-start="312" data-end="335">pantalla cilíndrica</strong> de color <strong data-start="345" data-end="360">verde oliva</strong>, con textura textil, protegida con <strong data-start="396" data-end="421">plástico transparente</strong> (aparenta estar nueva o sin desembalar).</p>
<p data-start="464" data-end="729" data-is-last-node="" data-is-only-node="">La forma alargada de la pantalla concentra la luz hacia abajo, creando una <strong data-start="539" data-end="582">iluminación ambiental suave y acogedora</strong>. Es ideal para <strong data-start="598" data-end="651">salones, dormitorios, pasillos o zonas de comedor</strong>, y encaja muy bien en interiores <strong data-start="685" data-end="723">contemporáneos o de estilo natural</strong>.</p>

<!-- This site is optimized with the Yoast SEO plugin v27.2 - https://yoast.com/product/yoast-seo-wordpress/ -->
<title>lampara 106 -</title>
<meta name="robots" content="index, follow, max-snippet:-1, max-image-preview:large, max-video-preview:-1" />
<link rel="canonical" href="https://marcialiluminacion.es/index.php/producto/lampara-106/" />
<meta property="og:locale" content="es_ES" />
<meta property="og:type" content="article" />
<meta property="og:title" content="lampara 106 -" />
<meta property="og:description" content="Es una lámpara colgante de estilo moderno y elegante, con un diseño sencillo pero refinado.  Presenta un florón circular metálico en acabado cromo/satinado, del que desciende un cable fino con un tramo decorativo ondulado que aporta un toque dinámico al conjunto. En la parte inferior cuelga una pantalla cilíndrica de color verde oliva, con textura textil, protegida con plástico transparente (aparenta estar nueva o sin desembalar).  La forma alargada de la pantalla concentra la luz hacia abajo, creando una iluminación ambiental suave y acogedora. Es ideal para salones, dormitorios, pasillos o zonas de comedor, y encaja muy bien en interiores contemporáneos o de estilo natural." />
<meta property="og:url" content="https://marcialiluminacion.es/index.php/producto/lampara-106/" />
<meta property="article:modified_time" content="2026-02-21T10:31:33+00:00" />
<meta name="twitter:card" content="summary_large_image" />
<script type="application/ld+json" class="yoast-schema-graph">{"@context":"https://schema.org","@graph":[{"@type":"WebPage","@id":"https://marcialiluminacion.es/index.php/producto/lampara-106/","url":"https://marcialiluminacion.es/index.php/producto/lampara-106/","name":"lampara 106 -","isPartOf":{"@id":"https://marcialiluminacion.es/#website"},"primaryImageOfPage":{"@id":"https://marcialiluminacion.es/index.php/producto/lampara-106/#primaryimage"},"image":{"@id":"https://marcialiluminacion.es/index.php/producto/lampara-106/#primaryimage"},"thumbnailUrl":"https://marcialiluminacion.es/wp-content/uploads/2026/01/15-4.jpg","datePublished":"2026-02-17T19:44:48+00:00","dateModified":"2026-02-21T10:31:33+00:00","breadcrumb":{"@id":"https://marcialiluminacion.es/index.php/producto/lampara-106/#breadcrumb"},"inLanguage":"es","potentialAction":[{"@type":"ReadAction","target":["https://marcialiluminacion.es/index.php/producto/lampara-106/"]}]},{"@type":"ImageObject","inLanguage":"es","@id":"https://marcialiluminacion.es/index.php/producto/lampara-106/#primaryimage","url":"https://marcialiluminacion.es/wp-content/uploads/2026/01/15-4.jpg","contentUrl":"https://marcialiluminacion.es/wp-content/uploads/2026/01/15-4.jpg","width":750,"height":1000},{"@type":"BreadcrumbList","@id":"https://marcialiluminacion.es/index.php/producto/lampara-106/#breadcrumb","itemListElement":[{"@type":"ListItem","position":1,"name":"Portada","item":"https://marcialiluminacion.es/"},{"@type":"ListItem","position":2,"name":"Tienda","item":"https://marcialiluminacion.es/index.php/tienda/"},{"@type":"ListItem","position":3,"name":"lampara 106"}]},{"@type":"WebSite","@id":"https://marcialiluminacion.es/#website","url":"https://marcialiluminacion.es/","name":"","description":"","potentialAction":[{"@type":"SearchAction","target":{"@type":"EntryPoint","urlTemplate":"https://marcialiluminacion.es/?s={search_term_string}"},"query-input":{"@type":"PropertyValueSpecification","valueRequired":true,"valueName":"search_term_string"}}],"inLanguage":"es"}]}</script>
<!-- / Yoast SEO plugin. -->

Es una lámpara colgante de estilo moderno y elegante, con un diseño sencillo pero refinado.  Presenta un florón circular metálico en acabado cromo/satinado, del que desciende un cable fino con un tramo decorativo ondulado que aporta un toque dinámico al conjunto. En la parte inferior cuelga una pantalla cilíndrica de color verde oliva, con textura textil, protegida con plástico transparente (aparenta estar nueva o sin desembalar).  La forma alargada de la pantalla concentra la luz hacia abajo, creando una iluminación ambiental suave y acogedora. Es ideal para salones, dormitorios, pasillos o zonas de comedor, y encaja muy bien en interiores contemporáneos o de estilo natural.
