{"id":683,"date":"2026-02-17T19:44:48","date_gmt":"2026-02-17T19:44:48","guid":{"rendered":"https:\/\/marcialiluminacion.es\/?post_type=product&#038;p=683"},"modified":"2026-02-21T10:31:33","modified_gmt":"2026-02-21T10:31:33","slug":"lampara-105","status":"publish","type":"product","link":"https:\/\/marcialiluminacion.es\/index.php\/producto\/lampara-105\/","title":{"rendered":"lampara 105"},"content":{"rendered":"","protected":false},"excerpt":{"rendered":"<p data-start=\"0\" data-end=\"71\">Es una <strong data-start=\"7\" data-end=\"37\">l\u00e1mpara colgante tipo foco<\/strong> de dise\u00f1o <strong data-start=\"48\" data-end=\"70\">sobrio y funcional<\/strong>.<\/p>\n<p data-start=\"73\" data-end=\"390\">Cuenta con una <strong data-start=\"88\" data-end=\"113\">barra r\u00edgida met\u00e1lica<\/strong> de acabado <strong data-start=\"125\" data-end=\"142\">gris satinado<\/strong>, que desciende desde un <strong data-start=\"167\" data-end=\"186\">flor\u00f3n circular<\/strong> del mismo color fijado al techo. En el extremo inferior incorpora un <strong data-start=\"256\" data-end=\"275\">foco orientable<\/strong>, tambi\u00e9n met\u00e1lico, con un dise\u00f1o compacto y l\u00edneas suaves que permiten <strong data-start=\"347\" data-end=\"365\">dirigir la luz<\/strong> hacia un punto concreto.<\/p>\n<p data-start=\"392\" data-end=\"668\" data-is-last-node=\"\" data-is-only-node=\"\">Su est\u00e9tica es <strong data-start=\"407\" data-end=\"429\">moderna y discreta<\/strong>, pensada m\u00e1s para iluminaci\u00f3n funcional que decorativa. Es ideal para <strong data-start=\"500\" data-end=\"528\">iluminar zonas concretas<\/strong> como encimeras, mesas, pasillos, vitrinas o espacios de trabajo, y encaja bien en ambientes <strong data-start=\"621\" data-end=\"664\">contempor\u00e1neos, minimalistas o t\u00e9cnicos<\/strong>.<\/p>\n","protected":false},"featured_media":178,"comment_status":"open","ping_status":"closed","template":"","meta":[],"product_brand":[],"product_cat":[15],"product_tag":[],"class_list":["post-683","product","type-product","status-publish","has-post-thumbnail","product_cat-sin-categorizar","first","instock","sale","shipping-taxable","purchasable","product-type-simple"],"yoast_head":"<!-- This site is optimized with the Yoast SEO plugin v27.2 - https:\/\/yoast.com\/product\/yoast-seo-wordpress\/ -->\n<title>lampara 105 -<\/title>\n<meta name=\"robots\" content=\"index, follow, max-snippet:-1, max-image-preview:large, max-video-preview:-1\" \/>\n<link rel=\"canonical\" href=\"https:\/\/marcialiluminacion.es\/index.php\/producto\/lampara-105\/\" \/>\n<meta property=\"og:locale\" content=\"es_ES\" \/>\n<meta property=\"og:type\" content=\"article\" \/>\n<meta property=\"og:title\" content=\"lampara 105 -\" \/>\n<meta property=\"og:description\" content=\"Es una l\u00e1mpara colgante tipo foco de dise\u00f1o sobrio y funcional.  Cuenta con una barra r\u00edgida met\u00e1lica de acabado gris satinado, que desciende desde un flor\u00f3n circular del mismo color fijado al techo. En el extremo inferior incorpora un foco orientable, tambi\u00e9n met\u00e1lico, con un dise\u00f1o compacto y l\u00edneas suaves que permiten dirigir la luz hacia un punto concreto.  Su est\u00e9tica es moderna y discreta, pensada m\u00e1s para iluminaci\u00f3n funcional que decorativa. Es ideal para iluminar zonas concretas como encimeras, mesas, pasillos, vitrinas o espacios de trabajo, y encaja bien en ambientes contempor\u00e1neos, minimalistas o t\u00e9cnicos.\" \/>\n<meta property=\"og:url\" content=\"https:\/\/marcialiluminacion.es\/index.php\/producto\/lampara-105\/\" \/>\n<meta property=\"article:modified_time\" content=\"2026-02-21T10:31:33+00:00\" \/>\n<meta name=\"twitter:card\" content=\"summary_large_image\" \/>\n<script type=\"application\/ld+json\" class=\"yoast-schema-graph\">{\"@context\":\"https:\/\/schema.org\",\"@graph\":[{\"@type\":\"WebPage\",\"@id\":\"https:\/\/marcialiluminacion.es\/index.php\/producto\/lampara-105\/\",\"url\":\"https:\/\/marcialiluminacion.es\/index.php\/producto\/lampara-105\/\",\"name\":\"lampara 105 -\",\"isPartOf\":{\"@id\":\"https:\/\/marcialiluminacion.es\/#website\"},\"primaryImageOfPage\":{\"@id\":\"https:\/\/marcialiluminacion.es\/index.php\/producto\/lampara-105\/#primaryimage\"},\"image\":{\"@id\":\"https:\/\/marcialiluminacion.es\/index.php\/producto\/lampara-105\/#primaryimage\"},\"thumbnailUrl\":\"https:\/\/marcialiluminacion.es\/wp-content\/uploads\/2026\/01\/15-7.jpg\",\"datePublished\":\"2026-02-17T19:44:48+00:00\",\"dateModified\":\"2026-02-21T10:31:33+00:00\",\"breadcrumb\":{\"@id\":\"https:\/\/marcialiluminacion.es\/index.php\/producto\/lampara-105\/#breadcrumb\"},\"inLanguage\":\"es\",\"potentialAction\":[{\"@type\":\"ReadAction\",\"target\":[\"https:\/\/marcialiluminacion.es\/index.php\/producto\/lampara-105\/\"]}]},{\"@type\":\"ImageObject\",\"inLanguage\":\"es\",\"@id\":\"https:\/\/marcialiluminacion.es\/index.php\/producto\/lampara-105\/#primaryimage\",\"url\":\"https:\/\/marcialiluminacion.es\/wp-content\/uploads\/2026\/01\/15-7.jpg\",\"contentUrl\":\"https:\/\/marcialiluminacion.es\/wp-content\/uploads\/2026\/01\/15-7.jpg\",\"width\":750,\"height\":1000},{\"@type\":\"BreadcrumbList\",\"@id\":\"https:\/\/marcialiluminacion.es\/index.php\/producto\/lampara-105\/#breadcrumb\",\"itemListElement\":[{\"@type\":\"ListItem\",\"position\":1,\"name\":\"Portada\",\"item\":\"https:\/\/marcialiluminacion.es\/\"},{\"@type\":\"ListItem\",\"position\":2,\"name\":\"Tienda\",\"item\":\"https:\/\/marcialiluminacion.es\/index.php\/tienda\/\"},{\"@type\":\"ListItem\",\"position\":3,\"name\":\"lampara 105\"}]},{\"@type\":\"WebSite\",\"@id\":\"https:\/\/marcialiluminacion.es\/#website\",\"url\":\"https:\/\/marcialiluminacion.es\/\",\"name\":\"\",\"description\":\"\",\"potentialAction\":[{\"@type\":\"SearchAction\",\"target\":{\"@type\":\"EntryPoint\",\"urlTemplate\":\"https:\/\/marcialiluminacion.es\/?s={search_term_string}\"},\"query-input\":{\"@type\":\"PropertyValueSpecification\",\"valueRequired\":true,\"valueName\":\"search_term_string\"}}],\"inLanguage\":\"es\"}]}<\/script>\n<!-- \/ Yoast SEO plugin. -->","yoast_head_json":{"title":"lampara 105 -","robots":{"index":"index","follow":"follow","max-snippet":"max-snippet:-1","max-image-preview":"max-image-preview:large","max-video-preview":"max-video-preview:-1"},"canonical":"https:\/\/marcialiluminacion.es\/index.php\/producto\/lampara-105\/","og_locale":"es_ES","og_type":"article","og_title":"lampara 105 -","og_description":"Es una l\u00e1mpara colgante tipo foco de dise\u00f1o sobrio y funcional.  Cuenta con una barra r\u00edgida met\u00e1lica de acabado gris satinado, que desciende desde un flor\u00f3n circular del mismo color fijado al techo. En el extremo inferior incorpora un foco orientable, tambi\u00e9n met\u00e1lico, con un dise\u00f1o compacto y l\u00edneas suaves que permiten dirigir la luz hacia un punto concreto.  Su est\u00e9tica es moderna y discreta, pensada m\u00e1s para iluminaci\u00f3n funcional que decorativa. Es ideal para iluminar zonas concretas como encimeras, mesas, pasillos, vitrinas o espacios de trabajo, y encaja bien en ambientes contempor\u00e1neos, minimalistas o t\u00e9cnicos.","og_url":"https:\/\/marcialiluminacion.es\/index.php\/producto\/lampara-105\/","article_modified_time":"2026-02-21T10:31:33+00:00","twitter_card":"summary_large_image","schema":{"@context":"https:\/\/schema.org","@graph":[{"@type":"WebPage","@id":"https:\/\/marcialiluminacion.es\/index.php\/producto\/lampara-105\/","url":"https:\/\/marcialiluminacion.es\/index.php\/producto\/lampara-105\/","name":"lampara 105 -","isPartOf":{"@id":"https:\/\/marcialiluminacion.es\/#website"},"primaryImageOfPage":{"@id":"https:\/\/marcialiluminacion.es\/index.php\/producto\/lampara-105\/#primaryimage"},"image":{"@id":"https:\/\/marcialiluminacion.es\/index.php\/producto\/lampara-105\/#primaryimage"},"thumbnailUrl":"https:\/\/marcialiluminacion.es\/wp-content\/uploads\/2026\/01\/15-7.jpg","datePublished":"2026-02-17T19:44:48+00:00","dateModified":"2026-02-21T10:31:33+00:00","breadcrumb":{"@id":"https:\/\/marcialiluminacion.es\/index.php\/producto\/lampara-105\/#breadcrumb"},"inLanguage":"es","potentialAction":[{"@type":"ReadAction","target":["https:\/\/marcialiluminacion.es\/index.php\/producto\/lampara-105\/"]}]},{"@type":"ImageObject","inLanguage":"es","@id":"https:\/\/marcialiluminacion.es\/index.php\/producto\/lampara-105\/#primaryimage","url":"https:\/\/marcialiluminacion.es\/wp-content\/uploads\/2026\/01\/15-7.jpg","contentUrl":"https:\/\/marcialiluminacion.es\/wp-content\/uploads\/2026\/01\/15-7.jpg","width":750,"height":1000},{"@type":"BreadcrumbList","@id":"https:\/\/marcialiluminacion.es\/index.php\/producto\/lampara-105\/#breadcrumb","itemListElement":[{"@type":"ListItem","position":1,"name":"Portada","item":"https:\/\/marcialiluminacion.es\/"},{"@type":"ListItem","position":2,"name":"Tienda","item":"https:\/\/marcialiluminacion.es\/index.php\/tienda\/"},{"@type":"ListItem","position":3,"name":"lampara 105"}]},{"@type":"WebSite","@id":"https:\/\/marcialiluminacion.es\/#website","url":"https:\/\/marcialiluminacion.es\/","name":"","description":"","potentialAction":[{"@type":"SearchAction","target":{"@type":"EntryPoint","urlTemplate":"https:\/\/marcialiluminacion.es\/?s={search_term_string}"},"query-input":{"@type":"PropertyValueSpecification","valueRequired":true,"valueName":"search_term_string"}}],"inLanguage":"es"}]}},"_links":{"self":[{"href":"https:\/\/marcialiluminacion.es\/index.php\/wp-json\/wp\/v2\/product\/683","targetHints":{"allow":["GET"]}}],"collection":[{"href":"https:\/\/marcialiluminacion.es\/index.php\/wp-json\/wp\/v2\/product"}],"about":[{"href":"https:\/\/marcialiluminacion.es\/index.php\/wp-json\/wp\/v2\/types\/product"}],"replies":[{"embeddable":true,"href":"https:\/\/marcialiluminacion.es\/index.php\/wp-json\/wp\/v2\/comments?post=683"}],"wp:featuredmedia":[{"embeddable":true,"href":"https:\/\/marcialiluminacion.es\/index.php\/wp-json\/wp\/v2\/media\/178"}],"wp:attachment":[{"href":"https:\/\/marcialiluminacion.es\/index.php\/wp-json\/wp\/v2\/media?parent=683"}],"wp:term":[{"taxonomy":"product_brand","embeddable":true,"href":"https:\/\/marcialiluminacion.es\/index.php\/wp-json\/wp\/v2\/product_brand?post=683"},{"taxonomy":"product_cat","embeddable":true,"href":"https:\/\/marcialiluminacion.es\/index.php\/wp-json\/wp\/v2\/product_cat?post=683"},{"taxonomy":"product_tag","embeddable":true,"href":"https:\/\/marcialiluminacion.es\/index.php\/wp-json\/wp\/v2\/product_tag?post=683"}],"curies":[{"name":"wp","href":"https:\/\/api.w.org\/{rel}","templated":true}]}}

<p data-start="0" data-end="71">Es una <strong data-start="7" data-end="37">lámpara colgante tipo foco</strong> de diseño <strong data-start="48" data-end="70">sobrio y funcional</strong>.</p>
<p data-start="73" data-end="390">Cuenta con una <strong data-start="88" data-end="113">barra rígida metálica</strong> de acabado <strong data-start="125" data-end="142">gris satinado</strong>, que desciende desde un <strong data-start="167" data-end="186">florón circular</strong> del mismo color fijado al techo. En el extremo inferior incorpora un <strong data-start="256" data-end="275">foco orientable</strong>, también metálico, con un diseño compacto y líneas suaves que permiten <strong data-start="347" data-end="365">dirigir la luz</strong> hacia un punto concreto.</p>
<p data-start="392" data-end="668" data-is-last-node="" data-is-only-node="">Su estética es <strong data-start="407" data-end="429">moderna y discreta</strong>, pensada más para iluminación funcional que decorativa. Es ideal para <strong data-start="500" data-end="528">iluminar zonas concretas</strong> como encimeras, mesas, pasillos, vitrinas o espacios de trabajo, y encaja bien en ambientes <strong data-start="621" data-end="664">contemporáneos, minimalistas o técnicos</strong>.</p>

<!-- This site is optimized with the Yoast SEO plugin v27.2 - https://yoast.com/product/yoast-seo-wordpress/ -->
<title>lampara 105 -</title>
<meta name="robots" content="index, follow, max-snippet:-1, max-image-preview:large, max-video-preview:-1" />
<link rel="canonical" href="https://marcialiluminacion.es/index.php/producto/lampara-105/" />
<meta property="og:locale" content="es_ES" />
<meta property="og:type" content="article" />
<meta property="og:title" content="lampara 105 -" />
<meta property="og:description" content="Es una lámpara colgante tipo foco de diseño sobrio y funcional.  Cuenta con una barra rígida metálica de acabado gris satinado, que desciende desde un florón circular del mismo color fijado al techo. En el extremo inferior incorpora un foco orientable, también metálico, con un diseño compacto y líneas suaves que permiten dirigir la luz hacia un punto concreto.  Su estética es moderna y discreta, pensada más para iluminación funcional que decorativa. Es ideal para iluminar zonas concretas como encimeras, mesas, pasillos, vitrinas o espacios de trabajo, y encaja bien en ambientes contemporáneos, minimalistas o técnicos." />
<meta property="og:url" content="https://marcialiluminacion.es/index.php/producto/lampara-105/" />
<meta property="article:modified_time" content="2026-02-21T10:31:33+00:00" />
<meta name="twitter:card" content="summary_large_image" />
<script type="application/ld+json" class="yoast-schema-graph">{"@context":"https://schema.org","@graph":[{"@type":"WebPage","@id":"https://marcialiluminacion.es/index.php/producto/lampara-105/","url":"https://marcialiluminacion.es/index.php/producto/lampara-105/","name":"lampara 105 -","isPartOf":{"@id":"https://marcialiluminacion.es/#website"},"primaryImageOfPage":{"@id":"https://marcialiluminacion.es/index.php/producto/lampara-105/#primaryimage"},"image":{"@id":"https://marcialiluminacion.es/index.php/producto/lampara-105/#primaryimage"},"thumbnailUrl":"https://marcialiluminacion.es/wp-content/uploads/2026/01/15-7.jpg","datePublished":"2026-02-17T19:44:48+00:00","dateModified":"2026-02-21T10:31:33+00:00","breadcrumb":{"@id":"https://marcialiluminacion.es/index.php/producto/lampara-105/#breadcrumb"},"inLanguage":"es","potentialAction":[{"@type":"ReadAction","target":["https://marcialiluminacion.es/index.php/producto/lampara-105/"]}]},{"@type":"ImageObject","inLanguage":"es","@id":"https://marcialiluminacion.es/index.php/producto/lampara-105/#primaryimage","url":"https://marcialiluminacion.es/wp-content/uploads/2026/01/15-7.jpg","contentUrl":"https://marcialiluminacion.es/wp-content/uploads/2026/01/15-7.jpg","width":750,"height":1000},{"@type":"BreadcrumbList","@id":"https://marcialiluminacion.es/index.php/producto/lampara-105/#breadcrumb","itemListElement":[{"@type":"ListItem","position":1,"name":"Portada","item":"https://marcialiluminacion.es/"},{"@type":"ListItem","position":2,"name":"Tienda","item":"https://marcialiluminacion.es/index.php/tienda/"},{"@type":"ListItem","position":3,"name":"lampara 105"}]},{"@type":"WebSite","@id":"https://marcialiluminacion.es/#website","url":"https://marcialiluminacion.es/","name":"","description":"","potentialAction":[{"@type":"SearchAction","target":{"@type":"EntryPoint","urlTemplate":"https://marcialiluminacion.es/?s={search_term_string}"},"query-input":{"@type":"PropertyValueSpecification","valueRequired":true,"valueName":"search_term_string"}}],"inLanguage":"es"}]}</script>
<!-- / Yoast SEO plugin. -->

Es una lámpara colgante tipo foco de diseño sobrio y funcional.  Cuenta con una barra rígida metálica de acabado gris satinado, que desciende desde un florón circular del mismo color fijado al techo. En el extremo inferior incorpora un foco orientable, también metálico, con un diseño compacto y líneas suaves que permiten dirigir la luz hacia un punto concreto.  Su estética es moderna y discreta, pensada más para iluminación funcional que decorativa. Es ideal para iluminar zonas concretas como encimeras, mesas, pasillos, vitrinas o espacios de trabajo, y encaja bien en ambientes contemporáneos, minimalistas o técnicos.
