{"id":680,"date":"2026-02-17T19:44:48","date_gmt":"2026-02-17T19:44:48","guid":{"rendered":"https:\/\/marcialiluminacion.es\/?post_type=product&#038;p=680"},"modified":"2026-02-21T10:31:33","modified_gmt":"2026-02-21T10:31:33","slug":"lampara-102","status":"publish","type":"product","link":"https:\/\/marcialiluminacion.es\/index.php\/producto\/lampara-102\/","title":{"rendered":"lampara 102"},"content":{"rendered":"","protected":false},"excerpt":{"rendered":"<p data-start=\"0\" data-end=\"63\">Es una <strong data-start=\"7\" data-end=\"62\">l\u00e1mpara colgante de estilo minimalista e industrial<\/strong>.<\/p>\n<p data-start=\"65\" data-end=\"300\">Consta de un <strong data-start=\"78\" data-end=\"99\">cable negro largo<\/strong> que desciende desde un <strong data-start=\"123\" data-end=\"148\">flor\u00f3n circular negro<\/strong> fijado al techo. En el extremo inferior lleva un <strong data-start=\"198\" data-end=\"226\">portal\u00e1mparas cil\u00edndrico<\/strong> de acabado <strong data-start=\"238\" data-end=\"259\">gris tipo cemento<\/strong>, que aporta un aspecto sobrio y moderno.<\/p>\n<p data-start=\"302\" data-end=\"529\">La bombilla es <strong data-start=\"317\" data-end=\"339\">esf\u00e9rica y visible<\/strong>, con cristal <strong data-start=\"353\" data-end=\"374\">\u00e1mbar transl\u00facido<\/strong>, lo que sugiere una luz <strong data-start=\"399\" data-end=\"422\">c\u00e1lida y decorativa<\/strong> (tipo vintage o Edison). No tiene pantalla, por lo que la bombilla es el elemento protagonista del dise\u00f1o.<\/p>\n<p data-start=\"531\" data-end=\"746\" data-is-last-node=\"\" data-is-only-node=\"\">En conjunto es una l\u00e1mpara <strong data-start=\"558\" data-end=\"596\">sencilla, elegante y contempor\u00e1nea<\/strong>, ideal para <strong data-start=\"609\" data-end=\"679\">salones, cocinas, barras, locales modernos o espacios industriales<\/strong>, tanto sola como en composici\u00f3n de varias a diferentes alturas.<\/p>\n","protected":false},"featured_media":155,"comment_status":"open","ping_status":"closed","template":"","meta":[],"product_brand":[],"product_cat":[15],"product_tag":[],"class_list":["post-680","product","type-product","status-publish","has-post-thumbnail","product_cat-sin-categorizar","first","instock","sale","shipping-taxable","purchasable","product-type-simple"],"yoast_head":"<!-- This site is optimized with the Yoast SEO plugin v27.2 - https:\/\/yoast.com\/product\/yoast-seo-wordpress\/ -->\n<title>lampara 102 -<\/title>\n<meta name=\"robots\" content=\"index, follow, max-snippet:-1, max-image-preview:large, max-video-preview:-1\" \/>\n<link rel=\"canonical\" href=\"https:\/\/marcialiluminacion.es\/index.php\/producto\/lampara-102\/\" \/>\n<meta property=\"og:locale\" content=\"es_ES\" \/>\n<meta property=\"og:type\" content=\"article\" \/>\n<meta property=\"og:title\" content=\"lampara 102 -\" \/>\n<meta property=\"og:description\" content=\"Es una l\u00e1mpara colgante de estilo minimalista e industrial.  Consta de un cable negro largo que desciende desde un flor\u00f3n circular negro fijado al techo. En el extremo inferior lleva un portal\u00e1mparas cil\u00edndrico de acabado gris tipo cemento, que aporta un aspecto sobrio y moderno.  La bombilla es esf\u00e9rica y visible, con cristal \u00e1mbar transl\u00facido, lo que sugiere una luz c\u00e1lida y decorativa (tipo vintage o Edison). No tiene pantalla, por lo que la bombilla es el elemento protagonista del dise\u00f1o.  En conjunto es una l\u00e1mpara sencilla, elegante y contempor\u00e1nea, ideal para salones, cocinas, barras, locales modernos o espacios industriales, tanto sola como en composici\u00f3n de varias a diferentes alturas.\" \/>\n<meta property=\"og:url\" content=\"https:\/\/marcialiluminacion.es\/index.php\/producto\/lampara-102\/\" \/>\n<meta property=\"article:modified_time\" content=\"2026-02-21T10:31:33+00:00\" \/>\n<meta name=\"twitter:card\" content=\"summary_large_image\" \/>\n<script type=\"application\/ld+json\" class=\"yoast-schema-graph\">{\"@context\":\"https:\/\/schema.org\",\"@graph\":[{\"@type\":\"WebPage\",\"@id\":\"https:\/\/marcialiluminacion.es\/index.php\/producto\/lampara-102\/\",\"url\":\"https:\/\/marcialiluminacion.es\/index.php\/producto\/lampara-102\/\",\"name\":\"lampara 102 -\",\"isPartOf\":{\"@id\":\"https:\/\/marcialiluminacion.es\/#website\"},\"primaryImageOfPage\":{\"@id\":\"https:\/\/marcialiluminacion.es\/index.php\/producto\/lampara-102\/#primaryimage\"},\"image\":{\"@id\":\"https:\/\/marcialiluminacion.es\/index.php\/producto\/lampara-102\/#primaryimage\"},\"thumbnailUrl\":\"https:\/\/marcialiluminacion.es\/wp-content\/uploads\/2026\/01\/15-2.jpg\",\"datePublished\":\"2026-02-17T19:44:48+00:00\",\"dateModified\":\"2026-02-21T10:31:33+00:00\",\"breadcrumb\":{\"@id\":\"https:\/\/marcialiluminacion.es\/index.php\/producto\/lampara-102\/#breadcrumb\"},\"inLanguage\":\"es\",\"potentialAction\":[{\"@type\":\"ReadAction\",\"target\":[\"https:\/\/marcialiluminacion.es\/index.php\/producto\/lampara-102\/\"]}]},{\"@type\":\"ImageObject\",\"inLanguage\":\"es\",\"@id\":\"https:\/\/marcialiluminacion.es\/index.php\/producto\/lampara-102\/#primaryimage\",\"url\":\"https:\/\/marcialiluminacion.es\/wp-content\/uploads\/2026\/01\/15-2.jpg\",\"contentUrl\":\"https:\/\/marcialiluminacion.es\/wp-content\/uploads\/2026\/01\/15-2.jpg\",\"width\":853,\"height\":1000},{\"@type\":\"BreadcrumbList\",\"@id\":\"https:\/\/marcialiluminacion.es\/index.php\/producto\/lampara-102\/#breadcrumb\",\"itemListElement\":[{\"@type\":\"ListItem\",\"position\":1,\"name\":\"Portada\",\"item\":\"https:\/\/marcialiluminacion.es\/\"},{\"@type\":\"ListItem\",\"position\":2,\"name\":\"Tienda\",\"item\":\"https:\/\/marcialiluminacion.es\/index.php\/tienda\/\"},{\"@type\":\"ListItem\",\"position\":3,\"name\":\"lampara 102\"}]},{\"@type\":\"WebSite\",\"@id\":\"https:\/\/marcialiluminacion.es\/#website\",\"url\":\"https:\/\/marcialiluminacion.es\/\",\"name\":\"\",\"description\":\"\",\"potentialAction\":[{\"@type\":\"SearchAction\",\"target\":{\"@type\":\"EntryPoint\",\"urlTemplate\":\"https:\/\/marcialiluminacion.es\/?s={search_term_string}\"},\"query-input\":{\"@type\":\"PropertyValueSpecification\",\"valueRequired\":true,\"valueName\":\"search_term_string\"}}],\"inLanguage\":\"es\"}]}<\/script>\n<!-- \/ Yoast SEO plugin. -->","yoast_head_json":{"title":"lampara 102 -","robots":{"index":"index","follow":"follow","max-snippet":"max-snippet:-1","max-image-preview":"max-image-preview:large","max-video-preview":"max-video-preview:-1"},"canonical":"https:\/\/marcialiluminacion.es\/index.php\/producto\/lampara-102\/","og_locale":"es_ES","og_type":"article","og_title":"lampara 102 -","og_description":"Es una l\u00e1mpara colgante de estilo minimalista e industrial.  Consta de un cable negro largo que desciende desde un flor\u00f3n circular negro fijado al techo. En el extremo inferior lleva un portal\u00e1mparas cil\u00edndrico de acabado gris tipo cemento, que aporta un aspecto sobrio y moderno.  La bombilla es esf\u00e9rica y visible, con cristal \u00e1mbar transl\u00facido, lo que sugiere una luz c\u00e1lida y decorativa (tipo vintage o Edison). No tiene pantalla, por lo que la bombilla es el elemento protagonista del dise\u00f1o.  En conjunto es una l\u00e1mpara sencilla, elegante y contempor\u00e1nea, ideal para salones, cocinas, barras, locales modernos o espacios industriales, tanto sola como en composici\u00f3n de varias a diferentes alturas.","og_url":"https:\/\/marcialiluminacion.es\/index.php\/producto\/lampara-102\/","article_modified_time":"2026-02-21T10:31:33+00:00","twitter_card":"summary_large_image","schema":{"@context":"https:\/\/schema.org","@graph":[{"@type":"WebPage","@id":"https:\/\/marcialiluminacion.es\/index.php\/producto\/lampara-102\/","url":"https:\/\/marcialiluminacion.es\/index.php\/producto\/lampara-102\/","name":"lampara 102 -","isPartOf":{"@id":"https:\/\/marcialiluminacion.es\/#website"},"primaryImageOfPage":{"@id":"https:\/\/marcialiluminacion.es\/index.php\/producto\/lampara-102\/#primaryimage"},"image":{"@id":"https:\/\/marcialiluminacion.es\/index.php\/producto\/lampara-102\/#primaryimage"},"thumbnailUrl":"https:\/\/marcialiluminacion.es\/wp-content\/uploads\/2026\/01\/15-2.jpg","datePublished":"2026-02-17T19:44:48+00:00","dateModified":"2026-02-21T10:31:33+00:00","breadcrumb":{"@id":"https:\/\/marcialiluminacion.es\/index.php\/producto\/lampara-102\/#breadcrumb"},"inLanguage":"es","potentialAction":[{"@type":"ReadAction","target":["https:\/\/marcialiluminacion.es\/index.php\/producto\/lampara-102\/"]}]},{"@type":"ImageObject","inLanguage":"es","@id":"https:\/\/marcialiluminacion.es\/index.php\/producto\/lampara-102\/#primaryimage","url":"https:\/\/marcialiluminacion.es\/wp-content\/uploads\/2026\/01\/15-2.jpg","contentUrl":"https:\/\/marcialiluminacion.es\/wp-content\/uploads\/2026\/01\/15-2.jpg","width":853,"height":1000},{"@type":"BreadcrumbList","@id":"https:\/\/marcialiluminacion.es\/index.php\/producto\/lampara-102\/#breadcrumb","itemListElement":[{"@type":"ListItem","position":1,"name":"Portada","item":"https:\/\/marcialiluminacion.es\/"},{"@type":"ListItem","position":2,"name":"Tienda","item":"https:\/\/marcialiluminacion.es\/index.php\/tienda\/"},{"@type":"ListItem","position":3,"name":"lampara 102"}]},{"@type":"WebSite","@id":"https:\/\/marcialiluminacion.es\/#website","url":"https:\/\/marcialiluminacion.es\/","name":"","description":"","potentialAction":[{"@type":"SearchAction","target":{"@type":"EntryPoint","urlTemplate":"https:\/\/marcialiluminacion.es\/?s={search_term_string}"},"query-input":{"@type":"PropertyValueSpecification","valueRequired":true,"valueName":"search_term_string"}}],"inLanguage":"es"}]}},"_links":{"self":[{"href":"https:\/\/marcialiluminacion.es\/index.php\/wp-json\/wp\/v2\/product\/680","targetHints":{"allow":["GET"]}}],"collection":[{"href":"https:\/\/marcialiluminacion.es\/index.php\/wp-json\/wp\/v2\/product"}],"about":[{"href":"https:\/\/marcialiluminacion.es\/index.php\/wp-json\/wp\/v2\/types\/product"}],"replies":[{"embeddable":true,"href":"https:\/\/marcialiluminacion.es\/index.php\/wp-json\/wp\/v2\/comments?post=680"}],"wp:featuredmedia":[{"embeddable":true,"href":"https:\/\/marcialiluminacion.es\/index.php\/wp-json\/wp\/v2\/media\/155"}],"wp:attachment":[{"href":"https:\/\/marcialiluminacion.es\/index.php\/wp-json\/wp\/v2\/media?parent=680"}],"wp:term":[{"taxonomy":"product_brand","embeddable":true,"href":"https:\/\/marcialiluminacion.es\/index.php\/wp-json\/wp\/v2\/product_brand?post=680"},{"taxonomy":"product_cat","embeddable":true,"href":"https:\/\/marcialiluminacion.es\/index.php\/wp-json\/wp\/v2\/product_cat?post=680"},{"taxonomy":"product_tag","embeddable":true,"href":"https:\/\/marcialiluminacion.es\/index.php\/wp-json\/wp\/v2\/product_tag?post=680"}],"curies":[{"name":"wp","href":"https:\/\/api.w.org\/{rel}","templated":true}]}}

<p data-start="0" data-end="63">Es una <strong data-start="7" data-end="62">lámpara colgante de estilo minimalista e industrial</strong>.</p>
<p data-start="65" data-end="300">Consta de un <strong data-start="78" data-end="99">cable negro largo</strong> que desciende desde un <strong data-start="123" data-end="148">florón circular negro</strong> fijado al techo. En el extremo inferior lleva un <strong data-start="198" data-end="226">portalámparas cilíndrico</strong> de acabado <strong data-start="238" data-end="259">gris tipo cemento</strong>, que aporta un aspecto sobrio y moderno.</p>
<p data-start="302" data-end="529">La bombilla es <strong data-start="317" data-end="339">esférica y visible</strong>, con cristal <strong data-start="353" data-end="374">ámbar translúcido</strong>, lo que sugiere una luz <strong data-start="399" data-end="422">cálida y decorativa</strong> (tipo vintage o Edison). No tiene pantalla, por lo que la bombilla es el elemento protagonista del diseño.</p>
<p data-start="531" data-end="746" data-is-last-node="" data-is-only-node="">En conjunto es una lámpara <strong data-start="558" data-end="596">sencilla, elegante y contemporánea</strong>, ideal para <strong data-start="609" data-end="679">salones, cocinas, barras, locales modernos o espacios industriales</strong>, tanto sola como en composición de varias a diferentes alturas.</p>

<!-- This site is optimized with the Yoast SEO plugin v27.2 - https://yoast.com/product/yoast-seo-wordpress/ -->
<title>lampara 102 -</title>
<meta name="robots" content="index, follow, max-snippet:-1, max-image-preview:large, max-video-preview:-1" />
<link rel="canonical" href="https://marcialiluminacion.es/index.php/producto/lampara-102/" />
<meta property="og:locale" content="es_ES" />
<meta property="og:type" content="article" />
<meta property="og:title" content="lampara 102 -" />
<meta property="og:description" content="Es una lámpara colgante de estilo minimalista e industrial.  Consta de un cable negro largo que desciende desde un florón circular negro fijado al techo. En el extremo inferior lleva un portalámparas cilíndrico de acabado gris tipo cemento, que aporta un aspecto sobrio y moderno.  La bombilla es esférica y visible, con cristal ámbar translúcido, lo que sugiere una luz cálida y decorativa (tipo vintage o Edison). No tiene pantalla, por lo que la bombilla es el elemento protagonista del diseño.  En conjunto es una lámpara sencilla, elegante y contemporánea, ideal para salones, cocinas, barras, locales modernos o espacios industriales, tanto sola como en composición de varias a diferentes alturas." />
<meta property="og:url" content="https://marcialiluminacion.es/index.php/producto/lampara-102/" />
<meta property="article:modified_time" content="2026-02-21T10:31:33+00:00" />
<meta name="twitter:card" content="summary_large_image" />
<script type="application/ld+json" class="yoast-schema-graph">{"@context":"https://schema.org","@graph":[{"@type":"WebPage","@id":"https://marcialiluminacion.es/index.php/producto/lampara-102/","url":"https://marcialiluminacion.es/index.php/producto/lampara-102/","name":"lampara 102 -","isPartOf":{"@id":"https://marcialiluminacion.es/#website"},"primaryImageOfPage":{"@id":"https://marcialiluminacion.es/index.php/producto/lampara-102/#primaryimage"},"image":{"@id":"https://marcialiluminacion.es/index.php/producto/lampara-102/#primaryimage"},"thumbnailUrl":"https://marcialiluminacion.es/wp-content/uploads/2026/01/15-2.jpg","datePublished":"2026-02-17T19:44:48+00:00","dateModified":"2026-02-21T10:31:33+00:00","breadcrumb":{"@id":"https://marcialiluminacion.es/index.php/producto/lampara-102/#breadcrumb"},"inLanguage":"es","potentialAction":[{"@type":"ReadAction","target":["https://marcialiluminacion.es/index.php/producto/lampara-102/"]}]},{"@type":"ImageObject","inLanguage":"es","@id":"https://marcialiluminacion.es/index.php/producto/lampara-102/#primaryimage","url":"https://marcialiluminacion.es/wp-content/uploads/2026/01/15-2.jpg","contentUrl":"https://marcialiluminacion.es/wp-content/uploads/2026/01/15-2.jpg","width":853,"height":1000},{"@type":"BreadcrumbList","@id":"https://marcialiluminacion.es/index.php/producto/lampara-102/#breadcrumb","itemListElement":[{"@type":"ListItem","position":1,"name":"Portada","item":"https://marcialiluminacion.es/"},{"@type":"ListItem","position":2,"name":"Tienda","item":"https://marcialiluminacion.es/index.php/tienda/"},{"@type":"ListItem","position":3,"name":"lampara 102"}]},{"@type":"WebSite","@id":"https://marcialiluminacion.es/#website","url":"https://marcialiluminacion.es/","name":"","description":"","potentialAction":[{"@type":"SearchAction","target":{"@type":"EntryPoint","urlTemplate":"https://marcialiluminacion.es/?s={search_term_string}"},"query-input":{"@type":"PropertyValueSpecification","valueRequired":true,"valueName":"search_term_string"}}],"inLanguage":"es"}]}</script>
<!-- / Yoast SEO plugin. -->

Es una lámpara colgante de estilo minimalista e industrial.  Consta de un cable negro largo que desciende desde un florón circular negro fijado al techo. En el extremo inferior lleva un portalámparas cilíndrico de acabado gris tipo cemento, que aporta un aspecto sobrio y moderno.  La bombilla es esférica y visible, con cristal ámbar translúcido, lo que sugiere una luz cálida y decorativa (tipo vintage o Edison). No tiene pantalla, por lo que la bombilla es el elemento protagonista del diseño.  En conjunto es una lámpara sencilla, elegante y contemporánea, ideal para salones, cocinas, barras, locales modernos o espacios industriales, tanto sola como en composición de varias a diferentes alturas.
